-- https://www.phpmyadmin.net/
--
-- Wersja serwera: 10.6.20-MariaDB
-- Wersja PHP: 8.3.15

START TRANSACTION;



-- --------------------------------------------------------

--
-- Struktura tabeli dla tabeli `apartments_desc`
--

CREATE TABLE `apartments_desc` (
  `id` int(8) NOT NULL,
  `id_apartments` int(6) DEFAULT 0,
  `id_lang` tinyint(2) DEFAULT NULL,
  `priority` float DEFAULT 0,
  `title` varchar(250) CHARACTER SET utf8mb3 COLLATE utf8mb3_unicode_ci DEFAULT NULL,
  `description` text DEFAULT NULL,
  `advert` text DEFAULT NULL,
  `niceurl` varchar(250) DEFAULT NULL,
  `visits` int(12) NOT NULL DEFAULT 0,
  `add_date` datetime DEFAULT NULL,
  `add_by` int(3) DEFAULT NULL,
  `mod_date` datetime DEFAULT NULL,
  `mod_by` int(3) DEFAULT NULL,
  `description1` text DEFAULT NULL,
  `description2` text DEFAULT NULL,
  `description3` text DEFAULT NULL
) ENGINE=InnoDB DEFAULT CHARSET=utf8mb3 COLLATE=utf8mb3_general_ci;

--
-- Dumping data for table `apartments_desc`
--

INSERT INTO `apartments_desc` (`id`, `id_apartments`, `id_lang`, `priority`, `title`, `description`, `advert`, `niceurl`, `visits`, `add_date`, `add_by`, `mod_date`, `mod_by`, `description1`, `description2`, `description3`) VALUES
(179, 54, 1, 0, 'Dom Magiczna Oaza', '', NULL, 'dom-magiczna-oaza', 0, '2023-07-27 14:22:45', 1, NULL, NULL, NULL, NULL, NULL),
(180, 55, 1, 0, 'Apartament Strefa Centrum', '', NULL, 'apartament-strefa-centrum', 0, '2023-07-27 14:22:45', 1, NULL, NULL, NULL, NULL, NULL),
(181, 56, 1, 0, 'Apartament w oprawie natury', 'Apartament przy ciekawym parku w Jeleniej Górze. Z widokiem na ogród. Idealny dla 6 osób.', NULL, 'apartament-w-oprawie-natury', 0, '2023-07-27 14:22:45', 1, NULL, NULL, NULL, NULL, NULL),
(182, 57, 1, 0, 'Apartament Singer - 5 osobowy', 'Apartament 5 osobowy - z ogólnodostępną kuchnią w budynku. Bezpośrednio pod Chojnikiem.&nbsp;W trosce o ochronę zdrowia naszych Gości,...', NULL, 'apartament-singer---5-osobowy', 0, '2023-07-27 14:22:45', 1, NULL, NULL, NULL, NULL, NULL),
(183, 58, 1, 0, 'Apartament Malowane Wzgórze', 'Apartament Vinci położony na prestiżowym osiedlu z prywatnym parkingiem.&nbsp;', NULL, 'apartament-malowane-wzgorze', 0, '2023-07-27 14:22:45', 1, NULL, NULL, NULL, NULL, NULL),
(184, 59, 1, 0, 'Domek Naparstek - 4 osobowy', 'W trosce o ochronę zdrowia naszych Gości, pokój po wyjeździe każdego Gościa jest dezynfekowany metodą ozonowania, a następnie wietrzony...', NULL, 'domek-naparstek---4-osobowy', 0, '2023-07-27 14:22:45', 1, NULL, NULL, NULL, NULL, NULL),
(185, 60, 1, 0, 'Freia - 3 osobowy', 'Pokój Freia w Domu Krawca - 3 osobowy. Z dostępem do wspólnej kuchni i jadalni.&nbsp;W trosce o ochronę zdrowia naszych Gości, pokój po...', NULL, 'freia---3-osobowy', 0, '2023-07-27 14:22:45', 1, NULL, NULL, NULL, NULL, NULL),
(186, 61, 1, 0, 'Apartament Foto Loft', '\"Jesteś tym co widzisz\" - niewątpliwie w apartamencie Foto Loft będziesz mógł poczuć się zainspirowany.Ten apartament to idealne miejsce dla...', NULL, 'apartament-foto-loft', 0, '2023-07-27 14:22:45', 1, NULL, NULL, NULL, NULL, NULL),
(187, 62, 1, 0, 'Kohler - 3 osobowy', 'Pokój Kohler w Domu Krawca - 3 osobowy. Z dostępem do wspólnej kuchni i jadalni.&nbsp;W trosce o ochronę zdrowia naszych Gości, pokój po...', NULL, 'kohler---3-osobowy', 0, '2023-07-27 14:22:45', 1, NULL, NULL, NULL, NULL, NULL),
(188, 63, 1, 0, 'Apartament Ratuszowy', '', NULL, 'apartament-ratuszowy', 0, '2023-07-27 14:22:45', 1, NULL, NULL, NULL, NULL, NULL),
(189, 64, 1, 0, 'Wertheim - 3 osobowy', 'Pokój Wertheim w Domu Krawca - 3 osobowy. Z dostępem do wspólnej kuchni i jadalni.&nbsp;W trosce o ochronę zdrowia naszych Gości, pokój po...', NULL, 'wertheim---3-osobowy', 0, '2023-07-27 14:22:45', 1, NULL, NULL, NULL, NULL, NULL),
(190, 65, 1, 0, 'Apartament pod Świerkiem', '', NULL, 'apartament-pod-swierkiem', 0, '2023-07-27 14:22:45', 1, NULL, NULL, NULL, NULL, NULL),
(191, 66, 1, 0, 'Łucznik - 2 osobowy', 'Pokój Łucznik w Domu Krawca - 3 osobowy. Z dostępem do wspólnej kuchni i jadalni.&nbsp;W trosce o ochronę zdrowia naszych Gości, pokój po...', NULL, 'lucznik---2-osobowy', 0, '2023-07-27 14:22:45', 1, NULL, NULL, NULL, NULL, NULL),
(192, 67, 1, 0, 'Apartament Skowronek', '', NULL, 'apartament-skowronek', 0, '2023-07-27 14:22:45', 1, NULL, NULL, NULL, NULL, NULL),
(193, 68, 1, 0, 'Anker - 2 osobowy', 'Pokój Anker w Domu Krawca - 3 osobowy. Z dostępem do wspólnej kuchni i jadalni.&nbsp;W trosce o ochronę zdrowia naszych Gości, pokój po...', NULL, 'anker---2-osobowy', 0, '2023-07-27 14:22:45', 1, NULL, NULL, NULL, NULL, NULL),
(194, 69, 1, 0, 'Apartament AleAntresola', '', NULL, 'apartament-aleantresola', 0, '2023-07-27 14:22:45', 1, NULL, NULL, NULL, NULL, NULL),
(195, 70, 1, 0, 'Apartament Pocztowy', 'Małe przytulne mieszkaniu w starej kamienicy w Centrum Jeleniej Góry! To miejsce jest doskonałe dla osób, które cenią sobie urok i historię...', NULL, 'apartament-pocztowy', 0, '2023-07-27 14:22:45', 1, NULL, NULL, NULL, NULL, NULL),
(196, 71, 1, 0, 'Apartament na Długiej', 'Małe przytulne mieszkaniu w starej kamienicy w Centrum Jeleniej Góry! To miejsce jest doskonałe dla osób, które cenią sobie urok i historię...', NULL, 'apartament-na-dlugiej', 0, '2023-07-27 14:22:45', 1, NULL, NULL, NULL, NULL, NULL),
(198, 73, 1, 0, 'Apartament Strumykowy Zakątek', 'Wyjątkow apartament w urokliwym Karpaczu! To idealne miejsce dla miłośników natury i tych, którzy pragną w pełni cieszyć się urokami tego...', NULL, 'apartament-strumykowy-zakatek', 0, '2023-07-27 14:22:45', 1, NULL, NULL, NULL, NULL, NULL),
(216, 53, 1, 0, 'Apartament Złoty Jelonek', '', 'Apartament Jelonek położony w Centrum Jeleniej G&oacute;ry, na placu Ratuszowym.', 'apartament-zloty-jelonek', 0, '2023-07-28 16:03:05', 1, NULL, NULL, 'Wjazd na parking odbywa się od ul. Drucianej, należy przejechać szlaban i stanąć na wolnym miejscu. Następnie należy podejść do drzwi i wpisać kod. Po wpisaniu kodu proszę nacisnąć # oraz otworzyć dzwi.&nbsp;', 'Po przekroczeniu drzwi od klatki należy wejść na 3 piętro. Drzwi do apartamentu nr. 6 znajdują się po lewej stronie. Następnie należy wpisać kod do skrzynki.', NULL),
(226, 74, 1, 0, 'Apartament Szept Lasu', '', '', 'apartament-szept-lasu', 0, '2023-07-31 13:13:08', 15, NULL, NULL, 'Po przyjechaniu na wskazany adres, należy odnaleźć miejsce parkingowe, kt&oacute;re znajduje się przy klatce. W razie zamkniętego słupka, należy pobrać klucze ze skrytki i otworzyć słupek oraz zająć miejsce parkingowe nr. 10.', 'Apartament znajduje się na 1 piętrze, w korytarzu po lewej stronie. Należy wpisać podany kod, wyciągnąć klucze ze skrzynki. Dzwi nr 10.', NULL),
(227, 72, 1, 0, 'Apartament Rodzinne Zacisze', '', '', 'apartament-rodzinne-zacisze', 0, '2023-11-13 17:55:56', 15, NULL, NULL, 'Należy dojechać do budynku i znaleźć parking o numerze 02. Parking jest widoczny na zdjęciach poniżej.', 'Należy wejść do klatki poziom 0 (wejście widoczne na zdjęciach poniżej). Następnie skręcić korytarzem w lewo oraz dojść do samego końca. Przy drzwiach będzie widoczna plakietka Space Apart. Prosimy wpisać kod do skrzynki, wyciągnąć klucze oraz przemieszać kod.&nbsp;', NULL);

-- --------------------------------------------------------

--
-- Struktura tabeli dla tabeli `attractions`
--

CREATE TABLE `attractions` (
  `id` int(6) NOT NULL,
  `id_type` varchar(200) DEFAULT NULL,
  `photo` varchar(240) DEFAULT NULL,
  `photo_min` varchar(240) DEFAULT NULL,
  `google_x` decimal(25,20) UNSIGNED DEFAULT NULL,
  `google_y` decimal(25,20) UNSIGNED DEFAULT NULL,
  `add_date` datetime DEFAULT NULL,
  `add_by` int(2) DEFAULT NULL,
  `mod_date` datetime DEFAULT NULL,
  `mod_by` int(3) DEFAULT NULL,
  `active` tinyint(1) DEFAULT 1,
  `priority` float DEFAULT 0,
  `city` varchar(50) DEFAULT NULL,
  `address` varchar(160) DEFAULT NULL,
  `zip` varchar(10) DEFAULT NULL,
  `phone` varchar(20) DEFAULT NULL,
  `phone2` varchar(50) DEFAULT NULL,
  `www` varchar(100) DEFAULT NULL,
  `email` varchar(50) DEFAULT NULL,
  `distance` varchar(200) DEFAULT NULL
) ENGINE=InnoDB DEFAULT CHARSET=utf8mb3 COLLATE=utf8mb3_unicode_ci;

--
-- Dumping data for table `attractions`
--

INSERT INTO `attractions` (`id`, `id_type`, `photo`, `photo_min`, `google_x`, `google_y`, `add_date`, `add_by`, `mod_date`, `mod_by`, `active`, `priority`, `city`, `address`, `zip`, `phone`, `phone2`, `www`, `email`, `distance`) VALUES
(10, '', '/img/images/norwida/AdobeStock_212617058.jpg', '/photo/attraction10/molo-w-miedzyzdrojach-pl_min.jpg', NULL, NULL, '2024-07-02 23:38:41', 1, '2024-07-18 23:41:05', 1, 1, 1, NULL, NULL, NULL, NULL, NULL, NULL, NULL, NULL),
(11, '', '/img/Atrakcje/oceanarium.jpg', '/photo/attraction11/oceanarium-pl_min.jpg', NULL, NULL, '2024-07-02 23:39:03', 1, '2024-07-02 23:56:58', 1, 1, 2, NULL, NULL, NULL, NULL, NULL, NULL, NULL, NULL),
(12, '', '/img/Atrakcje/muzeum-figur-woskowych.jpg', '/photo/attraction12/muzeum-figur-woskowych-w-miedzyzdrojach-pl_min.jpg', NULL, NULL, '2024-07-02 23:40:15', 1, '2024-07-29 10:19:05', 1, 1, 3, NULL, NULL, NULL, NULL, NULL, NULL, NULL, NULL),
(13, '', '/img/Atrakcje/wolinski-park.jpg', '/photo/attraction13/wolinski-park-narodowy-pl_min.jpg', NULL, NULL, '2024-07-02 23:41:04', 1, '2024-07-02 23:57:13', 1, 1, 4, NULL, NULL, NULL, NULL, NULL, NULL, NULL, NULL),
(14, '', '/img/Atrakcje/kawcza-gora.jpg', '/photo/attraction14/kawcza-gora-pl_min.jpg', NULL, NULL, '2024-07-02 23:41:21', 1, '2024-07-02 23:57:21', 1, 1, 5, NULL, NULL, NULL, NULL, NULL, NULL, NULL, NULL),
(15, '', '/img/Atrakcje/wolin-kompleks.jpg', '/photo/attraction15/podziemne-miasto-na-wyspie-wolin-pl_min.jpg', NULL, NULL, '2024-07-02 23:42:21', 1, '2024-07-02 23:57:32', 1, 1, 6, NULL, NULL, NULL, NULL, NULL, NULL, NULL, NULL),
(16, '', '/img/Atrakcje/latarnia_morska___winouj__cie2.jpg', '/photo/attraction16/latarnia-morska-w-swinoujsciu-pl_min.jpg', NULL, NULL, '2024-07-02 23:42:43', 1, '2024-07-02 23:57:38', 1, 1, 7, NULL, NULL, NULL, NULL, NULL, NULL, NULL, NULL);

-- --------------------------------------------------------

--
-- Struktura tabeli dla tabeli `attractions_desc`
--

CREATE TABLE `attractions_desc` (
  `id` int(6) NOT NULL,
  `id_attractions` int(8) DEFAULT NULL,
  `id_lang` tinyint(1) DEFAULT 0,
  `title` varchar(200) DEFAULT NULL,
  `advert` varchar(400) DEFAULT NULL,
  `description` text DEFAULT NULL,
  `niceurl` varchar(180) DEFAULT NULL,
  `meta_title` varchar(180) DEFAULT NULL,
  `meta_keywords` varchar(200) DEFAULT NULL,
  `meta_description` varchar(200) DEFAULT NULL,
  `visits` int(10) UNSIGNED DEFAULT 0,
  `add_date` datetime DEFAULT NULL,
  `add_by` int(2) DEFAULT NULL,
  `mod_date` datetime DEFAULT NULL,
  `mod_by` int(3) DEFAULT NULL,
  `active` tinyint(1) DEFAULT 1
) ENGINE=InnoDB DEFAULT CHARSET=utf8mb3 COLLATE=utf8mb3_unicode_ci;

--
-- Dumping data for table `attractions_desc`
--

INSERT INTO `attractions_desc` (`id`, `id_attractions`, `id_lang`, `title`, `advert`, `description`, `niceurl`, `meta_title`, `meta_keywords`, `meta_description`, `visits`, `add_date`, `add_by`, `mod_date`, `mod_by`, `active`) VALUES
(152, 11, 1, 'Oceanarium', '', '<p>To obiekt o powierzchni 3000m2, jest tu możliwość zobaczenia ryb z najdalszych zakątk&oacute;w świata &ndash; drapieżne rekiny i mureny, przepięknie ubarwione ryby raf koralowych &ndash; błazenki, rogatnice, ustniczki oraz słodkowodne piękności &ndash; jesiotry, cichle, arapaimy oraz wiele innych. Jedną z atrakcji jest 16 metrowy p&oacute;ł tunel wypełniony niesamowitymi rybami. W touch poolu w kt&oacute;rym możemy dotknąć żywe ryby, czy paludarium z japońskimi karpiami koi.&nbsp; Zbiorniki wypełnione 220 tonami wody zainteresują nie jedną osobę.</p>\r\n', 'oceanarium-pl', NULL, NULL, NULL, 38, '2024-07-02 23:56:58', 1, NULL, NULL, 1),
(154, 13, 1, 'Woliński Park Narodowy', '', '<p>Woliński Park Narodowy utworzony w 1960 roku obejmuje ochroną część największej polskiej wyspy &ndash; Wolin. Szczeg&oacute;lne walory Parku to: najpiękniejszy odcinek polskiego wybrzeża klifowego, dobrze zachowane lasy bukowe, unikalna - wyspiarska delta Świny, przybrzeżny pas w&oacute;d Bałtyku. Woliński Park Narodowy jest pierwszym w Polsce parkiem morskim. Obecna powierzchnia Parku wynosi 10937 ha, w tym ekosystemy leśne zajmują 4648,53 ha, ekosystemy wodne 4681,41 ha i ekosystemy lądowe nieleśne 1607,46 ha. Ochroną ścisłą objęto obszary o łącznej powierzchni 498,72 ha. Na terenie parku znajduje zagroda Pokazowa Żubr&oacute;w, usytuowana przy zielonym szlaku turystycznym &ndash; z centrum Międzyzdroj&oacute;w jest do niej 1,5 km (30 minut pieszej wycieczki).</p>\r\n', 'wolinski-park-narodowy-pl', NULL, NULL, NULL, 38, '2024-07-02 23:57:13', 1, NULL, NULL, 1),
(155, 14, 1, 'Kawcza Góra', '', '<p>Kawcza G&oacute;ra jest jednym ze wzniesień wału morenowego Pasma Wolińskiego licząca sobie 61 m n.p.m. To zlokalizowane we wschodniej części Międzyzdroj&oacute;w wzniesienie słynie przede wszystkim jako doskonały punkt widokowy. Możemy stamtąd podziwiać plażę w Międzyzdrojach ze słynnym molo, bezkresne wody Morza Bałtyckiego oraz widoczne w oddali niemieckie porty. Nazwa Kawcza G&oacute;ra została wprowadzona parę lat po wojnie. Zastąpiono nią wcześniejszą niemiecką nazwę Kaffe-Berg.</p>\r\n\r\n<p>Punkt widokowy zlokalizowany jest nad samym klifem, na wysokości 56,9 m n.p.m. Dostać można się do niego z plaży drewnianymi schodami o długości 128,5 m i wysokości 51 m. Obecne schody pochodzą z 2013 roku i zastąpiły poprzednie, kt&oacute;re zostały zniszczone w czasie sztormu w 1997.</p>\r\n\r\n<p>Największą atrakcją tego niezwykłego miejsca jest niesamowita panorama na Zatokę Pomorską. To r&oacute;wnież bardzo romantyczne miejsce na długie spacery w otoczeniu przyrody.</p>\r\n', 'kawcza-gora-pl', NULL, NULL, NULL, 38, '2024-07-02 23:57:21', 1, NULL, NULL, 1),
(156, 15, 1, 'Podziemne Miasto na Wyspie Wolin', '', '<p>Historia kompleksu rozpoczyna się w latach trzydziestych ubiegłego wieku. By skutecznie bronić morskiej bazy Kriegsmarine niemieckie dow&oacute;dztwo postanowiło wybudować baterię artylerii nabrzeżnej. Po zakończeniu II wojny światowej poniemieckie schrony zostały przejęte przez Wojsko Polskie a następnie przebudowane na zapasowe stanowisko dowodzenia.&nbsp; To właśnie z tego miejsca jednostki Wojska Polskiego miały być dowodzone w czasie ataku na zach&oacute;d. To na terenie tej bazy miał zostać wydany rozkaz, kt&oacute;ry m&oacute;gł zakończyć się atomową zagładą całego świata.</p>\r\n', 'podziemne-miasto-na-wyspie-wolin-pl', NULL, NULL, NULL, 38, '2024-07-02 23:57:32', 1, NULL, NULL, 1),
(157, 16, 1, 'Latarnia morska w Świnoujściu', '', 'Latarnia morska w Świnoujściu to najwyższa latarnia na polskim wybrzeżu - jej wysokość to prawie 65 metr&oacute;w. Zbudowana została z ż&oacute;łtej cegły, w połowie XIX stulecia na prawym brzegu Świny. Początkowo latarnia miała przekr&oacute;j ośmiokątny, ale ciężkie warunki atmosferyczne panujące w tej okolicy i s&oacute;l morska spowodowały konieczność jej remontu. W jego trakcie, na początku XX wieku na skutek ubytk&oacute;w cegły, zdecydowano o zmianie kształtu przekroju wieży na okrągły. Do wieży latarni przylegają, od południa i p&oacute;łnocy budynki z czerwonej cegły - pomieszczenia załogi i miejsce dla urządzeń radiolatarni, albowiem to r&oacute;wnież radiolatarnia emitująca sygnał radiowy alfabetem Morse`a &quot;SW&quot; - dedykowany dla miasta Świnoujście. Pod koniec XX w. zakończono ostatni remont całego obiektu i w 2000 roku udostępniono latarnię dla zwiedzających. Na taras widokowy wiodą okrągłe kamienne schody.', 'latarnia-morska-w-swinoujsciu-pl', NULL, NULL, NULL, 38, '2024-07-02 23:57:38', 1, NULL, NULL, 1),
(158, 10, 1, 'Molo w Międzyzdrojach', '', '<p>Molo w Międzyzdrojach - o długości 395 m. Historia:&nbsp; W 1885 roku w Międzyzdrojach powstał pierwszy, niewielki drewniany pomost (molo) jako pierwsze w regionie&nbsp; W 1906 roku radca B&ouml;tker (B&ouml;tther) przekazał na budowę mola 250 tys. marek. Zostało ono zbudowane jeszcze w 1906 roku, a 1 lipca miało miejsce jego uroczyste otwarcie. &Oacute;wczesna drewniana konstrukcja mierzyła ponad 300 m. Przez kolejne lata molo służyło jako przystań dla statk&oacute;w pasażerskich ze Szczecina i Świnoujścia. W 1913 roku silny sztorm zniszczył dużą część mola, jednak po roku zostało odbudowane. Podczas I wojny światowej w 1914 saperzy ze Świnoujścia wysadzili obiekt w obawie przed desantem wojsk rosyjskich. W 1920 roku po odbudowie molo miało 200 m. W 1954 roku sztorm zniszczył niemal cały drewniany pomost. W 1961 roku w wyniku pożaru spalił się secesyjny pasaż wiodący na pomost. W 1985 roku z powodu wiatru i oblodzenia pomost został zniszczony, ze względ&oacute;w bezpieczeństwa został zamknięty. Cały pomost został rozebrany w 1989 roku, pozostały jedynie wieżyczki. W 1994 roku z funduszy miejskich rozpoczęto prowadzoną w dw&oacute;ch etapach budowę nowego mola.. Drugi etap to przedłużenie mola do długości 395 m, ukończone pod koniec 2004 roku. Z inicjatywy firmy Adler-Schiffe Polska sp. z o.o, w 2004 roku molo zostało przedłużone o 275 m.</p>\r\n', 'molo-w-miedzyzdrojach-pl', NULL, NULL, NULL, 38, '2024-07-18 23:41:05', 1, NULL, NULL, 1),
(159, 12, 1, 'Muzeum Figur Woskowych w Międzyzdrojach', '', '<p>Najsłynniejsze i najstarsze w Polsce Muzeum Figur Woskowych mieści się właśnie w Międzyzdrojach. Gabinet Figur Woskowych w Międzyzdrojach to świetna atrakcja turystyczna dla urlopowicz&oacute;w w każdym wieku. Zar&oacute;wno dzieci, jak i dorośli będą się tu świetnie bawić. Muzeum nie jest może tak imponujące jak londyńskie muzeum Madame Tussaud, ale zgromadzona tu kolekcja figur woskowych i tak robi wrażenie. Wszystkie postaci zostały wykonane w skali 1:1 z dbałością o każdy szczeg&oacute;ł. Kolekcja zgromadzona w Międzyzdrojach stale się powiększa &ndash; dzisiaj liczy sobie już około 100 woskowych postaci. Można tu spotkać gwiazdy polityki, filmu, muzyki, sportu, a także postaci z film&oacute;w czy bajek. W salach Muzeum Figur Woskowych spotkać można między innymi: Salvadora Dali, Avatara, Jasera Arafata, Pirat&oacute;w z Karaib&oacute;w, Minotaura, Jana Pawła II, Charliego Chaplina, Bogusława Lindę, Barcka Obamę i wielu, wielu innych.</p>\r\n', 'muzeum-figur-woskowych-w-miedzyzdrojach-pl', NULL, NULL, NULL, 30, '2024-07-29 10:19:05', 1, NULL, NULL, 1);

-- --------------------------------------------------------

--
-- Struktura tabeli dla tabeli `banners`
--

CREATE TABLE `banners` (
  `id` int(3) NOT NULL,
  `priority` tinyint(2) DEFAULT NULL,
  `comment` varchar(70) CHARACTER SET utf8mb3 COLLATE utf8mb3_unicode_ci NOT NULL,
  `code` text CHARACTER SET utf8mb3 COLLATE utf8mb3_unicode_ci NOT NULL,
  `link` varchar(150) CHARACTER SET utf8mb3 COLLATE utf8mb3_unicode_ci DEFAULT NULL,
  `window` varchar(30) DEFAULT NULL,
  `visits` int(10) UNSIGNED DEFAULT 0,
  `clicks` int(8) DEFAULT 0,
  `limit_visits` int(8) DEFAULT 0,
  `limit_clicks` int(8) DEFAULT 0,
  `limit_date_from` date DEFAULT NULL,
  `limit_date_to` date DEFAULT NULL,
  `add_date` datetime DEFAULT NULL,
  `add_by` int(3) DEFAULT NULL,
  `mod_date` datetime DEFAULT NULL,
  `mod_by` int(3) DEFAULT NULL,
  `active` tinyint(1) UNSIGNED DEFAULT 1
) ENGINE=InnoDB DEFAULT CHARSET=utf8mb3 COLLATE=utf8mb3_general_ci;

-- --------------------------------------------------------

--
-- Struktura tabeli dla tabeli `banners_lang`
--

CREATE TABLE `banners_lang` (
  `id_banners` int(3) NOT NULL DEFAULT 0,
  `id_lang` int(3) NOT NULL DEFAULT 0,
  `add_date` datetime DEFAULT NULL,
  `add_by` int(3) DEFAULT NULL,
  `mod_date` datetime DEFAULT NULL,
  `mod_by` int(3) DEFAULT NULL,
  `active` tinyint(1) UNSIGNED DEFAULT 1
) ENGINE=InnoDB DEFAULT CHARSET=utf8mb3 COLLATE=utf8mb3_general_ci;

-- --------------------------------------------------------

--
-- Struktura tabeli dla tabeli `banners_position`
--

CREATE TABLE `banners_position` (
  `id_banners` int(3) NOT NULL DEFAULT 0,
  `id_position` int(3) NOT NULL DEFAULT 0,
  `add_date` datetime DEFAULT NULL,
  `add_by` int(3) DEFAULT NULL,
  `mod_date` datetime DEFAULT NULL,
  `mod_by` int(3) DEFAULT NULL,
  `active` tinyint(1) UNSIGNED DEFAULT 1
) ENGINE=InnoDB DEFAULT CHARSET=utf8mb3 COLLATE=utf8mb3_general_ci;

-- --------------------------------------------------------

--
-- Struktura tabeli dla tabeli `banners_stat`
--

CREATE TABLE `banners_stat` (
  `id` int(8) NOT NULL,
  `id_banners` int(3) DEFAULT NULL,
  `date` date DEFAULT NULL,
  `visits` int(6) UNSIGNED DEFAULT 0,
  `clicks` int(6) DEFAULT 0
) ENGINE=InnoDB DEFAULT CHARSET=utf8mb3 COLLATE=utf8mb3_unicode_ci;

-- --------------------------------------------------------

--
-- Struktura tabeli dla tabeli `carousel`
--

CREATE TABLE `carousel` (
  `id` int(4) NOT NULL,
  `id_lang` tinyint(2) DEFAULT NULL,
  `priority` tinyint(1) DEFAULT NULL,
  `photo` varchar(200) CHARACTER SET utf8mb3 COLLATE utf8mb3_unicode_ci DEFAULT NULL,
  `photo_min` varchar(255) DEFAULT NULL,
  `backphoto` varchar(250) DEFAULT NULL,
  `icon` varchar(200) DEFAULT NULL,
  `link` varchar(200) DEFAULT NULL,
  `title` varchar(200) CHARACTER SET utf8mb3 COLLATE utf8mb3_unicode_ci DEFAULT NULL,
  `description` text CHARACTER SET utf8mb3 COLLATE utf8mb3_unicode_ci DEFAULT NULL,
  `box1_content` varchar(400) DEFAULT NULL,
  `box1_photo` varchar(200) DEFAULT NULL,
  `box1_link` varchar(120) DEFAULT NULL,
  `box2_content` varchar(400) DEFAULT NULL,
  `box2_photo` varchar(200) DEFAULT NULL,
  `box2_link` varchar(120) DEFAULT NULL,
  `box3_content` varchar(400) DEFAULT NULL,
  `box3_photo` varchar(200) DEFAULT NULL,
  `box3_link` varchar(120) DEFAULT NULL,
  `add_date` datetime DEFAULT NULL,
  `add_by` int(3) DEFAULT NULL,
  `mod_date` datetime DEFAULT NULL,
  `mod_by` int(3) DEFAULT NULL,
  `active` tinyint(1) UNSIGNED DEFAULT 1,
  `idmenu` int(255) DEFAULT NULL
) ENGINE=InnoDB DEFAULT CHARSET=utf8mb3 COLLATE=utf8mb3_general_ci;

--
-- Dumping data for table `carousel`
--

INSERT INTO `carousel` (`id`, `id_lang`, `priority`, `photo`, `photo_min`, `backphoto`, `icon`, `link`, `title`, `description`, `box1_content`, `box1_photo`, `box1_link`, `box2_content`, `box2_photo`, `box2_link`, `box3_content`, `box3_photo`, `box3_link`, `add_date`, `add_by`, `mod_date`, `mod_by`, `active`, `idmenu`) VALUES
(115, 1, 1, '/img/images/norwida/StandardPlus6B/PF6_8835.jpg', '', NULL, NULL, '', 'Apartamenty idealne na udany urlop', '', NULL, NULL, NULL, NULL, NULL, NULL, NULL, NULL, NULL, '2023-02-27 22:19:31', 1, '2024-07-02 15:20:02', 1, 1, 946),
(116, 1, 2, '/img/images/norwida/4b/PF6_8880.jpg', '', NULL, NULL, '', 'Miejsca parkingowe w garażu podziemnym', '', NULL, NULL, NULL, NULL, NULL, NULL, NULL, NULL, NULL, '2023-02-27 22:20:30', 1, '2024-07-02 15:20:33', 1, 1, 946),
(117, 1, 1, '/img/images/vittoria/3ROOMSUPERIORbezbalkonu/Rondo_Miedzyzdroje_2048px-233.jpg', '', NULL, NULL, '', 'Apartamenty idealne na udany urlop', '', NULL, NULL, NULL, NULL, NULL, NULL, NULL, NULL, NULL, '2024-07-02 21:53:59', 1, NULL, NULL, 1, 947),
(118, 1, 2, '/img/images/norwida/StandardPlus6B/PF6_8880.jpg', '', NULL, NULL, '', 'Miejsca parkingowe w garażu podziemnym', '', NULL, NULL, NULL, NULL, NULL, NULL, NULL, NULL, NULL, '2024-07-02 21:57:11', 1, NULL, NULL, 1, 947);

-- --------------------------------------------------------

--
-- Struktura tabeli dla tabeli `categories`
--

CREATE TABLE `categories` (
  `id` int(4) NOT NULL,
  `parent_id` int(4) DEFAULT 0,
  `priority` float DEFAULT 0,
  `href` varchar(200) CHARACTER SET utf8mb3 COLLATE utf8mb3_unicode_ci DEFAULT NULL,
  `class` varchar(30) CHARACTER SET utf8mb3 COLLATE utf8mb3_unicode_ci DEFAULT NULL,
  `photo` varchar(200) CHARACTER SET utf8mb3 COLLATE utf8mb3_unicode_ci DEFAULT NULL,
  `photo_min` varchar(300) DEFAULT NULL,
  `add_date` datetime DEFAULT NULL,
  `add_by` int(3) DEFAULT NULL,
  `mod_date` datetime DEFAULT NULL,
  `mod_by` int(3) DEFAULT NULL,
  `active` tinyint(1) UNSIGNED DEFAULT 1
) ENGINE=InnoDB DEFAULT CHARSET=utf8mb3 COLLATE=utf8mb3_general_ci;

-- --------------------------------------------------------

--
-- Struktura tabeli dla tabeli `categories_desc`
--

CREATE TABLE `categories_desc` (
  `id` int(6) NOT NULL,
  `id_categories` int(8) DEFAULT NULL,
  `id_lang` tinyint(1) DEFAULT 0,
  `title` varchar(200) DEFAULT NULL,
  `advert` varchar(400) DEFAULT NULL,
  `description` text DEFAULT NULL,
  `niceurl` varchar(180) DEFAULT NULL,
  `visits` int(10) UNSIGNED DEFAULT 0,
  `add_date` datetime DEFAULT NULL,
  `add_by` int(2) DEFAULT NULL,
  `mod_date` datetime DEFAULT NULL,
  `mod_by` int(3) DEFAULT NULL,
  `active` tinyint(1) DEFAULT 1
) ENGINE=InnoDB DEFAULT CHARSET=utf8mb3 COLLATE=utf8mb3_unicode_ci;

-- --------------------------------------------------------

--
-- Struktura tabeli dla tabeli `conference`
--

CREATE TABLE `conference` (
  `id` int(6) NOT NULL,
  `photo` varchar(240) DEFAULT NULL,
  `photo_min` varchar(200) DEFAULT NULL,
  `priority` int(3) DEFAULT NULL,
  `add_date` datetime DEFAULT NULL,
  `add_by` int(2) DEFAULT NULL,
  `mod_date` datetime DEFAULT NULL,
  `mod_by` int(3) DEFAULT NULL,
  `active` tinyint(1) DEFAULT 1,
  `bench_person` varchar(25) DEFAULT NULL,
  `round_person` varchar(25) DEFAULT NULL,
  `single_person` varchar(50) DEFAULT NULL,
  `max_person` varchar(50) DEFAULT NULL
) ENGINE=InnoDB DEFAULT CHARSET=utf8mb3 COLLATE=utf8mb3_unicode_ci;

-- --------------------------------------------------------

--
-- Struktura tabeli dla tabeli `conference_desc`
--

CREATE TABLE `conference_desc` (
  `id` int(6) NOT NULL,
  `id_conference` int(8) DEFAULT NULL,
  `id_lang` tinyint(1) DEFAULT 0,
  `title` varchar(200) DEFAULT NULL,
  `advert` varchar(400) DEFAULT NULL,
  `description` text DEFAULT NULL,
  `niceurl` varchar(180) DEFAULT NULL,
  `meta_title` varchar(180) DEFAULT NULL,
  `meta_keywords` varchar(200) DEFAULT NULL,
  `meta_description` varchar(200) DEFAULT NULL,
  `visits` int(10) UNSIGNED DEFAULT 0,
  `add_date` datetime DEFAULT NULL,
  `add_by` int(2) DEFAULT NULL,
  `mod_date` datetime DEFAULT NULL,
  `mod_by` int(3) DEFAULT NULL,
  `active` tinyint(1) DEFAULT 1
) ENGINE=InnoDB DEFAULT CHARSET=utf8mb3 COLLATE=utf8mb3_unicode_ci;

--
-- Dumping data for table `conference_desc`
--

INSERT INTO `conference_desc` (`id`, `id_conference`, `id_lang`, `title`, `advert`, `description`, `niceurl`, `meta_title`, `meta_keywords`, `meta_description`, `visits`, `add_date`, `add_by`, `mod_date`, `mod_by`, `active`) VALUES
(1, 0, 1, 'test', '', 'test', 'test-pl', NULL, NULL, NULL, 0, '2020-10-09 14:40:46', 1, NULL, NULL, 1),
(2, 0, 6, '', '', '', 'en', NULL, NULL, NULL, 0, '2020-10-09 14:40:46', 1, NULL, NULL, 1),
(3, 0, 10, '', '', '', 'ru', NULL, NULL, NULL, 0, '2020-10-09 14:40:46', 1, NULL, NULL, 1),
(4, 0, 11, '', '', '', 'de', NULL, NULL, NULL, 0, '2020-10-09 14:40:46', 1, NULL, NULL, 1),
(5, 0, 12, '', '', '', 'ua', NULL, NULL, NULL, 0, '2020-10-09 14:40:46', 1, NULL, NULL, 1),
(6, 0, 1, 'Opinie', 'Wakacje 2020', 'sdfsdfsdfsdfds', 'opinie-pl', NULL, NULL, NULL, 0, '2020-10-09 14:41:06', 1, NULL, NULL, 1),
(7, 0, 6, '', '', '', 'en', NULL, NULL, NULL, 0, '2020-10-09 14:41:06', 1, NULL, NULL, 1),
(8, 0, 10, '', '', '', 'ru', NULL, NULL, NULL, 0, '2020-10-09 14:41:06', 1, NULL, NULL, 1),
(9, 0, 11, '', '', '', 'de', NULL, NULL, NULL, 0, '2020-10-09 14:41:06', 1, NULL, NULL, 1),
(10, 0, 12, '', '', '', 'ua', NULL, NULL, NULL, 0, '2020-10-09 14:41:06', 1, NULL, NULL, 1);

-- --------------------------------------------------------

--
-- Struktura tabeli dla tabeli `dict`
--

CREATE TABLE `dict` (
  `id` int(4) NOT NULL,
  `identifier` varchar(30) CHARACTER SET utf8mb3 COLLATE utf8mb3_unicode_ci DEFAULT NULL,
  `description` varchar(100) CHARACTER SET utf8mb3 COLLATE utf8mb3_unicode_ci DEFAULT NULL,
  `add_date` datetime DEFAULT NULL,
  `add_by` int(3) DEFAULT NULL,
  `mod_date` datetime DEFAULT NULL,
  `mod_by` int(3) DEFAULT NULL,
  `active` tinyint(1) UNSIGNED DEFAULT 1
) ENGINE=InnoDB DEFAULT CHARSET=utf8mb3 COLLATE=utf8mb3_general_ci;

--
-- Dumping data for table `dict`
--

INSERT INTO `dict` (`id`, `identifier`, `description`, `add_date`, `add_by`, `mod_date`, `mod_by`, `active`) VALUES
(1, 'menutypes', 'typy menu', '2015-06-23 13:09:36', 1, NULL, NULL, 1),
(3, 'news-type', 'Typy blog', '2020-10-06 11:07:10', 1, '2020-10-06 12:08:05', 1, 1),
(9, 'packages-type', 'Pakiety - typy', '2020-11-12 14:33:15', 1, '2020-11-12 15:05:41', 1, 1);

-- --------------------------------------------------------

--
-- Struktura tabeli dla tabeli `dict_items`
--

CREATE TABLE `dict_items` (
  `id` int(6) NOT NULL,
  `id_dict` int(4) NOT NULL,
  `identifier` varchar(30) DEFAULT NULL,
  `photo` varchar(200) CHARACTER SET utf8mb3 COLLATE utf8mb3_unicode_ci DEFAULT NULL,
  `color` varchar(10) DEFAULT NULL,
  `priority` int(2) DEFAULT 0,
  `add_date` datetime DEFAULT NULL,
  `add_by` int(3) DEFAULT NULL,
  `mod_date` datetime DEFAULT NULL,
  `mod_by` int(3) DEFAULT NULL,
  `active` tinyint(1) UNSIGNED DEFAULT 1,
  `photo1` varchar(200) DEFAULT NULL
) ENGINE=InnoDB DEFAULT CHARSET=utf8mb3 COLLATE=utf8mb3_general_ci;

--
-- Dumping data for table `dict_items`
--

INSERT INTO `dict_items` (`id`, `id_dict`, `identifier`, `photo`, `color`, `priority`, `add_date`, `add_by`, `mod_date`, `mod_by`, `active`, `photo1`) VALUES
(1, 1, 'main', '', NULL, 1, '2016-02-17 21:29:03', 1, NULL, NULL, 1, NULL),
(10, 8, '', '', NULL, 0, '2020-10-07 13:21:45', 1, '2020-11-18 08:17:15', 1, 1, ''),
(11, 7, '', '', NULL, 0, '2020-10-07 13:23:18', 1, '2020-11-17 09:49:40', 1, 1, ''),
(14, 5, '', '', NULL, 0, '2020-10-07 13:24:52', 1, '2020-11-17 09:55:49', 1, 1, ''),
(15, 4, '', '', NULL, 0, '2020-10-07 13:41:10', 1, '2020-11-17 09:40:56', 1, 1, ''),
(16, 4, '', '', NULL, 0, '2020-10-07 13:41:30', 1, '2020-11-17 09:41:28', 1, 1, ''),
(17, 4, '', '', NULL, 0, '2020-10-07 13:41:41', 1, '2020-11-17 09:41:12', 1, 1, ''),
(18, 4, '', '', NULL, 0, '2020-10-07 13:41:57', 1, '2020-11-17 09:42:34', 1, 1, ''),
(19, 4, '', '', NULL, 0, '2020-10-07 13:42:16', 1, '2020-11-17 09:44:18', 1, 1, ''),
(20, 4, '', '', NULL, 0, '2020-10-07 13:42:34', 1, '2020-11-17 09:45:31', 1, 1, ''),
(21, 4, '', '', NULL, 0, '2020-10-07 13:42:44', 1, '2020-11-17 09:46:33', 1, 1, ''),
(22, 4, '', '', NULL, 0, '2020-10-07 13:42:57', 1, '2020-11-17 09:47:42', 1, 1, ''),
(23, 7, '', '', NULL, 0, '2020-10-07 13:44:25', 1, '2020-11-17 09:50:22', 1, 1, ''),
(24, 7, '', '', NULL, 0, '2020-10-07 13:44:42', 1, '2020-11-17 09:51:01', 1, 1, ''),
(25, 7, '', '', NULL, 0, '2020-10-07 13:45:00', 1, '2020-11-17 09:51:46', 1, 1, ''),
(26, 7, '', '', NULL, 0, '2020-10-07 13:45:08', 1, '2020-11-17 09:52:37', 1, 1, ''),
(27, 7, '', '', NULL, 0, '2020-10-07 13:45:17', 1, '2020-11-17 09:53:29', 1, 1, ''),
(28, 5, '', '', NULL, 0, '2020-10-07 13:46:55', 1, '2020-11-17 09:56:27', 1, 1, ''),
(29, 5, '', '', NULL, 0, '2020-10-07 13:47:08', 1, '2020-11-17 09:57:04', 1, 1, ''),
(30, 5, '', '', NULL, 0, '2020-10-07 13:47:19', 1, '2020-11-17 09:57:51', 1, 1, ''),
(31, 5, '', '', NULL, 0, '2020-10-07 13:48:44', 1, '2020-11-17 09:58:44', 1, 1, ''),
(32, 5, '', '', NULL, 0, '2020-10-07 13:48:56', 1, '2020-11-17 09:59:26', 1, 1, ''),
(33, 5, '', '', NULL, 0, '2020-10-07 13:49:05', 1, '2020-11-17 10:00:16', 1, 1, ''),
(34, 5, '', '', NULL, 0, '2020-10-07 13:49:14', 1, '2020-11-17 10:00:55', 1, 1, ''),
(35, 8, '', '', NULL, 1, '2020-10-07 13:51:16', 1, '2020-11-18 08:17:35', 1, 1, ''),
(36, 8, '', '', NULL, 2, '2020-10-07 13:52:00', 1, '2020-11-18 08:17:45', 1, 1, ''),
(37, 8, '', '', NULL, 3, '2020-10-07 13:52:34', 1, '2020-11-18 08:18:00', 1, 1, ''),
(38, 8, '', '', NULL, 4, '2020-10-07 13:52:43', 1, '2020-11-18 08:18:17', 1, 1, ''),
(39, 8, '', '', NULL, 5, '2020-10-07 13:52:54', 1, '2020-11-18 08:18:29', 1, 1, ''),
(40, 8, '', '', NULL, 6, '2020-10-07 13:53:03', 1, '2020-11-18 08:18:43', 1, 1, ''),
(41, 8, '', '', NULL, 7, '2020-10-07 13:53:10', 1, '2020-11-18 08:18:54', 1, 1, ''),
(42, 8, '', '', NULL, 8, '2020-10-07 13:53:44', 1, '2020-11-18 08:19:07', 1, 1, ''),
(43, 8, '', '', NULL, 9, '2020-10-07 13:53:56', 1, '2020-11-18 08:19:18', 1, 1, ''),
(44, 8, '', '', NULL, 10, '2020-10-07 13:54:04', 1, '2020-11-18 08:19:39', 1, 1, ''),
(45, 8, '', '', NULL, 11, '2020-10-07 13:54:14', 1, '2020-11-18 08:19:56', 1, 1, ''),
(46, 8, '', '', NULL, 12, '2020-10-07 13:54:23', 1, '2020-11-18 08:21:02', 1, 1, ''),
(47, 8, '', '', NULL, 13, '2020-10-07 13:54:33', 1, '2020-11-18 08:21:54', 1, 1, ''),
(48, 8, '', '', NULL, 14, '2020-10-07 13:54:41', 1, '2020-11-18 08:22:30', 1, 1, ''),
(49, 8, '', '', NULL, 15, '2020-10-07 13:54:48', 1, '2020-11-18 08:22:43', 1, 1, ''),
(50, 8, '', '', NULL, 16, '2020-10-07 13:56:20', 1, '2020-11-18 08:23:03', 1, 1, ''),
(51, 8, '', '', NULL, 17, '2020-10-07 13:56:28', 1, '2020-11-18 08:23:26', 1, 1, ''),
(52, 8, '', '', NULL, 18, '2020-10-07 13:56:36', 1, '2020-11-18 08:23:58', 1, 1, ''),
(53, 8, '', '', NULL, 19, '2020-10-07 13:56:44', 1, '2020-11-18 08:24:39', 1, 1, ''),
(54, 8, '', '', NULL, 20, '2020-10-07 13:56:54', 1, '2020-11-18 08:27:42', 1, 1, ''),
(55, 8, '', '', NULL, 21, '2020-10-07 13:57:02', 1, '2020-11-18 08:27:36', 1, 1, ''),
(56, 8, '', '', NULL, 22, '2020-10-07 13:57:09', 1, '2020-11-18 08:27:25', 1, 1, ''),
(57, 8, '', '', NULL, 23, '2020-10-07 13:57:20', 1, '2020-11-18 08:27:13', 1, 1, ''),
(58, 8, '', '', NULL, 24, '2020-10-07 13:57:33', 1, '2020-11-18 08:26:58', 1, 1, ''),
(59, 8, '', '', NULL, 25, '2020-10-07 13:57:43', 1, '2020-11-18 08:26:38', 1, 1, ''),
(60, 8, '', '', NULL, 26, '2020-10-07 13:57:50', 1, '2020-11-18 08:26:12', 1, 1, ''),
(61, 8, '', '', NULL, 28, '2020-10-07 13:57:58', 1, '2020-11-18 08:25:59', 1, 1, ''),
(62, 8, '', '', NULL, 29, '2020-10-07 13:58:07', 1, '2020-11-18 08:25:48', 1, 1, ''),
(63, 8, '', '', NULL, 99, '2020-11-12 08:21:04', 1, '2020-11-17 10:12:45', 1, 0, ''),
(65, 9, '', '/img/all_photo/galeria/okolica/DSC_2822mae.jpg', NULL, 1, '2020-11-12 14:49:35', 1, '2020-11-18 08:41:44', 1, 1, '/img/images/dict/packages/wakacje.svg'),
(66, 9, '', '/img/all_photo/galeria/okolica/DSC_1067.jpg', NULL, 2, '2020-11-12 14:50:33', 1, '2020-11-18 08:41:51', 1, 1, '/img/images/dict/packages/rodzinne.svg'),
(67, 9, '', '/img/all_photo/galeria/rehabilitacja/MasaWellsystemHydroJetMedical.jpg', NULL, 3, '2020-11-12 14:52:14', 1, '2020-11-18 08:42:10', 1, 1, '/img/images/dict/packages/dlazdrowia.svg'),
(68, 9, '', '/img/all_photo/galeria/spaiwellness/d.jpg', NULL, 4, '2020-11-12 14:54:28', 1, '2020-11-18 08:42:25', 1, 1, '/img/images/dict/packages/spawellness.svg'),
(69, 9, '', '/img/all_photo/galeria/imprezy/DSC04610_cmyk.jpg', NULL, 5, '2020-11-12 14:57:39', 1, '2020-11-18 08:42:48', 1, 1, '/img/images/dict/packages/romantyczne.svg'),
(70, 9, NULL, '/img/all_photo/galeria/biznes/salakonferencyjna_2.jpg', NULL, 7, '2020-11-12 15:02:42', 1, '2020-11-18 08:43:03', 1, 1, '/img/images/dict/packages/konferencje.svg'),
(71, 9, NULL, '', NULL, 0, '2020-11-12 15:03:43', 1, '2020-11-12 15:04:33', 1, 0, ''),
(72, 9, NULL, '', NULL, 0, '2020-11-12 15:04:40', 1, NULL, NULL, 1, ''),
(73, 10, NULL, '', NULL, 0, '2020-11-12 16:16:38', 1, NULL, NULL, 1, ''),
(74, 10, NULL, '', NULL, 0, '2020-11-12 16:16:45', 1, '2020-11-12 16:16:49', 1, 1, ''),
(75, 10, NULL, '', NULL, 0, '2020-11-12 16:17:00', 1, NULL, NULL, 1, ''),
(76, 10, NULL, '', NULL, 0, '2020-11-12 16:17:17', 1, NULL, NULL, 1, ''),
(77, 10, NULL, '', NULL, 0, '2020-11-12 16:17:26', 1, '2020-11-12 16:17:40', 1, 1, ''),
(78, 10, NULL, '', NULL, 0, '2020-11-12 16:17:34', 1, NULL, NULL, 1, ''),
(79, 10, NULL, '', NULL, 0, '2020-11-12 16:17:49', 1, '2020-11-12 16:19:16', 1, 1, ''),
(80, 11, NULL, '', NULL, 0, '2020-11-12 19:12:19', 1, NULL, NULL, 1, ''),
(81, 11, NULL, '', NULL, 0, '2020-11-12 19:12:26', 1, NULL, NULL, 1, ''),
(82, 11, NULL, '', NULL, 0, '2020-11-12 20:34:40', 1, NULL, NULL, 1, ''),
(83, 11, NULL, '', NULL, 0, '2020-11-12 20:34:47', 1, NULL, NULL, 1, ''),
(84, 11, NULL, '', NULL, 0, '2020-11-12 20:34:54', 1, NULL, NULL, 1, ''),
(85, 11, NULL, '', NULL, 0, '2020-11-12 20:35:02', 1, NULL, NULL, 1, ''),
(86, 11, NULL, '', NULL, 0, '2020-11-12 20:35:09', 1, NULL, NULL, 1, ''),
(87, 11, NULL, '', NULL, 0, '2020-11-12 20:35:16', 1, NULL, NULL, 1, ''),
(88, 11, NULL, '', NULL, 0, '2020-11-12 20:35:23', 1, NULL, NULL, 1, ''),
(89, 11, NULL, '', NULL, 0, '2020-11-12 20:35:29', 1, NULL, NULL, 1, '');

-- --------------------------------------------------------

--
-- Struktura tabeli dla tabeli `dict_items_desc`
--

CREATE TABLE `dict_items_desc` (
  `id` int(8) NOT NULL,
  `id_dict_items` int(6) DEFAULT 0,
  `id_lang` tinyint(2) DEFAULT NULL,
  `priority` float DEFAULT 0,
  `title` varchar(100) CHARACTER SET utf8mb3 COLLATE utf8mb3_unicode_ci DEFAULT NULL,
  `add_date` datetime DEFAULT NULL,
  `add_by` int(3) DEFAULT NULL,
  `mod_date` datetime DEFAULT NULL,
  `mod_by` int(3) DEFAULT NULL,
  `niceurl` varchar(300) DEFAULT NULL
) ENGINE=InnoDB DEFAULT CHARSET=utf8mb3 COLLATE=utf8mb3_general_ci;

--
-- Dumping data for table `dict_items_desc`
--

INSERT INTO `dict_items_desc` (`id`, `id_dict_items`, `id_lang`, `priority`, `title`, `add_date`, `add_by`, `mod_date`, `mod_by`, `niceurl`) VALUES
(1, 1, 1, 0, 'Menu główne', '2016-02-17 21:29:03', 1, NULL, NULL, NULL),
(2, 1, 2, 0, 'Menu główne', '2016-02-17 21:29:03', 1, NULL, NULL, NULL),
(3, 1, 3, 0, 'Menu główne', '2016-02-17 21:29:03', 1, NULL, NULL, NULL),
(344, 73, 1, 0, 'Recepcja', '2020-11-12 16:16:38', 1, NULL, NULL, 'recepcja'),
(345, 73, 6, 0, '', '2020-11-12 16:16:38', 1, NULL, NULL, ''),
(346, 73, 10, 0, '', '2020-11-12 16:16:38', 1, NULL, NULL, ''),
(347, 73, 11, 0, '', '2020-11-12 16:16:38', 1, NULL, NULL, ''),
(348, 73, 12, 0, '', '2020-11-12 16:16:38', 1, NULL, NULL, ''),
(354, 74, 1, 0, 'Biuro, marketing', '2020-11-12 16:16:49', 1, NULL, NULL, 'biuro marketing'),
(355, 74, 6, 0, '', '2020-11-12 16:16:49', 1, NULL, NULL, ''),
(356, 74, 10, 0, '', '2020-11-12 16:16:49', 1, NULL, NULL, ''),
(357, 74, 11, 0, '', '2020-11-12 16:16:49', 1, NULL, NULL, ''),
(358, 74, 12, 0, '', '2020-11-12 16:16:49', 1, NULL, NULL, ''),
(359, 75, 1, 0, 'Ratownik wodny', '2020-11-12 16:17:00', 1, NULL, NULL, 'ratownik wodny'),
(360, 75, 6, 0, '', '2020-11-12 16:17:00', 1, NULL, NULL, ''),
(361, 75, 10, 0, '', '2020-11-12 16:17:00', 1, NULL, NULL, ''),
(362, 75, 11, 0, '', '2020-11-12 16:17:00', 1, NULL, NULL, ''),
(363, 75, 12, 0, '', '2020-11-12 16:17:00', 1, NULL, NULL, ''),
(364, 76, 1, 0, 'Personel medyczny, Spa & Wellness', '2020-11-12 16:17:17', 1, NULL, NULL, 'personel medyczny spa  wellness'),
(365, 76, 6, 0, '', '2020-11-12 16:17:17', 1, NULL, NULL, ''),
(366, 76, 10, 0, '', '2020-11-12 16:17:17', 1, NULL, NULL, ''),
(367, 76, 11, 0, '', '2020-11-12 16:17:17', 1, NULL, NULL, ''),
(368, 76, 12, 0, '', '2020-11-12 16:17:17', 1, NULL, NULL, ''),
(374, 78, 1, 0, 'Pracownik Obsługi', '2020-11-12 16:17:34', 1, NULL, NULL, 'pracownik obslugi'),
(375, 78, 6, 0, '', '2020-11-12 16:17:34', 1, NULL, NULL, ''),
(376, 78, 10, 0, '', '2020-11-12 16:17:34', 1, NULL, NULL, ''),
(377, 78, 11, 0, '', '2020-11-12 16:17:34', 1, NULL, NULL, ''),
(378, 78, 12, 0, '', '2020-11-12 16:17:34', 1, NULL, NULL, ''),
(379, 77, 1, 0, 'Praca sezonowa', '2020-11-12 16:17:40', 1, NULL, NULL, 'praca sezonowa'),
(380, 77, 6, 0, '', '2020-11-12 16:17:40', 1, NULL, NULL, ''),
(381, 77, 10, 0, '', '2020-11-12 16:17:40', 1, NULL, NULL, ''),
(382, 77, 11, 0, '', '2020-11-12 16:17:40', 1, NULL, NULL, ''),
(383, 77, 12, 0, '', '2020-11-12 16:17:40', 1, NULL, NULL, ''),
(389, 79, 1, 0, 'Pracownik techniczny', '2020-11-12 16:19:16', 1, NULL, NULL, 'pracownik techniczny'),
(390, 79, 6, 0, '', '2020-11-12 16:19:16', 1, NULL, NULL, ''),
(391, 79, 10, 0, '', '2020-11-12 16:19:16', 1, NULL, NULL, ''),
(392, 79, 11, 0, '', '2020-11-12 16:19:16', 1, NULL, NULL, ''),
(393, 79, 12, 0, '', '2020-11-12 16:19:16', 1, NULL, NULL, ''),
(394, 80, 1, 0, 'Resort', '2020-11-12 19:12:19', 1, NULL, NULL, 'resort'),
(395, 80, 6, 0, '', '2020-11-12 19:12:19', 1, NULL, NULL, ''),
(396, 80, 10, 0, '', '2020-11-12 19:12:19', 1, NULL, NULL, ''),
(397, 80, 11, 0, '', '2020-11-12 19:12:19', 1, NULL, NULL, ''),
(398, 80, 12, 0, '', '2020-11-12 19:12:19', 1, NULL, NULL, ''),
(399, 81, 1, 0, 'Aquapark', '2020-11-12 19:12:26', 1, NULL, NULL, 'aquapark'),
(400, 81, 6, 0, '', '2020-11-12 19:12:26', 1, NULL, NULL, ''),
(401, 81, 10, 0, '', '2020-11-12 19:12:26', 1, NULL, NULL, ''),
(402, 81, 11, 0, '', '2020-11-12 19:12:26', 1, NULL, NULL, ''),
(403, 81, 12, 0, '', '2020-11-12 19:12:26', 1, NULL, NULL, ''),
(404, 82, 1, 0, 'Dzieci', '2020-11-12 20:34:40', 1, NULL, NULL, 'dzieci'),
(405, 82, 6, 0, '', '2020-11-12 20:34:40', 1, NULL, NULL, ''),
(406, 82, 10, 0, '', '2020-11-12 20:34:40', 1, NULL, NULL, ''),
(407, 82, 11, 0, '', '2020-11-12 20:34:40', 1, NULL, NULL, ''),
(408, 82, 12, 0, '', '2020-11-12 20:34:40', 1, NULL, NULL, ''),
(409, 83, 1, 0, 'Pokoje', '2020-11-12 20:34:47', 1, NULL, NULL, 'pokoje'),
(410, 83, 6, 0, '', '2020-11-12 20:34:47', 1, NULL, NULL, ''),
(411, 83, 10, 0, '', '2020-11-12 20:34:47', 1, NULL, NULL, ''),
(412, 83, 11, 0, '', '2020-11-12 20:34:47', 1, NULL, NULL, ''),
(413, 83, 12, 0, '', '2020-11-12 20:34:47', 1, NULL, NULL, ''),
(414, 84, 1, 0, 'Restauracje', '2020-11-12 20:34:54', 1, NULL, NULL, 'restauracje'),
(415, 84, 6, 0, '', '2020-11-12 20:34:54', 1, NULL, NULL, ''),
(416, 84, 10, 0, '', '2020-11-12 20:34:54', 1, NULL, NULL, ''),
(417, 84, 11, 0, '', '2020-11-12 20:34:54', 1, NULL, NULL, ''),
(418, 84, 12, 0, '', '2020-11-12 20:34:54', 1, NULL, NULL, ''),
(419, 85, 1, 0, 'Spa i Wellness', '2020-11-12 20:35:02', 1, NULL, NULL, 'spa-i-wellness'),
(420, 85, 6, 0, '', '2020-11-12 20:35:02', 1, NULL, NULL, ''),
(421, 85, 10, 0, '', '2020-11-12 20:35:02', 1, NULL, NULL, ''),
(422, 85, 11, 0, '', '2020-11-12 20:35:02', 1, NULL, NULL, ''),
(423, 85, 12, 0, '', '2020-11-12 20:35:02', 1, NULL, NULL, ''),
(424, 86, 1, 0, 'Rehabilitacja', '2020-11-12 20:35:09', 1, NULL, NULL, 'rehabilitacja'),
(425, 86, 6, 0, '', '2020-11-12 20:35:09', 1, NULL, NULL, ''),
(426, 86, 10, 0, '', '2020-11-12 20:35:09', 1, NULL, NULL, ''),
(427, 86, 11, 0, '', '2020-11-12 20:35:09', 1, NULL, NULL, ''),
(428, 86, 12, 0, '', '2020-11-12 20:35:09', 1, NULL, NULL, ''),
(429, 87, 1, 0, 'Biznes', '2020-11-12 20:35:16', 1, NULL, NULL, 'biznes'),
(430, 87, 6, 0, '', '2020-11-12 20:35:16', 1, NULL, NULL, ''),
(431, 87, 10, 0, '', '2020-11-12 20:35:16', 1, NULL, NULL, ''),
(432, 87, 11, 0, '', '2020-11-12 20:35:16', 1, NULL, NULL, ''),
(433, 87, 12, 0, '', '2020-11-12 20:35:16', 1, NULL, NULL, ''),
(434, 88, 1, 0, 'Imprezy', '2020-11-12 20:35:23', 1, NULL, NULL, 'imprezy'),
(435, 88, 6, 0, '', '2020-11-12 20:35:23', 1, NULL, NULL, ''),
(436, 88, 10, 0, '', '2020-11-12 20:35:23', 1, NULL, NULL, ''),
(437, 88, 11, 0, '', '2020-11-12 20:35:23', 1, NULL, NULL, ''),
(438, 88, 12, 0, '', '2020-11-12 20:35:23', 1, NULL, NULL, ''),
(439, 89, 1, 0, 'Okolica', '2020-11-12 20:35:29', 1, NULL, NULL, 'okolica'),
(440, 89, 6, 0, '', '2020-11-12 20:35:29', 1, NULL, NULL, ''),
(441, 89, 10, 0, '', '2020-11-12 20:35:29', 1, NULL, NULL, ''),
(442, 89, 11, 0, '', '2020-11-12 20:35:29', 1, NULL, NULL, ''),
(443, 89, 12, 0, '', '2020-11-12 20:35:29', 1, NULL, NULL, ''),
(514, 15, 1, 0, 'Pielęgnacja twarzy', '2020-11-17 09:40:56', 1, NULL, NULL, 'pielegnacja-twarzy'),
(515, 15, 6, 0, '', '2020-11-17 09:40:56', 1, NULL, NULL, ''),
(516, 15, 10, 0, 'Уход за лицом', '2020-11-17 09:40:56', 1, NULL, NULL, 'pielegnacja-twarzy-ru'),
(517, 15, 11, 0, 'Gesichtspflege', '2020-11-17 09:40:56', 1, NULL, NULL, 'gesichtspflege'),
(518, 15, 12, 0, 'Догляд за обличчям', '2020-11-17 09:40:56', 1, NULL, NULL, 'pielegnacja-twarzy-uk'),
(519, 17, 1, 0, 'Pielęgnacja ciała', '2020-11-17 09:41:12', 1, NULL, NULL, 'pielegnacja-ciala'),
(520, 17, 6, 0, '', '2020-11-17 09:41:12', 1, NULL, NULL, ''),
(521, 17, 10, 0, 'Уход за телом', '2020-11-17 09:41:12', 1, NULL, NULL, 'pielegnacja-ciala-ru'),
(522, 17, 11, 0, 'Körperpflege', '2020-11-17 09:41:12', 1, NULL, NULL, 'krperpflege'),
(523, 17, 12, 0, 'Догляд за тілом', '2020-11-17 09:41:12', 1, NULL, NULL, 'pielegnacja-ciala-ru'),
(524, 16, 1, 0, 'Zabiegi SPA dla dzieci i młodzieży', '2020-11-17 09:41:28', 1, NULL, NULL, 'zabiegi-spa-dla-dzieci-i-mlodziezy'),
(525, 16, 6, 0, '', '2020-11-17 09:41:28', 1, NULL, NULL, ''),
(526, 16, 10, 0, 'Zabiegi SPA dla dzieci i młodzieży', '2020-11-17 09:41:28', 1, NULL, NULL, 'zabiegi-spa-dla-dzieci-i-mlodziezy-ru'),
(527, 16, 11, 0, 'Zabiegi SPA dla dzieci i młodzieży', '2020-11-17 09:41:28', 1, NULL, NULL, 'zabiegi-spa-dla-dzieci-i-mlodziezy-de'),
(528, 16, 12, 0, 'Zabiegi SPA dla dzieci i młodzieży', '2020-11-17 09:41:28', 1, NULL, NULL, 'zabiegi-spa-dla-dzieci-i-mlodziezy-uk'),
(529, 18, 1, 0, 'Masaże', '2020-11-17 09:42:34', 1, NULL, NULL, 'masaze'),
(530, 18, 6, 0, '', '2020-11-17 09:42:34', 1, NULL, NULL, ''),
(531, 18, 10, 0, 'Массажи', '2020-11-17 09:42:34', 1, NULL, NULL, 'masaze-ru'),
(532, 18, 11, 0, 'Massagen', '2020-11-17 09:42:34', 1, NULL, NULL, 'massagen'),
(533, 18, 12, 0, 'Масаж', '2020-11-17 09:42:34', 1, NULL, NULL, 'masaze-uk'),
(539, 19, 1, 0, 'Zabiegi z użyciem aparatury', '2020-11-17 09:44:18', 1, NULL, NULL, 'zabiegi-z-uzyciem-aparatury'),
(540, 19, 6, 0, '', '2020-11-17 09:44:18', 1, NULL, NULL, ''),
(541, 19, 10, 0, 'Процедуры с использованием аппаратуры', '2020-11-17 09:44:18', 1, NULL, NULL, 'zabiegi-z-uzyciem-aparatury-ru'),
(542, 19, 11, 0, 'Behandlungen mit spezieller Apparatur', '2020-11-17 09:44:18', 1, NULL, NULL, 'behandlungen-mit-spezieller-apparatur'),
(543, 19, 12, 0, 'Процедури з використанням апаратури', '2020-11-17 09:44:18', 1, NULL, NULL, 'zabiegi-z-uzyciem-aparatury-uk'),
(549, 20, 1, 0, 'Drobne zabiegi kosmetyczne', '2020-11-17 09:45:31', 1, NULL, NULL, 'drobne-zabiegi-kosmetyczne'),
(550, 20, 6, 0, '', '2020-11-17 09:45:31', 1, NULL, NULL, ''),
(551, 20, 10, 0, 'Мелкие косметические процедуры', '2020-11-17 09:45:31', 1, NULL, NULL, 'drobne-zabiegi-kosmetyczne-ru'),
(552, 20, 11, 0, 'Kleine kosmetische Behandlungen', '2020-11-17 09:45:31', 1, NULL, NULL, 'kleine-kosmetische-behandlungen'),
(553, 20, 12, 0, 'Незначні косметичні поцедури', '2020-11-17 09:45:31', 1, NULL, NULL, 'drobne-zabiegi-kosmetyczne-uk'),
(559, 21, 1, 0, 'Usługi fryzjerskie', '2020-11-17 09:46:33', 1, NULL, NULL, 'uslugi-fryzjerskie'),
(560, 21, 6, 0, '', '2020-11-17 09:46:33', 1, NULL, NULL, ''),
(561, 21, 10, 0, 'Парикмахерские услуги', '2020-11-17 09:46:33', 1, NULL, NULL, 'uslugi-fryzjerskie-ru'),
(562, 21, 11, 0, 'Frisördienstleistungen', '2020-11-17 09:46:33', 1, NULL, NULL, 'frisrdienstleistungen'),
(563, 21, 12, 0, 'Перукарські послуги', '2020-11-17 09:46:33', 1, NULL, NULL, 'uslugi-fryzjerskie-uk'),
(569, 22, 1, 0, 'Rehabilitacja', '2020-11-17 09:47:42', 1, NULL, NULL, 'rehabilitacja'),
(570, 22, 6, 0, 'Rehabilitation', '2020-11-17 09:47:42', 1, NULL, NULL, 'rehabilitation'),
(571, 22, 10, 0, 'Реабілітація', '2020-11-17 09:47:42', 1, NULL, NULL, 'rehabilitacja-ru'),
(572, 22, 11, 0, 'Rehabilitation', '2020-11-17 09:47:42', 1, NULL, NULL, 'rehabilitation-de'),
(573, 22, 12, 0, 'Реабілітація', '2020-11-17 09:47:42', 1, NULL, NULL, 'rehabilitacja-uk'),
(579, 11, 1, 0, 'Tłusta i mieszana', '2020-11-17 09:49:40', 1, NULL, NULL, 'tlusta-i-mieszana'),
(580, 11, 6, 0, '', '2020-11-17 09:49:40', 1, NULL, NULL, ''),
(581, 11, 10, 0, 'Жирная и комбинированная', '2020-11-17 09:49:40', 1, NULL, NULL, 'tlusta-i-mieszana-ru'),
(582, 11, 11, 0, 'Fettige Haut und Mischhaut', '2020-11-17 09:49:40', 1, NULL, NULL, 'fettige-haut-und-mischhaut'),
(583, 11, 12, 0, 'Жирна і комбінована', '2020-11-17 09:49:40', 1, NULL, NULL, 'tlusta-i-mieszana-uk'),
(589, 23, 1, 0, 'Sucha i normalna', '2020-11-17 09:50:22', 1, NULL, NULL, 'sucha-i-normalna'),
(590, 23, 6, 0, '', '2020-11-17 09:50:22', 1, NULL, NULL, ''),
(591, 23, 10, 0, 'Сухая и нормальная', '2020-11-17 09:50:22', 1, NULL, NULL, 'sucha-i-normalna-ru'),
(592, 23, 11, 0, 'Trockene und normale Haut', '2020-11-17 09:50:22', 1, NULL, NULL, 'trockene-und-normale-haut'),
(593, 23, 12, 0, 'Суха і нормальна', '2020-11-17 09:50:22', 1, NULL, NULL, 'sucha-i-normalna-uk'),
(594, 24, 1, 0, 'Dojrzała i pozbawiona jędrności', '2020-11-17 09:51:01', 1, NULL, NULL, 'dojrzala-i-pozbawiona-jedrnosci'),
(595, 24, 6, 0, '', '2020-11-17 09:51:01', 1, NULL, NULL, ''),
(596, 24, 10, 0, 'Зрелая и лишенная упругости', '2020-11-17 09:51:01', 1, NULL, NULL, 'dojrzala-i-pozbawiona-jedrnosci-ru'),
(597, 24, 11, 0, 'Reife und straffheitslose Haut', '2020-11-17 09:51:01', 1, NULL, NULL, 'reife-und-straffheitslose-haut'),
(598, 24, 12, 0, 'Зріла і позбавлена пружності', '2020-11-17 09:51:01', 1, NULL, NULL, 'dojrzala-i-pozbawiona-jedrnosci-uk'),
(599, 25, 1, 0, 'Wrażliwa, alergiczna i naczynkowa', '2020-11-17 09:51:46', 1, NULL, NULL, 'wrazliwa-alergiczna-i-naczynkowa'),
(600, 25, 6, 0, '', '2020-11-17 09:51:46', 1, NULL, NULL, ''),
(601, 25, 10, 0, 'Чувствительная, аллергенная и капилярная', '2020-11-17 09:51:46', 1, NULL, NULL, 'wrazliwa-alergiczna-i-naczynkowa-ru'),
(602, 25, 11, 0, 'Sensibile, allergische, Gefäßhaut', '2020-11-17 09:51:46', 1, NULL, NULL, 'sensibile-allergische-gefhaut'),
(603, 25, 12, 0, 'Вразлива, алергічна, капілярна', '2020-11-17 09:51:46', 1, NULL, NULL, 'wrazliwa-alergiczna-i-naczynkowa-uk'),
(604, 26, 1, 0, 'Męska', '2020-11-17 09:52:37', 1, NULL, NULL, 'meska'),
(605, 26, 6, 0, '', '2020-11-17 09:52:37', 1, NULL, NULL, ''),
(606, 26, 10, 0, 'Мужская', '2020-11-17 09:52:37', 1, NULL, NULL, 'meska-ru'),
(607, 26, 11, 0, 'Männliche Haut', '2020-11-17 09:52:37', 1, NULL, NULL, 'mnnliche-haut'),
(608, 26, 12, 0, 'Чоловіча', '2020-11-17 09:52:37', 1, NULL, NULL, 'meska-uk'),
(609, 27, 1, 0, 'Trądzikowa', '2020-11-17 09:53:29', 1, NULL, NULL, 'tradzikowa'),
(610, 27, 6, 0, '', '2020-11-17 09:53:29', 1, NULL, NULL, ''),
(611, 27, 10, 0, 'Прыщавая', '2020-11-17 09:53:29', 1, NULL, NULL, 'tradzikowa-ru'),
(612, 27, 11, 0, 'Trądzikowa', '2020-11-17 09:53:29', 1, NULL, NULL, 'tradzikowa-de'),
(613, 27, 12, 0, 'Прищава', '2020-11-17 09:53:29', 1, NULL, NULL, 'tradzikowa-uk'),
(614, 14, 1, 0, 'Złuszczanie', '2020-11-17 09:55:49', 1, NULL, NULL, 'zluszczanie'),
(615, 14, 6, 0, '', '2020-11-17 09:55:49', 1, NULL, NULL, ''),
(616, 14, 10, 0, 'Лечение псориаза', '2020-11-17 09:55:49', 1, NULL, NULL, 'zluszczanie-ru'),
(617, 14, 11, 0, 'Schuppenflechtetherapie', '2020-11-17 09:55:49', 1, NULL, NULL, 'schuppenflechtetherapie'),
(618, 14, 12, 0, 'Лікування псоріазу', '2020-11-17 09:55:49', 1, NULL, NULL, 'zluszczanie-uk'),
(619, 28, 1, 0, 'Antystarzeniowy', '2020-11-17 09:56:27', 1, NULL, NULL, 'antystarzeniowy'),
(620, 28, 6, 0, '', '2020-11-17 09:56:27', 1, NULL, NULL, ''),
(621, 28, 10, 0, 'Первые признаки старения', '2020-11-17 09:56:27', 1, NULL, NULL, 'antystarzeniowy-ru'),
(622, 28, 11, 0, 'Erste Alterungsanzeichen', '2020-11-17 09:56:27', 1, NULL, NULL, 'erste-alterungsanzeichen'),
(623, 28, 12, 0, 'Перші прояви старіння', '2020-11-17 09:56:27', 1, NULL, NULL, 'antystarzeniowy-uk'),
(624, 29, 1, 0, 'Redukcja celulitu', '2020-11-17 09:57:04', 1, NULL, NULL, 'redukcja-celulitu'),
(625, 29, 6, 0, '', '2020-11-17 09:57:04', 1, NULL, NULL, ''),
(626, 29, 10, 0, 'Уменьшение целлюлита', '2020-11-17 09:57:04', 1, NULL, NULL, 'redukcja-celulitu-ru'),
(627, 29, 11, 0, 'Cellulitisreduktion', '2020-11-17 09:57:04', 1, NULL, NULL, 'cellulitisreduktion'),
(628, 29, 12, 0, 'Зменшення целюліту', '2020-11-17 09:57:04', 1, NULL, NULL, 'redukcja-celulitu-uk'),
(629, 30, 1, 0, 'Dla kobiet w ciąży', '2020-11-17 09:57:51', 1, NULL, NULL, 'dla-kobiet-w-ciazy'),
(630, 30, 6, 0, '', '2020-11-17 09:57:51', 1, NULL, NULL, ''),
(631, 30, 10, 0, 'Для беременных женщин', '2020-11-17 09:57:51', 1, NULL, NULL, 'dla-kobiet-w-ciazy-ru'),
(632, 30, 11, 0, 'Für schwangere Frauen', '2020-11-17 09:57:51', 1, NULL, NULL, 'fr-schwangere-frauen'),
(633, 30, 12, 0, 'Для жінок в період вагітності', '2020-11-17 09:57:51', 1, NULL, NULL, 'dla-kobiet-w-ciazy-uk'),
(634, 31, 1, 0, 'Nawilżanie', '2020-11-17 09:58:44', 1, NULL, NULL, 'nawilzanie'),
(635, 31, 6, 0, '', '2020-11-17 09:58:44', 1, NULL, NULL, ''),
(636, 31, 10, 0, 'Увлажнение', '2020-11-17 09:58:44', 1, NULL, NULL, 'nawilzanie-ru'),
(637, 31, 11, 0, 'Nawilżanie', '2020-11-17 09:58:44', 1, NULL, NULL, 'nawilzanie-de'),
(638, 31, 12, 0, 'Зволоження', '2020-11-17 09:58:44', 1, NULL, NULL, 'nawilzanie-uk'),
(639, 32, 1, 0, 'Odchudzanie', '2020-11-17 09:59:26', 1, NULL, NULL, 'odchudzanie'),
(640, 32, 6, 0, '', '2020-11-17 09:59:26', 1, NULL, NULL, ''),
(641, 32, 10, 0, 'Похудение', '2020-11-17 09:59:26', 1, NULL, NULL, 'odchudzanie-ru'),
(642, 32, 11, 0, 'Odchudzanie', '2020-11-17 09:59:26', 1, NULL, NULL, 'odchudzanie-de'),
(643, 32, 12, 0, 'Схуднення', '2020-11-17 09:59:26', 1, NULL, NULL, 'odchudzanie-uk'),
(644, 33, 1, 0, 'Odprężenie', '2020-11-17 10:00:16', 1, NULL, NULL, 'odprezenie'),
(645, 33, 6, 0, '', '2020-11-17 10:00:16', 1, NULL, NULL, ''),
(646, 33, 10, 0, 'Отдых', '2020-11-17 10:00:16', 1, NULL, NULL, 'odprezenie-ru'),
(647, 33, 11, 0, 'Odprężenie', '2020-11-17 10:00:16', 1, NULL, NULL, 'odprezenie-de'),
(648, 33, 12, 0, 'Відпочинок', '2020-11-17 10:00:16', 1, NULL, NULL, 'odprezenie-uk'),
(649, 34, 1, 0, 'Detoks', '2020-11-17 10:00:55', 1, NULL, NULL, 'detoks'),
(650, 34, 6, 0, '', '2020-11-17 10:00:55', 1, NULL, NULL, ''),
(651, 34, 10, 0, 'Детокс', '2020-11-17 10:00:55', 1, NULL, NULL, 'detoks-ru'),
(652, 34, 11, 0, 'Detoks', '2020-11-17 10:00:55', 1, NULL, NULL, 'detoks-de'),
(653, 34, 12, 0, 'Детокс', '2020-11-17 10:00:55', 1, NULL, NULL, 'detoks-uk'),
(884, 63, 1, 0, 'Mózgowe porażenie dziecięce', '2020-11-17 10:12:45', 1, NULL, NULL, 'mozgowe-porazenie-dzieciece'),
(885, 63, 6, 0, '', '2020-11-17 10:12:45', 1, NULL, NULL, ''),
(886, 63, 10, 0, '', '2020-11-17 10:12:45', 1, NULL, NULL, ''),
(887, 63, 11, 0, '', '2020-11-17 10:12:45', 1, NULL, NULL, ''),
(888, 63, 12, 0, '', '2020-11-17 10:12:45', 1, NULL, NULL, ''),
(1079, 10, 1, 0, 'Astma oskrzelowa', '2020-11-18 08:17:15', 1, NULL, NULL, 'astma-oskrzelowa'),
(1080, 10, 6, 0, 'Bronchi asthma', '2020-11-18 08:17:15', 1, NULL, NULL, 'bronchi-asthma'),
(1081, 10, 10, 0, 'Бронхиальная астма', '2020-11-18 08:17:15', 1, NULL, NULL, 'astma-oskrzelowa-ru'),
(1082, 10, 11, 0, 'Bronchialasthma', '2020-11-18 08:17:15', 1, NULL, NULL, 'bronchialasthma'),
(1083, 10, 12, 0, 'Бронхіальна астма', '2020-11-18 08:17:15', 1, NULL, NULL, 'astma-oskrzelowa-uk'),
(1084, 35, 1, 0, 'Bolące halluxy', '2020-11-18 08:17:35', 1, NULL, NULL, 'bolace-halluxy'),
(1085, 35, 6, 0, 'Aching halluxes', '2020-11-18 08:17:35', 1, NULL, NULL, 'aching-halluxes'),
(1086, 35, 10, 0, 'Бурсит', '2020-11-18 08:17:35', 1, NULL, NULL, 'bolace-halluxy-ru'),
(1087, 35, 11, 0, 'Schmerzende Halluxe', '2020-11-18 08:17:35', 1, NULL, NULL, 'schmerzende-halluxe'),
(1088, 35, 12, 0, 'Болі при вальгусних деформаціях (hallux)', '2020-11-18 08:17:35', 1, NULL, NULL, 'bolace-halluxy-ru'),
(1089, 36, 1, 0, 'Bóle stawów kolanowych, biodrowych', '2020-11-18 08:17:45', 1, NULL, NULL, 'bole-stawow-kolanowych-biodrowych'),
(1090, 36, 6, 0, 'Knee joint, hip joint pains', '2020-11-18 08:17:45', 1, NULL, NULL, 'knee-joint-hip-joint-pains'),
(1091, 36, 10, 0, 'Боли тазобедренного и коленного суставов', '2020-11-18 08:17:45', 1, NULL, NULL, 'bole-stawow-kolanowych-biodrowych-ru'),
(1092, 36, 11, 0, 'Kniegelenk und Hüftengelenkschmerzen', '2020-11-18 08:17:45', 1, NULL, NULL, 'kniegelenk-und-hftengelenkschmerzen'),
(1093, 36, 12, 0, 'Болі суглобів колін, кульшового суглобу', '2020-11-18 08:17:45', 1, NULL, NULL, 'bole-stawow-kolanowych-biodrowych-uk'),
(1094, 37, 1, 0, 'Choroba przeciążeniowa kręgosłupa', '2020-11-18 08:18:00', 1, NULL, NULL, 'choroba-przeciazeniowa-kregoslupa'),
(1095, 37, 6, 0, 'Spine and joint overload disease', '2020-11-18 08:18:00', 1, NULL, NULL, 'spine-and-joint-overload-disease'),
(1096, 37, 10, 0, 'Спондилез позвоночника', '2020-11-18 08:18:00', 1, NULL, NULL, 'choroba-przeciazeniowa-kregoslupa-ru'),
(1097, 37, 11, 0, 'Wirbelsäule und Gelenküberlastkrankheit', '2020-11-18 08:18:00', 1, NULL, NULL, 'wirbelsule-und-gelenkberlastkrankheit'),
(1098, 37, 12, 0, 'Хвороба перевантаженого хребта', '2020-11-18 08:18:00', 1, NULL, NULL, 'choroba-przeciazeniowa-kregoslupa-uk'),
(1099, 38, 1, 0, 'Choroby skóry', '2020-11-18 08:18:17', 1, NULL, NULL, 'choroby-skory'),
(1100, 38, 6, 0, 'Skin diseases', '2020-11-18 08:18:17', 1, NULL, NULL, 'skin-diseases'),
(1101, 38, 10, 0, 'Кожные заболевания', '2020-11-18 08:18:17', 1, NULL, NULL, 'choroby-skory-ru'),
(1102, 38, 11, 0, 'Hautkrankheiten', '2020-11-18 08:18:17', 1, NULL, NULL, 'hautkrankheiten'),
(1103, 38, 12, 0, 'Хвороби шкіри', '2020-11-18 08:18:17', 1, NULL, NULL, 'choroby-skory-uk'),
(1104, 39, 1, 0, 'Depresja, nerwice', '2020-11-18 08:18:29', 1, NULL, NULL, 'depresja-nerwice'),
(1105, 39, 6, 0, 'Depression, neurosis', '2020-11-18 08:18:29', 1, NULL, NULL, 'depression-neurosis'),
(1106, 39, 10, 0, 'Депрессия,невроз', '2020-11-18 08:18:29', 1, NULL, NULL, 'depresja-nerwice-ru'),
(1107, 39, 11, 0, 'Depression, Neurosen', '2020-11-18 08:18:29', 1, NULL, NULL, 'depression-neurosen'),
(1108, 39, 12, 0, 'Депресія, неврози', '2020-11-18 08:18:29', 1, NULL, NULL, 'depresja-nerwice-uk'),
(1109, 40, 1, 0, 'Dla Amazonek', '2020-11-18 08:18:43', 1, NULL, NULL, 'dla-amazonek'),
(1110, 40, 6, 0, 'For Amazons', '2020-11-18 08:18:43', 1, NULL, NULL, 'for-amazons'),
(1111, 40, 10, 0, 'Для Амазонок', '2020-11-18 08:18:43', 1, NULL, NULL, 'dla-amazonek-ru'),
(1112, 40, 11, 0, 'Für Amazonen', '2020-11-18 08:18:43', 1, NULL, NULL, 'fr-amazonen'),
(1113, 40, 12, 0, 'Для Амазонок', '2020-11-18 08:18:43', 1, NULL, NULL, 'dla-amazonek-uk'),
(1114, 41, 1, 0, 'Endoproteza stawów biodrowych, kolanowych', '2020-11-18 08:18:54', 1, NULL, NULL, 'endoproteza-stawow-biodrowych-kolanowych'),
(1115, 41, 6, 0, 'Endoprothesis of hip and knee joints', '2020-11-18 08:18:54', 1, NULL, NULL, 'endoprothesis-of-hip-and-knee-joints'),
(1116, 41, 10, 0, 'Эндопротез тазобедренного и коленного суставов', '2020-11-18 08:18:54', 1, NULL, NULL, 'endoproteza-stawow-biodrowych-kolanowych-ru'),
(1117, 41, 11, 0, 'Endoprothesis von Hüft und Kniegelenken', '2020-11-18 08:18:54', 1, NULL, NULL, 'endoprothesis-von-hft-und-kniegelenken'),
(1118, 41, 12, 0, 'Ендопротеза кульшового та колінного суглобів', '2020-11-18 08:18:54', 1, NULL, NULL, 'endoproteza-stawow-biodrowych-kolanowych-uk'),
(1119, 42, 1, 0, 'Zespół Downa', '2020-11-18 08:19:07', 1, NULL, NULL, 'zespol-downa'),
(1120, 42, 6, 0, 'Down syndrome', '2020-11-18 08:19:07', 1, NULL, NULL, 'down-syndrome'),
(1121, 42, 10, 0, 'Синдром Дауна', '2020-11-18 08:19:07', 1, NULL, NULL, 'zespol-downa-ru'),
(1122, 42, 11, 0, 'Down-Syndrom', '2020-11-18 08:19:07', 1, NULL, NULL, 'down-syndrom'),
(1123, 42, 12, 0, 'Синдром Дауна', '2020-11-18 08:19:07', 1, NULL, NULL, 'zespol-downa-uk'),
(1124, 43, 1, 0, 'Łokieć tenisisty', '2020-11-18 08:19:18', 1, NULL, NULL, 'lokiec-tenisisty'),
(1125, 43, 6, 0, 'Tennis elbow', '2020-11-18 08:19:18', 1, NULL, NULL, 'tennis-elbow'),
(1126, 43, 10, 0, 'Теннисный локоть', '2020-11-18 08:19:18', 1, NULL, NULL, 'lokiec-tenisisty-ru'),
(1127, 43, 11, 0, 'Tennisellenbogen', '2020-11-18 08:19:18', 1, NULL, NULL, 'tennisellenbogen'),
(1128, 43, 12, 0, 'Тенісний лікоть', '2020-11-18 08:19:18', 1, NULL, NULL, 'lokiec-tenisisty-uk'),
(1129, 44, 1, 0, 'Mózgowe porażenie dziecięce', '2020-11-18 08:19:39', 1, NULL, NULL, 'mozgowe-porazenie-dzieciece'),
(1130, 44, 6, 0, 'Cerebral palsy', '2020-11-18 08:19:39', 1, NULL, NULL, 'cerebral-palsy'),
(1131, 44, 10, 0, 'Детский церебральный паралич', '2020-11-18 08:19:39', 1, NULL, NULL, 'mozgowe-porazenie-dzieciece-ru'),
(1132, 44, 11, 0, 'Zerebralparasy', '2020-11-18 08:19:39', 1, NULL, NULL, 'zerebralparasy'),
(1133, 44, 12, 0, 'Дитячий церебральний параліч', '2020-11-18 08:19:39', 1, NULL, NULL, 'mozgowe-porazenie-dzieciece-uk'),
(1134, 45, 1, 0, 'Nadciśnienie tętnicze', '2020-11-18 08:19:56', 1, NULL, NULL, 'nadcisnienie-tetnicze'),
(1135, 45, 6, 0, 'Arterial hypertension', '2020-11-18 08:19:56', 1, NULL, NULL, 'arterial-hypertension'),
(1136, 45, 10, 0, 'Гипертония', '2020-11-18 08:19:56', 1, NULL, NULL, 'nadcisnienie-tetnicze-ru'),
(1137, 45, 11, 0, 'Hypertonie', '2020-11-18 08:19:56', 1, NULL, NULL, 'hypertonie'),
(1138, 45, 12, 0, 'Артеріальна гіпертензія', '2020-11-18 08:19:56', 1, NULL, NULL, 'nadcisnienie-tetnicze-uk'),
(1139, 46, 1, 0, 'Niedowład połowiczy', '2020-11-18 08:21:02', 1, NULL, NULL, 'niedowlad-polowiczy'),
(1140, 46, 6, 0, 'Hemipareris', '2020-11-18 08:21:02', 1, NULL, NULL, 'hemipareris'),
(1141, 46, 10, 0, 'Односторонний парез', '2020-11-18 08:21:02', 1, NULL, NULL, 'niedowlad-polowiczy-ru'),
(1142, 46, 11, 0, 'Hemiparese', '2020-11-18 08:21:02', 1, NULL, NULL, 'hemiparese'),
(1143, 46, 12, 0, 'Геміпарез', '2020-11-18 08:21:02', 1, NULL, NULL, 'niedowlad-polowiczy-uk'),
(1144, 47, 1, 0, 'Nietrzymanie moczu', '2020-11-18 08:21:54', 1, NULL, NULL, 'nietrzymanie-moczu'),
(1145, 47, 6, 0, 'Urinary incontinence', '2020-11-18 08:21:54', 1, NULL, NULL, 'urinary-incontinence'),
(1146, 47, 10, 0, 'Недержание мочи', '2020-11-18 08:21:54', 1, NULL, NULL, 'nietrzymanie-moczu-ru'),
(1147, 47, 11, 0, 'Harninkortinenz', '2020-11-18 08:21:54', 1, NULL, NULL, 'harninkortinenz'),
(1148, 47, 12, 0, 'Нетримання сечі (інконтіненція)', '2020-11-18 08:21:54', 1, NULL, NULL, 'nietrzymanie-moczu-uk'),
(1149, 48, 1, 0, 'Ostrogi piętowe', '2020-11-18 08:22:30', 1, NULL, NULL, 'ostrogi-pietowe'),
(1150, 48, 6, 0, 'Calcaneal spur', '2020-11-18 08:22:30', 1, NULL, NULL, 'calcaneal-spur'),
(1151, 48, 10, 0, 'Пяточные шпоры', '2020-11-18 08:22:30', 1, NULL, NULL, 'ostrogi-pietowe-ru'),
(1152, 48, 11, 0, 'Fersensporn', '2020-11-18 08:22:30', 1, NULL, NULL, 'fersensporn'),
(1153, 48, 12, 0, 'Острога (шпора) п\'яткової кістки', '2020-11-18 08:22:30', 1, NULL, NULL, 'ostrogi-pietowe-uk'),
(1154, 49, 1, 0, 'Po udarze mózgu', '2020-11-18 08:22:43', 1, NULL, NULL, 'po-udarze-mozgu'),
(1155, 49, 6, 0, 'After stroke', '2020-11-18 08:22:43', 1, NULL, NULL, 'after-stroke'),
(1156, 49, 10, 0, 'После инсульта', '2020-11-18 08:22:43', 1, NULL, NULL, 'po-udarze-mozgu-ru'),
(1157, 49, 11, 0, 'Nach Gehirnschlag', '2020-11-18 08:22:43', 1, NULL, NULL, 'nach-gehirnschlag'),
(1158, 49, 12, 0, 'Після інсульту', '2020-11-18 08:22:43', 1, NULL, NULL, 'po-udarze-mozgu-uk'),
(1159, 50, 1, 0, 'Po uszkodzeniu rdzenia kręgowego', '2020-11-18 08:23:03', 1, NULL, NULL, 'po-uszkodzeniu-rdzenia-kregowego'),
(1160, 50, 6, 0, 'After spinal cord injury', '2020-11-18 08:23:03', 1, NULL, NULL, 'after-spinal-cord-injury'),
(1161, 50, 10, 0, 'После травмы спинного мозга', '2020-11-18 08:23:03', 1, NULL, NULL, 'po-uszkodzeniu-rdzenia-kregowego-ru'),
(1162, 50, 11, 0, 'Nach Rückenmarksverletzung', '2020-11-18 08:23:03', 1, NULL, NULL, 'nach-rckenmarksverletzung'),
(1163, 50, 12, 0, 'Після травми спинного мозку', '2020-11-18 08:23:03', 1, NULL, NULL, 'po-uszkodzeniu-rdzenia-kregowego-uk'),
(1164, 51, 1, 0, 'Po zawale mięśnia sercowego', '2020-11-18 08:23:26', 1, NULL, NULL, 'po-zawale-miesnia-sercowego'),
(1165, 51, 6, 0, 'After heart attack', '2020-11-18 08:23:26', 1, NULL, NULL, 'after-heart-attack'),
(1166, 51, 10, 0, 'После инфаркта миокарде', '2020-11-18 08:23:26', 1, NULL, NULL, 'po-zawale-miesnia-sercowego-ru'),
(1167, 51, 11, 0, 'Nach Herzinfarkt', '2020-11-18 08:23:26', 1, NULL, NULL, 'nach-herzinfarkt'),
(1168, 51, 12, 0, 'Після інфаркту міокарду', '2020-11-18 08:23:26', 1, NULL, NULL, 'po-zawale-miesnia-sercowego-uk'),
(1169, 52, 1, 0, 'Po złamaniach', '2020-11-18 08:23:58', 1, NULL, NULL, 'po-zlamaniach'),
(1170, 52, 6, 0, 'After bone fractures', '2020-11-18 08:23:58', 1, NULL, NULL, 'after-bone-fractures'),
(1171, 52, 10, 0, 'После переломов', '2020-11-18 08:23:58', 1, NULL, NULL, 'po-zlamaniach-ru'),
(1172, 52, 11, 0, 'Nach Knochenbruch', '2020-11-18 08:23:58', 1, NULL, NULL, 'nach-knochenbruch'),
(1173, 52, 12, 0, 'Після переломів', '2020-11-18 08:23:58', 1, NULL, NULL, 'po-zlamaniach-uk'),
(1174, 53, 1, 0, 'Przemęczenie, stres, zaburzenia snu', '2020-11-18 08:24:39', 1, NULL, NULL, 'przemeczenie-stres-zaburzenia-snu'),
(1175, 53, 6, 0, 'Fatigue, stress, sleep disturbances', '2020-11-18 08:24:39', 1, NULL, NULL, 'fatigue-stress-sleep-disturbances'),
(1176, 53, 10, 0, 'Переутомление,стресс, нарушение сна', '2020-11-18 08:24:39', 1, NULL, NULL, 'przemeczenie-stres-zaburzenia-snu-ru'),
(1177, 53, 11, 0, 'Überanstrengung, Stress, Schlafstörungen', '2020-11-18 08:24:39', 1, NULL, NULL, 'beranstrengung-stress-schlafstrungen'),
(1178, 53, 12, 0, 'Втома, стрес, порушення сну', '2020-11-18 08:24:39', 1, NULL, NULL, 'przemeczenie-stres-zaburzenia-snu-uk'),
(1184, 62, 1, 0, 'Łuszczyca', '2020-11-18 08:25:48', 1, NULL, NULL, 'luszczyca'),
(1185, 62, 6, 0, 'Psoriasis', '2020-11-18 08:25:48', 1, NULL, NULL, 'psoriasis'),
(1186, 62, 10, 0, 'Псориаз', '2020-11-18 08:25:48', 1, NULL, NULL, 'luszczyca-ru'),
(1187, 62, 11, 0, 'Schuppenflechte', '2020-11-18 08:25:48', 1, NULL, NULL, 'schuppenflechte'),
(1188, 62, 12, 0, 'Псоріаз', '2020-11-18 08:25:48', 1, NULL, NULL, 'luszczyca-uk'),
(1189, 61, 1, 0, 'Infekcje górnych i dolnych dróg oddechowych', '2020-11-18 08:25:59', 1, NULL, NULL, 'infekcje-gornych-i-dolnych-drog-oddechowych'),
(1190, 61, 6, 0, 'Upper and lower respiratory tract infections', '2020-11-18 08:25:59', 1, NULL, NULL, 'upper-and-lower-respiratory-tract-infections'),
(1191, 61, 10, 0, 'Инфекции верхних и нижних дыхательных путей', '2020-11-18 08:25:59', 1, NULL, NULL, 'infekcje-gornych-i-dolnych-drog-oddechowych-ru'),
(1192, 61, 11, 0, 'Infektionen der oberen und unteren Atemwege', '2020-11-18 08:25:59', 1, NULL, NULL, 'infektionen-der-oberen-und-unteren-atemwege'),
(1193, 61, 12, 0, 'Інфекції верхніх і нижніж дихальних шляхів', '2020-11-18 08:25:59', 1, NULL, NULL, 'infekcje-gornych-i-dolnych-drog-oddechowych-uk'),
(1194, 60, 1, 0, 'Zespół bólowy kręgosłupa', '2020-11-18 08:26:12', 1, NULL, NULL, 'zespol-bolowy-kregoslupa'),
(1195, 60, 6, 0, 'Spinal pain syndrome', '2020-11-18 08:26:12', 1, NULL, NULL, 'spinal-pain-syndrome'),
(1196, 60, 10, 0, 'Синдром спинальной боли', '2020-11-18 08:26:12', 1, NULL, NULL, 'zespol-bolowy-kregoslupa-ru'),
(1197, 60, 11, 0, 'Wirbelsäulenschmerzsyndrome', '2020-11-18 08:26:12', 1, NULL, NULL, 'wirbelsulenschmerzsyndrome'),
(1198, 60, 12, 0, 'Синдром спинального болю', '2020-11-18 08:26:12', 1, NULL, NULL, 'zespol-bolowy-kregoslupa-uk'),
(1199, 59, 1, 0, 'Zespół bolesnego barku', '2020-11-18 08:26:38', 1, NULL, NULL, 'zespol-bolesnego-barku'),
(1200, 59, 6, 0, 'Shoulder impingement syndrome', '2020-11-18 08:26:38', 1, NULL, NULL, 'shoulder-impingement-syndrome'),
(1201, 59, 10, 0, 'Синдром болезненного плеча', '2020-11-18 08:26:38', 1, NULL, NULL, 'zespol-bolesnego-barku-ru'),
(1202, 59, 11, 0, 'Impingement-Syndrom der Schulter', '2020-11-18 08:26:38', 1, NULL, NULL, 'impingement-syndrom-der-schulter'),
(1203, 59, 12, 0, 'Синдром хворобливого плеча', '2020-11-18 08:26:38', 1, NULL, NULL, 'zespol-bolesnego-barku-uk'),
(1204, 58, 1, 0, 'Wady postawy', '2020-11-18 08:26:58', 1, NULL, NULL, 'wady-postawy'),
(1205, 58, 6, 0, 'Faulty posture', '2020-11-18 08:26:58', 1, NULL, NULL, 'faulty-postures'),
(1206, 58, 10, 0, 'Дефекты осанки', '2020-11-18 08:26:58', 1, NULL, NULL, 'wady-postawy-ru'),
(1207, 58, 11, 0, 'Haltungsfehler', '2020-11-18 08:26:58', 1, NULL, NULL, 'haltungsfehler'),
(1208, 58, 12, 0, 'Дефекти осанки', '2020-11-18 08:26:58', 1, NULL, NULL, 'wady-postawy-uk'),
(1209, 57, 1, 0, 'Niepełnosprawność intelektualna', '2020-11-18 08:27:13', 1, NULL, NULL, 'niepelnosprawnosc-intelektualna'),
(1210, 57, 6, 0, 'Intellectual disability', '2020-11-18 08:27:13', 1, NULL, NULL, 'intellectual-disability'),
(1211, 57, 10, 0, 'Интеллектуальная инвалидность', '2020-11-18 08:27:13', 1, NULL, NULL, 'niepelnosprawnosc-intelektualna-ru'),
(1212, 57, 11, 0, 'Geistige Behinderung', '2020-11-18 08:27:13', 1, NULL, NULL, 'geistige-behinderung'),
(1213, 57, 12, 0, 'Интеллектуальная инвалидность', '2020-11-18 08:27:13', 1, NULL, NULL, 'niepelnosprawnosc-intelektualna-uk'),
(1214, 56, 1, 0, 'Stwardnienie rozsiane', '2020-11-18 08:27:25', 1, NULL, NULL, 'stwardnienie-rozsiane'),
(1215, 56, 6, 0, 'Multiple sclerosis', '2020-11-18 08:27:25', 1, NULL, NULL, 'multiple-sclerosis'),
(1216, 56, 10, 0, 'Рассеянный склероз', '2020-11-18 08:27:25', 1, NULL, NULL, 'stwardnienie-rozsiane-ru'),
(1217, 56, 11, 0, 'Multiple Sklerose', '2020-11-18 08:27:25', 1, NULL, NULL, 'multiple-sklerose'),
(1218, 56, 12, 0, 'Розсіяний склероз', '2020-11-18 08:27:25', 1, NULL, NULL, 'stwardnienie-rozsiane-uk'),
(1219, 55, 1, 0, 'Rwa kulszowa', '2020-11-18 08:27:36', 1, NULL, NULL, 'rwa-kulszowa'),
(1220, 55, 6, 0, 'Sciatica', '2020-11-18 08:27:36', 1, NULL, NULL, 'sciatica'),
(1221, 55, 10, 0, 'Воспаление седалищного нерва', '2020-11-18 08:27:36', 1, NULL, NULL, 'rwa-kulszowa-ru'),
(1222, 55, 11, 0, 'Ischialgie', '2020-11-18 08:27:36', 1, NULL, NULL, 'ischialgie'),
(1223, 55, 12, 0, 'Запалення сідничного нерва (ішіас)', '2020-11-18 08:27:36', 1, NULL, NULL, 'rwa-kulszowa-uk'),
(1224, 54, 1, 0, 'Przepuklina oponowo-rdzeniowa', '2020-11-18 08:27:42', 1, NULL, NULL, 'przepuklina-oponowo-rdzeniowa'),
(1225, 54, 6, 0, 'Cerebrospinal fluid', '2020-11-18 08:27:42', 1, NULL, NULL, 'cerebrospinal-fluid'),
(1226, 54, 10, 0, 'Менингомиелоцеле', '2020-11-18 08:27:42', 1, NULL, NULL, 'przepuklina-oponowo-rdzeniowa-ru'),
(1227, 54, 11, 0, 'Gehirn-Rückenmarksflüssigkeit', '2020-11-18 08:27:42', 1, NULL, NULL, 'gehirn-rckenmarksflssigkeit'),
(1228, 54, 12, 0, 'Менінгоміелоцеле', '2020-11-18 08:27:42', 1, NULL, NULL, 'przepuklina-oponowo-rdzeniowa-uk'),
(1229, 65, 1, 0, 'Wakacje', '2020-11-18 08:41:44', 1, NULL, NULL, 'wakacje'),
(1230, 65, 6, 0, 'Holidays', '2020-11-18 08:41:44', 1, NULL, NULL, 'holidays'),
(1231, 65, 10, 0, 'Holidays', '2020-11-18 08:41:44', 1, NULL, NULL, 'holidays'),
(1232, 65, 11, 0, 'Holidays', '2020-11-18 08:41:44', 1, NULL, NULL, 'holidays'),
(1233, 65, 12, 0, 'Holidays', '2020-11-18 08:41:44', 1, NULL, NULL, 'holidays'),
(1234, 66, 1, 0, 'Rodzinne', '2020-11-18 08:41:51', 1, NULL, NULL, 'rodzinne'),
(1235, 66, 6, 0, 'Family', '2020-11-18 08:41:51', 1, NULL, NULL, 'family'),
(1236, 66, 10, 0, 'Family', '2020-11-18 08:41:51', 1, NULL, NULL, 'family'),
(1237, 66, 11, 0, 'Family', '2020-11-18 08:41:51', 1, NULL, NULL, 'family'),
(1238, 66, 12, 0, 'Family', '2020-11-18 08:41:51', 1, NULL, NULL, 'family'),
(1239, 67, 1, 0, 'Dla zdrowia', '2020-11-18 08:42:10', 1, NULL, NULL, 'dla-zdrowia'),
(1240, 67, 6, 0, 'Health', '2020-11-18 08:42:10', 1, NULL, NULL, 'health'),
(1241, 67, 10, 0, 'Health', '2020-11-18 08:42:10', 1, NULL, NULL, 'health'),
(1242, 67, 11, 0, 'Health', '2020-11-18 08:42:10', 1, NULL, NULL, 'health'),
(1243, 67, 12, 0, 'Health', '2020-11-18 08:42:10', 1, NULL, NULL, 'health'),
(1244, 68, 1, 0, 'Spa & Wellness', '2020-11-18 08:42:25', 1, NULL, NULL, 'spa-wellness'),
(1245, 68, 6, 0, 'Spa & Wellness', '2020-11-18 08:42:25', 1, NULL, NULL, 'spa-wellness'),
(1246, 68, 10, 0, 'Spa & Wellness', '2020-11-18 08:42:25', 1, NULL, NULL, 'spa-wellness'),
(1247, 68, 11, 0, 'Spa & Wellness', '2020-11-18 08:42:25', 1, NULL, NULL, 'spa-wellness'),
(1248, 68, 12, 0, 'Spa & Wellness', '2020-11-18 08:42:25', 1, NULL, NULL, 'spa-wellness'),
(1249, 69, 1, 0, 'Romantyczne', '2020-11-18 08:42:48', 1, NULL, NULL, 'romantyczne'),
(1250, 69, 6, 0, 'Romantic', '2020-11-18 08:42:48', 1, NULL, NULL, 'romantic'),
(1251, 69, 10, 0, 'Romantic', '2020-11-18 08:42:48', 1, NULL, NULL, 'romantic'),
(1252, 69, 11, 0, 'Romantic', '2020-11-18 08:42:48', 1, NULL, NULL, 'romantic'),
(1253, 69, 12, 0, 'Romantic', '2020-11-18 08:42:48', 1, NULL, NULL, 'romantic'),
(1254, 70, 1, 0, 'Konferencje', '2020-11-18 08:43:03', 1, NULL, NULL, 'konferencje'),
(1255, 70, 6, 0, 'Conference', '2020-11-18 08:43:03', 1, NULL, NULL, 'conference'),
(1256, 70, 10, 0, 'Conference', '2020-11-18 08:43:03', 1, NULL, NULL, 'conference'),
(1257, 70, 11, 0, 'Conference', '2020-11-18 08:43:03', 1, NULL, NULL, 'conference'),
(1258, 70, 12, 0, 'Conference', '2020-11-18 08:43:03', 1, NULL, NULL, 'conference');

-- --------------------------------------------------------

--
-- Struktura tabeli dla tabeli `events`
--

CREATE TABLE `events` (
  `id` int(6) NOT NULL,
  `id_dict` int(4) NOT NULL,
  `photo` varchar(300) CHARACTER SET utf8mb3 COLLATE utf8mb3_unicode_ci DEFAULT NULL,
  `photo_min` varchar(300) DEFAULT NULL,
  `priority` int(2) DEFAULT 0,
  `date` datetime DEFAULT NULL,
  `place` varchar(150) DEFAULT NULL,
  `sponsors` varchar(150) DEFAULT NULL,
  `sponsors_txt` varchar(500) DEFAULT NULL,
  `featured` tinyint(1) DEFAULT 0,
  `promote_from` date DEFAULT NULL,
  `promote_to` date DEFAULT NULL,
  `add_date` datetime DEFAULT NULL,
  `add_by` int(3) DEFAULT NULL,
  `mod_date` datetime DEFAULT NULL,
  `mod_by` int(3) DEFAULT NULL,
  `active` tinyint(1) UNSIGNED DEFAULT 1
) ENGINE=InnoDB DEFAULT CHARSET=utf8mb3 COLLATE=utf8mb3_general_ci;

-- --------------------------------------------------------

--
-- Struktura tabeli dla tabeli `events_desc`
--

CREATE TABLE `events_desc` (
  `id` int(8) NOT NULL,
  `id_events` int(6) DEFAULT 0,
  `id_lang` tinyint(2) DEFAULT NULL,
  `priority` float DEFAULT 0,
  `title` varchar(250) CHARACTER SET utf8mb3 COLLATE utf8mb3_unicode_ci DEFAULT NULL,
  `description` text DEFAULT NULL,
  `advert` varchar(300) DEFAULT NULL,
  `niceurl` varchar(250) DEFAULT NULL,
  `visits` int(12) NOT NULL DEFAULT 0,
  `add_date` datetime DEFAULT NULL,
  `add_by` int(3) DEFAULT NULL,
  `mod_date` datetime DEFAULT NULL,
  `mod_by` int(3) DEFAULT NULL
) ENGINE=InnoDB DEFAULT CHARSET=utf8mb3 COLLATE=utf8mb3_general_ci;

-- --------------------------------------------------------

--
-- Struktura tabeli dla tabeli `files`
--

CREATE TABLE `files` (
  `id` int(12) NOT NULL,
  `lang` varchar(2) CHARACTER SET utf8mb3 COLLATE utf8mb3_unicode_ci DEFAULT NULL,
  `title` varchar(120) CHARACTER SET utf8mb3 COLLATE utf8mb3_unicode_ci DEFAULT NULL,
  `path` varchar(250) CHARACTER SET utf8mb3 COLLATE utf8mb3_unicode_ci DEFAULT NULL,
  `path_min` varchar(240) DEFAULT NULL,
  `controller` varchar(30) CHARACTER SET utf8mb3 COLLATE utf8mb3_unicode_ci DEFAULT NULL,
  `controller_item_id` int(12) DEFAULT NULL,
  `priority` int(3) DEFAULT NULL,
  `add_date` datetime DEFAULT NULL,
  `add_by` int(3) DEFAULT NULL,
  `mod_date` datetime DEFAULT NULL,
  `mod_by` int(3) DEFAULT NULL,
  `active` tinyint(1) DEFAULT 1
) ENGINE=InnoDB DEFAULT CHARSET=utf8mb3 COLLATE=utf8mb3_general_ci;

--
-- Dumping data for table `files`
--

INSERT INTO `files` (`id`, `lang`, `title`, `path`, `path_min`, `controller`, `controller_item_id`, `priority`, `add_date`, `add_by`, `mod_date`, `mod_by`, `active`) VALUES
(68, NULL, '', '/img/images/studio15/5-1536x1024.jpg', '/photo/section37/_1_min.jpg', 'section', 37, 1, '2023-01-24 18:42:29', 1, NULL, NULL, 1),
(69, NULL, '1', '/img/images/studio15/4-1536x1025.jpg', '/photo/section37/_2_min.jpg', 'section', 37, 2, '2023-01-24 18:42:29', 1, NULL, NULL, 1),
(70, NULL, '2', '/img/images/studio15/3-1536x1024.jpg', '/photo/section37/_3_min.jpg', 'section', 37, 3, '2023-01-24 18:42:29', 1, NULL, NULL, 1),
(71, NULL, '3', '/img/images/studio15/1-scaled.jpg', '/photo/section37/_4_min.jpg', 'section', 37, 4, '2023-01-24 18:42:29', 1, NULL, NULL, 1),
(114, NULL, '', '/img/images/galeria/Photo-26-11-2018-15-10-52.jpg', '/photo/page32/_1_min.jpg', 'section', 32, 1, '2023-01-25 09:35:27', 1, NULL, NULL, 1),
(115, NULL, '', '/img/images/galeria/plan-domku.jpg', '/photo/page32/_2_min.jpg', 'section', 32, 2, '2023-01-25 09:35:27', 1, NULL, NULL, 1),
(116, NULL, '', '/img/images/galeria/Photo-08-11-2018-11-31-15.jpg', '/photo/page32/_3_min.jpg', 'section', 32, 3, '2023-01-25 09:35:27', 1, NULL, NULL, 1),
(117, NULL, '', '/img/images/galeria/111111.jpg', '/photo/page32/_4_min.jpg', 'section', 32, 4, '2023-01-25 09:35:27', 1, NULL, NULL, 1),
(118, NULL, '', '/img/images/galeria/basen-taras-i-%C5%9Bwietlica.jpg', '/photo/page32/_5_min.jpg', 'section', 32, 5, '2023-01-25 09:35:27', 1, NULL, NULL, 1),
(119, NULL, '', '/img/images/galeria/taras-i-%C5%9Bwietlica.jpg', '/photo/page32/_6_min.jpg', 'section', 32, 6, '2023-01-25 09:35:27', 1, NULL, NULL, 1),
(120, NULL, '', '/img/images/galeria/basen.jpg', '/photo/page32/_7_min.jpg', 'section', 32, 7, '2023-01-25 09:35:27', 1, NULL, NULL, 1),
(121, NULL, '', '/img/images/galeria/GLOWNE-1-e1546122728213.jpg', '/photo/page32/_8_min.jpg', 'section', 32, 8, '2023-01-25 09:35:27', 1, NULL, NULL, 1),
(122, NULL, '', '/img/images/galeria/ROWER-SZEROKI.jpg', '/photo/page32/_9_min.jpg', 'section', 32, 9, '2023-01-25 09:35:27', 1, NULL, NULL, 1),
(123, NULL, '', '/img/images/galeria/basen-i-trawnik.jpg', '/photo/page32/_10_min.jpg', 'section', 32, 10, '2023-01-25 09:35:27', 1, NULL, NULL, 1),
(124, NULL, '', '/img/images/galeria/Hulajnogi-basen.jpg', '/photo/page32/_11_min.jpg', 'section', 32, 11, '2023-01-25 09:35:27', 1, NULL, NULL, 1),
(125, NULL, '', '/img/images/galeria/IMG_2046-1.jpg', '/photo/page32/_12_min.jpg', 'section', 32, 12, '2023-01-25 09:35:27', 1, NULL, NULL, 1),
(126, NULL, '', '/img/images/galeria/%C5%9Bwietlica-dzieci.jpg', '/photo/page33/_1_min.jpg', 'section', 33, 1, '2023-01-25 09:35:47', 1, NULL, NULL, 1),
(127, NULL, '1', '/img/images/galeria/Photo-08-11-2018-11-31-15.jpg', '/photo/page33/_2_min.jpg', 'section', 33, 2, '2023-01-25 09:35:47', 1, NULL, NULL, 1),
(128, NULL, '2', '/img/images/galeria/Okoliczny-plac-zabaw-zjazd-GOTO.jpg', '/photo/page33/_3_min.jpg', 'section', 33, 3, '2023-01-25 09:35:47', 1, NULL, NULL, 1),
(129, NULL, '3', '/img/images/galeria/Okoliczny-plac-zabaw-statek-GOTO.jpg', '/photo/page33/_4_min.jpg', 'section', 33, 4, '2023-01-25 09:35:47', 1, NULL, NULL, 1),
(130, NULL, '4', '/img/images/galeria/Okoliczny-plac-zabaw-drabinki-GOTO.jpg', '/photo/page33/_5_min.jpg', 'section', 33, 5, '2023-01-25 09:35:47', 1, NULL, NULL, 1),
(131, NULL, '5', '/img/images/galeria/Okoliczny-plac-zabaw-1-done-1.jpg', '/photo/page33/_6_min.jpg', 'section', 33, 6, '2023-01-25 09:35:47', 1, NULL, NULL, 1),
(132, NULL, '6', '/img/images/galeria/Okoliczne-boiska-do-gry-GOTO.jpg', '/photo/page33/_7_min.jpg', 'section', 33, 7, '2023-01-25 09:35:47', 1, NULL, NULL, 1),
(133, NULL, '7', '/img/images/galeria/Hulajnogi-basen.jpg', '/photo/page33/_8_min.jpg', 'section', 33, 8, '2023-01-25 09:35:47', 1, NULL, NULL, 1),
(134, NULL, '8', '/img/images/galeria/basen-i-trawnik.jpg', '/photo/page33/_9_min.jpg', 'section', 33, 9, '2023-01-25 09:35:47', 1, NULL, NULL, 1),
(135, NULL, '9', '/img/images/galeria/111111.jpg', '/photo/page33/_10_min.jpg', 'section', 33, 10, '2023-01-25 09:35:47', 1, NULL, NULL, 1),
(136, NULL, '', '/img/images/galeria/6-1.jpg', '/photo/page34/_1_min.jpg', 'section', 34, 1, '2023-01-25 09:36:19', 1, NULL, NULL, 1),
(137, NULL, '1', '/img/images/galeria/00-DSC_9978.jpg', '/photo/page34/_2_min.jpg', 'section', 34, 2, '2023-01-25 09:36:19', 1, NULL, NULL, 1),
(138, NULL, '2', '/img/images/galeria/00-DSC_9889.jpg', '/photo/page34/_3_min.jpg', 'section', 34, 3, '2023-01-25 09:36:19', 1, NULL, NULL, 1),
(139, NULL, '3', '/img/images/galeria/00-DSC_9880.jpg', '/photo/page34/_4_min.jpg', 'section', 34, 4, '2023-01-25 09:36:19', 1, NULL, NULL, 1),
(140, NULL, '4', '/img/images/galeria/00-DSC_9773.jpg', '/photo/page34/_5_min.jpg', 'section', 34, 5, '2023-01-25 09:36:19', 1, NULL, NULL, 1),
(141, NULL, '', '/img/images/galeria/00-DSC_0034.jpg', '/photo/page35/_1_min.jpg', 'section', 35, 1, '2023-01-25 09:36:43', 1, NULL, NULL, 1),
(142, NULL, '1', '/img/images/galeria/0-DSC_0174.jpg', '/photo/page35/_2_min.jpg', 'section', 35, 2, '2023-01-25 09:36:43', 1, NULL, NULL, 1),
(143, NULL, '2', '/img/images/galeria/0-DSC_0083.jpg', '/photo/page35/_3_min.jpg', 'section', 35, 3, '2023-01-25 09:36:43', 1, NULL, NULL, 1),
(144, NULL, '3', '/img/images/galeria/0-DSC_0069.jpg', '/photo/page35/_4_min.jpg', 'section', 35, 4, '2023-01-25 09:36:43', 1, NULL, NULL, 1),
(145, NULL, '4', '/img/images/galeria/0-DSC_0037.jpg', '/photo/page35/_5_min.jpg', 'section', 35, 5, '2023-01-25 09:36:43', 1, NULL, NULL, 1),
(146, NULL, '5', '/img/images/galeria/0-DSC_0026.jpg', '/photo/page35/_6_min.jpg', 'section', 35, 6, '2023-01-25 09:36:43', 1, NULL, NULL, 1),
(147, NULL, '6', '/img/images/galeria/0-DSC_0023.jpg', '/photo/page35/_7_min.jpg', 'section', 35, 7, '2023-01-25 09:36:43', 1, NULL, NULL, 1),
(148, NULL, '', '/img/images/galeria/00-DSC_9978.jpg', '/photo/page36/_1_min.jpg', 'section', 36, 1, '2023-01-25 09:37:02', 1, NULL, NULL, 1),
(149, NULL, '1', '/img/images/galeria/00-DSC_9806.jpg', '/photo/page36/_2_min.jpg', 'section', 36, 2, '2023-01-25 09:37:02', 1, NULL, NULL, 1),
(150, NULL, '2', '/img/images/galeria/00-DSC_9801.jpg', '/photo/page36/_3_min.jpg', 'section', 36, 3, '2023-01-25 09:37:02', 1, NULL, NULL, 1),
(151, NULL, '3', '/img/images/galeria/00-DSC_9786-1.jpg', '/photo/page36/_4_min.jpg', 'section', 36, 4, '2023-01-25 09:37:02', 1, NULL, NULL, 1),
(170, NULL, 'WiFi Internet', '/img/images/amenties/amenities-wifi-dark.png', '/photo/page41/_1_min.png', 'section', 41, 1, '2023-01-25 14:27:41', 1, NULL, NULL, 1),
(171, NULL, 'Relaxation zones', '/img/images/amenties/amenities-relax.png', '/photo/page41/_2_min.png', 'section', 41, 2, '2023-01-25 14:27:41', 1, NULL, NULL, 1),
(172, NULL, 'Swimming pool', '/img/images/amenties/amenities-pool.png', '/photo/page41/_3_min.png', 'section', 41, 3, '2023-01-25 14:27:41', 1, NULL, NULL, 1),
(173, NULL, 'Playground and play room', '/img/images/amenties/amenities-playground-dark.png', '/photo/page41/_4_min.png', 'section', 41, 4, '2023-01-25 14:27:41', 1, NULL, NULL, 1),
(174, NULL, 'Free parking', '/img/images/amenties/amenities-parking.png', '/photo/page41/_5_min.png', 'section', 41, 5, '2023-01-25 14:27:41', 1, NULL, NULL, 1),
(175, NULL, 'Monitoring', '/img/images/amenties/amenities-monitoring.png', '/photo/page41/_6_min.png', 'section', 41, 6, '2023-01-25 14:27:41', 1, NULL, NULL, 1),
(176, NULL, 'Bicycles', '/img/images/amenties/amenities-bicycles-dark.png', '/photo/page41/_7_min.png', 'section', 41, 7, '2023-01-25 14:27:41', 1, NULL, NULL, 1),
(177, NULL, 'Barbecue area', '/img/images/amenties/amenities-bbq.png', '/photo/page41/_8_min.png', 'section', 41, 8, '2023-01-25 14:27:41', 1, NULL, NULL, 1),
(178, NULL, 'Animations and games', '/img/images/amenties/amenities-animator-dark.png', '/photo/page41/_9_min.png', 'section', 41, 9, '2023-01-25 14:27:41', 1, NULL, NULL, 1),
(179, NULL, 'WiFi-Internet', '/img/images/amenties/amenities-wifi-dark.png', '/photo/page42/_1_min.png', 'section', 42, 1, '2023-01-25 14:55:38', 1, NULL, NULL, 1),
(180, NULL, 'Entspannungszonen', '/img/images/amenties/amenities-relax.png', '/photo/page42/_2_min.png', 'section', 42, 2, '2023-01-25 14:55:38', 1, NULL, NULL, 1),
(181, NULL, 'Schwimmbad', '/img/images/amenties/amenities-pool.png', '/photo/page42/_3_min.png', 'section', 42, 3, '2023-01-25 14:55:38', 1, NULL, NULL, 1),
(182, NULL, 'Spielplatz und Aufenthaltsraum', '/img/images/amenties/amenities-playground-dark.png', '/photo/page42/_4_min.png', 'section', 42, 4, '2023-01-25 14:55:38', 1, NULL, NULL, 1),
(183, NULL, 'Kostenloses Parken', '/img/images/amenties/amenities-parking.png', '/photo/page42/_5_min.png', 'section', 42, 5, '2023-01-25 14:55:38', 1, NULL, NULL, 1),
(184, NULL, 'Überwachung', '/img/images/amenties/amenities-monitoring.png', '/photo/page42/_6_min.png', 'section', 42, 6, '2023-01-25 14:55:38', 1, NULL, NULL, 1),
(185, NULL, 'Fahrräder', '/img/images/amenties/amenities-bicycles-dark.png', '/photo/page42/_7_min.png', 'section', 42, 7, '2023-01-25 14:55:38', 1, NULL, NULL, 1),
(186, NULL, 'Barbecue-Bereich', '/img/images/amenties/amenities-bbq.png', '/photo/page42/_8_min.png', 'section', 42, 8, '2023-01-25 14:55:38', 1, NULL, NULL, 1),
(187, NULL, 'Animation und Spiele', '/img/images/amenties/amenities-animator-dark.png', '/photo/page42/_9_min.png', 'section', 42, 9, '2023-01-25 14:55:38', 1, NULL, NULL, 1),
(230, NULL, '', '/img/images/galeria/%C5%9Bwietlica-dzieci.jpg', '/photo/page31/_1_min.jpg', 'section', 31, 1, '2023-02-02 20:59:27', 1, NULL, NULL, 1),
(231, NULL, '1', '/img/images/galeria/taras-i-%C5%9Bwietlica.jpg', '/photo/page31/_2_min.jpg', 'section', 31, 2, '2023-02-02 20:59:27', 1, NULL, NULL, 1),
(232, NULL, '8', '/img/images/galeria/Photo-08-11-2018-11-31-15.jpg', '/photo/page31/_3_min.jpg', 'section', 31, 3, '2023-02-02 20:59:27', 1, NULL, NULL, 1),
(233, NULL, '2', '/img/images/galeria/ROWER-SZEROKI.jpg', '/photo/page31/_4_min.jpg', 'section', 31, 4, '2023-02-02 20:59:27', 1, NULL, NULL, 1),
(234, NULL, '4', '/img/images/galeria/Photo-30-10-2018-14-34-30.jpg', '/photo/page31/_5_min.jpg', 'section', 31, 5, '2023-02-02 20:59:27', 1, NULL, NULL, 1),
(235, NULL, '5', '/img/images/galeria/Photo-30-10-2018-14-32-57.jpg', '/photo/page31/_6_min.jpg', 'section', 31, 6, '2023-02-02 20:59:27', 1, NULL, NULL, 1),
(236, NULL, '12', '/img/images/galeria/Okoliczny-plac-zabaw-drabinki-GOTO.jpg', '/photo/page31/_7_min.jpg', 'section', 31, 7, '2023-02-02 20:59:27', 1, NULL, NULL, 1),
(237, NULL, '6', '/img/images/galeria/Photo-30-10-2018-14-27-34.jpg', '/photo/page31/_8_min.jpg', 'section', 31, 8, '2023-02-02 20:59:27', 1, NULL, NULL, 1),
(238, NULL, '7', '/img/images/galeria/Photo-26-11-2018-15-10-52.jpg', '/photo/page31/_9_min.jpg', 'section', 31, 9, '2023-02-02 20:59:27', 1, NULL, NULL, 1),
(239, NULL, '9', '/img/images/galeria/Photo-04-10-2018-13-27-13-II.jpg', '/photo/page31/_10_min.jpg', 'section', 31, 10, '2023-02-02 20:59:27', 1, NULL, NULL, 1),
(240, NULL, '10', '/img/images/galeria/Okoliczny-plac-zabaw-zjazd-GOTO.jpg', '/photo/page31/_11_min.jpg', 'section', 31, 11, '2023-02-02 20:59:27', 1, NULL, NULL, 1),
(241, NULL, '11', '/img/images/galeria/Okoliczny-plac-zabaw-statek-GOTO.jpg', '/photo/page31/_12_min.jpg', 'section', 31, 12, '2023-02-02 20:59:27', 1, NULL, NULL, 1),
(242, NULL, '13', '/img/images/galeria/Okoliczny-plac-zabaw-1-done-1.jpg', '/photo/page31/_13_min.jpg', 'section', 31, 13, '2023-02-02 20:59:27', 1, NULL, NULL, 1),
(243, NULL, '14', '/img/images/galeria/Okoliczne-boiska-do-gry-GOTO.jpg', '/photo/page31/_14_min.jpg', 'section', 31, 14, '2023-02-02 20:59:27', 1, NULL, NULL, 1),
(244, NULL, '15', '/img/images/galeria/Kuchnia-reviews-27-1.jpg', '/photo/page31/_15_min.jpg', 'section', 31, 15, '2023-02-02 20:59:27', 1, NULL, NULL, 1),
(245, NULL, '16', '/img/images/galeria/IMG_2046-1.jpg', '/photo/page31/_16_min.jpg', 'section', 31, 16, '2023-02-02 20:59:27', 1, NULL, NULL, 1),
(246, NULL, '17', '/img/images/galeria/Hulajnogi-basen.jpg', '/photo/page31/_17_min.jpg', 'section', 31, 17, '2023-02-02 20:59:27', 1, NULL, NULL, 1),
(247, NULL, '18', '/img/images/galeria/GLOWNE-1-e1546122728213.jpg', '/photo/page31/_18_min.jpg', 'section', 31, 18, '2023-02-02 20:59:27', 1, NULL, NULL, 1),
(248, NULL, '19', '/img/images/galeria/basen.jpg', '/photo/page31/_19_min.jpg', 'section', 31, 19, '2023-02-02 20:59:27', 1, NULL, NULL, 1),
(249, NULL, '20', '/img/images/galeria/basen-taras-i-%C5%9Bwietlica.jpg', '/photo/page31/_20_min.jpg', 'section', 31, 20, '2023-02-02 20:59:27', 1, NULL, NULL, 1),
(250, NULL, '21', '/img/images/galeria/basen-i-trawnik.jpg', '/photo/page31/_21_min.jpg', 'section', 31, 21, '2023-02-02 20:59:27', 1, NULL, NULL, 1),
(251, NULL, '22', '/img/images/galeria/basen-i-taras.jpg', '/photo/page31/_22_min.jpg', 'section', 31, 22, '2023-02-02 20:59:27', 1, NULL, NULL, 1),
(252, NULL, '23', '/img/images/galeria/6-1.jpg', '/photo/page31/_23_min.jpg', 'section', 31, 23, '2023-02-02 20:59:27', 1, NULL, NULL, 1),
(253, NULL, '24', '/img/images/galeria/111111.jpg', '/photo/page31/_24_min.jpg', 'section', 31, 24, '2023-02-02 20:59:27', 1, NULL, NULL, 1),
(254, NULL, '25', '/img/images/galeria/00-DSC_9978.jpg', '/photo/page31/_25_min.jpg', 'section', 31, 25, '2023-02-02 20:59:27', 1, NULL, NULL, 1),
(255, NULL, '26', '/img/images/galeria/00-DSC_9889.jpg', '/photo/page31/_26_min.jpg', 'section', 31, 26, '2023-02-02 20:59:27', 1, NULL, NULL, 1),
(256, NULL, '27', '/img/images/galeria/00-DSC_9880.jpg', '/photo/page31/_27_min.jpg', 'section', 31, 27, '2023-02-02 20:59:27', 1, NULL, NULL, 1),
(257, NULL, '28', '/img/images/galeria/00-DSC_9806.jpg', '/photo/page31/_28_min.jpg', 'section', 31, 28, '2023-02-02 20:59:27', 1, NULL, NULL, 1),
(258, NULL, '29', '/img/images/galeria/00-DSC_9801.jpg', '/photo/page31/_29_min.jpg', 'section', 31, 29, '2023-02-02 20:59:27', 1, NULL, NULL, 1),
(259, NULL, '30', '/img/images/galeria/00-DSC_9786-1.jpg', '/photo/page31/_30_min.jpg', 'section', 31, 30, '2023-02-02 20:59:27', 1, NULL, NULL, 1),
(260, NULL, '31', '/img/images/galeria/00-DSC_9773.jpg', '/photo/page31/_31_min.jpg', 'section', 31, 31, '2023-02-02 20:59:27', 1, NULL, NULL, 1),
(261, NULL, '32', '/img/images/galeria/00-DSC_0034.jpg', '/photo/page31/_32_min.jpg', 'section', 31, 32, '2023-02-02 20:59:27', 1, NULL, NULL, 1),
(262, NULL, '33', '/img/images/galeria/0-DSC_9935.jpg', '/photo/page31/_33_min.jpg', 'section', 31, 33, '2023-02-02 20:59:27', 1, NULL, NULL, 1),
(263, NULL, '34', '/img/images/galeria/0-DSC_9909.jpg', '/photo/page31/_34_min.jpg', 'section', 31, 34, '2023-02-02 20:59:27', 1, NULL, NULL, 1),
(264, NULL, '35', '/img/images/galeria/0-DSC_0174.jpg', '/photo/page31/_35_min.jpg', 'section', 31, 35, '2023-02-02 20:59:27', 1, NULL, NULL, 1),
(265, NULL, '36', '/img/images/galeria/0-DSC_0093.jpg', '/photo/page31/_36_min.jpg', 'section', 31, 36, '2023-02-02 20:59:27', 1, NULL, NULL, 1),
(266, NULL, '37', '/img/images/galeria/0-DSC_0083.jpg', '/photo/page31/_37_min.jpg', 'section', 31, 37, '2023-02-02 20:59:27', 1, NULL, NULL, 1),
(267, NULL, '38', '/img/images/galeria/0-DSC_0069.jpg', '/photo/page31/_38_min.jpg', 'section', 31, 38, '2023-02-02 20:59:27', 1, NULL, NULL, 1),
(268, NULL, '39', '/img/images/galeria/0-DSC_0037.jpg', '/photo/page31/_39_min.jpg', 'section', 31, 39, '2023-02-02 20:59:27', 1, NULL, NULL, 1),
(269, NULL, '40', '/img/images/galeria/0-DSC_00276.jpg', '/photo/page31/_40_min.jpg', 'section', 31, 40, '2023-02-02 20:59:27', 1, NULL, NULL, 1),
(270, NULL, '41', '/img/images/galeria/0-DSC_0026.jpg', '/photo/page31/_41_min.jpg', 'section', 31, 41, '2023-02-02 20:59:27', 1, NULL, NULL, 1),
(271, NULL, '42', '/img/images/galeria/0-DSC_0023.jpg', '/photo/page31/_42_min.jpg', 'section', 31, 42, '2023-02-02 20:59:27', 1, NULL, NULL, 1),
(303, NULL, '', '/img/images/atrakcje/kajaki.jpg', '/photo/attraction8/atrakcje-dla-rodzin-pl_1_min.jpg', 'attractions', 8, 1, '2023-03-02 21:20:19', 1, NULL, NULL, 1),
(304, NULL, '1', '/img/images/atrakcje/basen.jpg', '/photo/attraction8/atrakcje-dla-rodzin-pl_2_min.jpg', 'attractions', 8, 2, '2023-03-02 21:20:19', 1, NULL, NULL, 1),
(305, NULL, '2', '/img/images/atrakcje/304949992_449882087158603_2668228483504848116_n.jpg', '/photo/attraction8/atrakcje-dla-rodzin-pl_3_min.jpg', 'attractions', 8, 3, '2023-03-02 21:20:19', 1, NULL, NULL, 1),
(306, NULL, '', '/img/images/atrakcje/ciacho.jpg', '/photo/attraction8/atrakcje-dla-rodzin-pl_4_min.jpg', 'attractions', 8, 4, '2023-03-02 21:20:19', 1, NULL, NULL, 1),
(317, NULL, '', '/img/images/atrakcje/jelenia_gora_noca.jpg', '/photo/attraction9/zimowe-szalenstwo-pl_1_min.jpg', 'attractions', 9, 1, '2023-03-02 21:31:34', 1, NULL, NULL, 1),
(318, NULL, '', '/img/images/atrakcje/sanki_karkonosze.jpg', '/photo/attraction9/zimowe-szalenstwo-pl_2_min.jpg', 'attractions', 9, 2, '2023-03-02 21:31:34', 1, NULL, NULL, 1),
(319, NULL, '1', '/img/images/atrakcje/narciarstwo_biegowe.jpg', '/photo/attraction9/zimowe-szalenstwo-pl_3_min.jpg', 'attractions', 9, 3, '2023-03-02 21:31:34', 1, NULL, NULL, 1),
(320, NULL, '2', '/img/images/atrakcje/deska.jpg', '/photo/attraction9/zimowe-szalenstwo-pl_4_min.jpg', 'attractions', 9, 4, '2023-03-02 21:31:34', 1, NULL, NULL, 1),
(327, NULL, 'Wejście od przodu budynku', '/img/images/instrukcje/plac_ratuoszowy4_odprzodu.jpg', '/photo/n53/apartament-zloty-jelonek_1_min.jpg', 'apartments', 53, 1, '2023-07-28 16:03:05', 1, NULL, NULL, 1),
(328, NULL, 'Wejście od tyłu budynku', '/img/images/instrukcje/odtylu.jpg', '/photo/n53/apartament-zloty-jelonek_2_min.jpg', 'apartments', 53, 2, '2023-07-28 16:03:05', 1, NULL, NULL, 1),
(359, NULL, 'Dzwi od apartamentu', '/img/images/instrukcje/szeptlasu/WhatsApp%20Image%202023-07-31%20at%2013-00-49.jpg', '/photo/n74/apartament-szept-lasu_1_min.jpg', 'apartments', 74, 1, '2023-07-31 13:13:08', 15, NULL, NULL, 1),
(360, NULL, 'Skrzynka na kod', '/img/images/instrukcje/szeptlasu/WhatsApp%20Image%202023-07-31%20at%2013-00-48.jpg', '/photo/n74/apartament-szept-lasu_2_min.jpg', 'apartments', 74, 2, '2023-07-31 13:13:08', 15, NULL, NULL, 1),
(361, NULL, 'Parking 16A miejsce nr. 10 przy klatce', '/img/images/instrukcje/szeptlasu/WhatsApp%20Image%202023-07-31%20at%2013-00-47.jpg', '/photo/n74/apartament-szept-lasu_3_min.jpg', 'apartments', 74, 3, '2023-07-31 13:13:08', 15, NULL, NULL, 1),
(362, NULL, 'Wejście do dzwi', '/img/images/instrukcje/rodzinnezacisze/WhatsApp%20Image%202023-07-31%20at%2012-42-52.jpg', '/photo/n72/apartament-rodzinne-zacisze_1_min.jpg', 'apartments', 72, 1, '2023-11-13 17:55:56', 15, NULL, NULL, 1),
(363, NULL, 'Parking nr. 02', '/img/images/instrukcje/rodzinnezacisze/WhatsApp%20Image%202023-07-31%20at%2012-42-51.jpg', '/photo/n72/apartament-rodzinne-zacisze_2_min.jpg', 'apartments', 72, 2, '2023-11-13 17:55:56', 15, NULL, NULL, 1),
(364, NULL, 'Parking nr. 02', '/img/images/instrukcje/rodzinnezacisze/WhatsApp%20Image%202023-07-31%20at%2012-42-50.jpg', '/photo/n72/apartament-rodzinne-zacisze_3_min.jpg', 'apartments', 72, 3, '2023-11-13 17:55:56', 15, NULL, NULL, 1),
(365, NULL, 'Wejście do klatki', '/img/images/instrukcje/rodzinnezacisze/WhatsApp%20Image%202023-07-31%20at%2012-42-49.jpg', '/photo/n72/apartament-rodzinne-zacisze_4_min.jpg', 'apartments', 72, 4, '2023-11-13 17:55:56', 15, NULL, NULL, 1),
(447, NULL, '7', '/img/images/vittoria/STUDIOZBALKONEM/Rondo_Miedzyzdroje_2048px-28.jpg', '/photo/page77/_1_min.jpg', 'section', 77, 1, '2024-07-21 16:03:28', 1, NULL, NULL, 1),
(448, NULL, '', '/img/images/vittoria/STUDIOZBALKONEM/Rondo_Miedzyzdroje_maksymalnarozdzielczosc-13.jpg', '/photo/page77/_2_min.jpg', 'section', 77, 2, '2024-07-21 16:03:28', 1, NULL, NULL, 1),
(449, NULL, '1', '/img/images/vittoria/STUDIOZBALKONEM/Rondo_Miedzyzdroje_2048px.jpg', '/photo/page77/_3_min.jpg', 'section', 77, 3, '2024-07-21 16:03:28', 1, NULL, NULL, 1),
(450, NULL, '2', '/img/images/vittoria/STUDIOZBALKONEM/Rondo_Miedzyzdroje_2048px-8.jpg', '/photo/page77/_4_min.jpg', 'section', 77, 4, '2024-07-21 16:03:28', 1, NULL, NULL, 1),
(451, NULL, '3', '/img/images/vittoria/STUDIOZBALKONEM/Rondo_Miedzyzdroje_2048px-5.jpg', '/photo/page77/_5_min.jpg', 'section', 77, 5, '2024-07-21 16:03:28', 1, NULL, NULL, 1),
(452, NULL, '4', '/img/images/vittoria/STUDIOZBALKONEM/Rondo_Miedzyzdroje_2048px-34.jpg', '/photo/page77/_6_min.jpg', 'section', 77, 6, '2024-07-21 16:03:28', 1, NULL, NULL, 1),
(453, NULL, '5', '/img/images/vittoria/STUDIOZBALKONEM/Rondo_Miedzyzdroje_2048px-33.jpg', '/photo/page77/_7_min.jpg', 'section', 77, 7, '2024-07-21 16:03:28', 1, NULL, NULL, 1),
(454, NULL, '6', '/img/images/vittoria/STUDIOZBALKONEM/Rondo_Miedzyzdroje_2048px-3.jpg', '/photo/page77/_8_min.jpg', 'section', 77, 8, '2024-07-21 16:03:28', 1, NULL, NULL, 1),
(455, NULL, '8', '/img/images/vittoria/STUDIOZBALKONEM/Rondo_Miedzyzdroje_2048px-24.jpg', '/photo/page77/_9_min.jpg', 'section', 77, 9, '2024-07-21 16:03:28', 1, NULL, NULL, 1),
(456, NULL, '9', '/img/images/vittoria/STUDIOZBALKONEM/Rondo_Miedzyzdroje_2048px-231.jpg', '/photo/page77/_10_min.jpg', 'section', 77, 10, '2024-07-21 16:03:28', 1, NULL, NULL, 1),
(457, NULL, '10', '/img/images/vittoria/STUDIOZBALKONEM/Rondo_Miedzyzdroje_2048px-230.jpg', '/photo/page77/_11_min.jpg', 'section', 77, 11, '2024-07-21 16:03:28', 1, NULL, NULL, 1),
(458, NULL, '11', '/img/images/vittoria/STUDIOZBALKONEM/Rondo_Miedzyzdroje_2048px-23.jpg', '/photo/page77/_12_min.jpg', 'section', 77, 12, '2024-07-21 16:03:28', 1, NULL, NULL, 1),
(459, NULL, '12', '/img/images/vittoria/STUDIOZBALKONEM/Rondo_Miedzyzdroje_2048px-229.jpg', '/photo/page77/_13_min.jpg', 'section', 77, 13, '2024-07-21 16:03:28', 1, NULL, NULL, 1),
(460, NULL, '13', '/img/images/vittoria/STUDIOZBALKONEM/Rondo_Miedzyzdroje_2048px-228.jpg', '/photo/page77/_14_min.jpg', 'section', 77, 14, '2024-07-21 16:03:28', 1, NULL, NULL, 1),
(461, NULL, '14', '/img/images/vittoria/STUDIOZBALKONEM/Rondo_Miedzyzdroje_2048px-226.jpg', '/photo/page77/_15_min.jpg', 'section', 77, 15, '2024-07-21 16:03:28', 1, NULL, NULL, 1),
(462, NULL, '15', '/img/images/vittoria/STUDIOZBALKONEM/Rondo_Miedzyzdroje_2048px-22.jpg', '/photo/page77/_16_min.jpg', 'section', 77, 16, '2024-07-21 16:03:28', 1, NULL, NULL, 1),
(463, NULL, '16', '/img/images/vittoria/STUDIOZBALKONEM/Rondo_Miedzyzdroje_2048px-19.jpg', '/photo/page77/_17_min.jpg', 'section', 77, 17, '2024-07-21 16:03:28', 1, NULL, NULL, 1),
(464, NULL, '17', '/img/images/vittoria/STUDIOZBALKONEM/Rondo_Miedzyzdroje_2048px-16.jpg', '/photo/page77/_18_min.jpg', 'section', 77, 18, '2024-07-21 16:03:28', 1, NULL, NULL, 1),
(465, NULL, '18', '/img/images/vittoria/STUDIOZBALKONEM/Rondo_Miedzyzdroje_2048px-10.jpg', '/photo/page77/_19_min.jpg', 'section', 77, 19, '2024-07-21 16:03:28', 1, NULL, NULL, 1),
(591, NULL, 'Blisko morza', '/img/images/amenties/termy.svg', '', 'section', 67, 1, '2024-11-26 09:41:55', 16, NULL, NULL, 1),
(592, NULL, 'Przyjazne pupilom', '/img/images/amenties/pet_friendly.svg', '', 'section', 67, 2, '2024-11-26 09:41:55', 16, NULL, NULL, 1),
(593, NULL, 'Kompetentna obsługa', '/img/images/amenties/obsluga.svg', '', 'section', 67, 3, '2024-11-26 09:41:55', 16, NULL, NULL, 1),
(594, NULL, 'Idealne na urlop', '/img/images/amenties/atrakcje_sloneczne_dni.svg', '', 'section', 67, 4, '2024-11-26 09:41:55', 16, NULL, NULL, 1),
(595, NULL, 'Wygodne apartamenty', '/img/images/amenties/apartamenty.svg', '', 'section', 67, 5, '2024-11-26 09:41:55', 16, NULL, NULL, 1),
(686, NULL, 'Blisko morza', '/img/images/amenties/termy.svg', '', 'section', 1, 1, '2025-01-30 08:49:01', 16, NULL, NULL, 1),
(687, NULL, 'Przyjazne pupilom', '/img/images/amenties/pet_friendly.svg', '', 'section', 1, 2, '2025-01-30 08:49:01', 16, NULL, NULL, 1),
(688, NULL, 'Kompetentna obsługa', '/img/images/amenties/obsluga.svg', '', 'section', 1, 3, '2025-01-30 08:49:01', 16, NULL, NULL, 1),
(689, NULL, 'Idealne na urlop', '/img/images/amenties/atrakcje_sloneczne_dni.svg', '', 'section', 1, 4, '2025-01-30 08:49:01', 16, NULL, NULL, 1),
(690, NULL, 'Wygodne apartamenty', '/img/images/amenties/apartamenty.svg', '', 'section', 1, 5, '2025-01-30 08:49:01', 16, NULL, NULL, 1);

-- --------------------------------------------------------

--
-- Struktura tabeli dla tabeli `gallery`
--

CREATE TABLE `gallery` (
  `id` int(6) NOT NULL,
  `photo` varchar(300) CHARACTER SET utf8mb3 COLLATE utf8mb3_unicode_ci DEFAULT NULL,
  `photo_min` varchar(300) DEFAULT NULL,
  `featured` tinyint(1) DEFAULT 0,
  `id_categories` int(2) DEFAULT NULL,
  `send_date` datetime DEFAULT NULL,
  `send_by` int(3) DEFAULT NULL,
  `promote_from` date DEFAULT NULL,
  `promote_to` date DEFAULT NULL,
  `add_date` datetime DEFAULT NULL,
  `add_by` int(3) DEFAULT NULL,
  `mod_date` datetime DEFAULT NULL,
  `mod_by` int(3) DEFAULT NULL,
  `active` tinyint(1) UNSIGNED DEFAULT 1,
  `reward` varchar(300) DEFAULT NULL
) ENGINE=InnoDB DEFAULT CHARSET=utf8mb3 COLLATE=utf8mb3_general_ci;

-- --------------------------------------------------------

--
-- Struktura tabeli dla tabeli `gallery_desc`
--

CREATE TABLE `gallery_desc` (
  `id` int(8) NOT NULL,
  `id_gallery` int(6) DEFAULT 0,
  `id_lang` tinyint(2) DEFAULT NULL,
  `priority` float DEFAULT 0,
  `title` varchar(250) CHARACTER SET utf8mb3 COLLATE utf8mb3_unicode_ci DEFAULT NULL,
  `description` text DEFAULT NULL,
  `advert` varchar(300) DEFAULT NULL,
  `niceurl` varchar(250) DEFAULT NULL,
  `visits` int(12) NOT NULL DEFAULT 0,
  `add_date` datetime DEFAULT NULL,
  `add_by` int(3) DEFAULT NULL,
  `mod_date` datetime DEFAULT NULL,
  `mod_by` int(3) DEFAULT NULL
) ENGINE=InnoDB DEFAULT CHARSET=utf8mb3 COLLATE=utf8mb3_general_ci;

-- --------------------------------------------------------

--
-- Struktura tabeli dla tabeli `job`
--

CREATE TABLE `job` (
  `id` int(6) NOT NULL,
  `photo` varchar(300) CHARACTER SET utf8mb3 COLLATE utf8mb3_unicode_ci DEFAULT NULL,
  `photo_min` varchar(300) DEFAULT NULL,
  `featured` tinyint(1) DEFAULT 0,
  `id_categories` int(2) DEFAULT NULL,
  `send_date` datetime DEFAULT NULL,
  `send_by` int(3) DEFAULT NULL,
  `promote_from` date DEFAULT NULL,
  `promote_to` date DEFAULT NULL,
  `add_date` datetime DEFAULT NULL,
  `add_by` int(3) DEFAULT NULL,
  `mod_date` datetime DEFAULT NULL,
  `mod_by` int(3) DEFAULT NULL,
  `active` tinyint(1) UNSIGNED DEFAULT 1,
  `reward` varchar(300) DEFAULT NULL
) ENGINE=InnoDB DEFAULT CHARSET=utf8mb3 COLLATE=utf8mb3_general_ci;

-- --------------------------------------------------------

--
-- Struktura tabeli dla tabeli `job_desc`
--

CREATE TABLE `job_desc` (
  `id` int(8) NOT NULL,
  `id_job` int(6) DEFAULT 0,
  `id_lang` tinyint(2) DEFAULT NULL,
  `priority` float DEFAULT 0,
  `title` varchar(250) CHARACTER SET utf8mb3 COLLATE utf8mb3_unicode_ci DEFAULT NULL,
  `description` text DEFAULT NULL,
  `advert` varchar(300) DEFAULT NULL,
  `niceurl` varchar(250) DEFAULT NULL,
  `visits` int(12) NOT NULL DEFAULT 0,
  `add_date` datetime DEFAULT NULL,
  `add_by` int(3) DEFAULT NULL,
  `mod_date` datetime DEFAULT NULL,
  `mod_by` int(3) DEFAULT NULL
) ENGINE=InnoDB DEFAULT CHARSET=utf8mb3 COLLATE=utf8mb3_general_ci;

-- --------------------------------------------------------

--
-- Struktura tabeli dla tabeli `lang`
--

CREATE TABLE `lang` (
  `id` int(2) NOT NULL,
  `id_currency` tinyint(3) DEFAULT NULL,
  `id_countries` tinyint(3) DEFAULT NULL,
  `id_continents` tinyint(2) DEFAULT NULL,
  `short` varchar(5) CHARACTER SET utf8mb3 COLLATE utf8mb3_unicode_ci DEFAULT NULL,
  `name` varchar(20) CHARACTER SET utf8mb3 COLLATE utf8mb3_unicode_ci DEFAULT NULL,
  `domain` varchar(20) CHARACTER SET utf8mb3 COLLATE utf8mb3_unicode_ci DEFAULT NULL,
  `units_system` varchar(12) DEFAULT 'metric',
  `priority` tinyint(2) DEFAULT 0,
  `add_date` datetime DEFAULT NULL,
  `add_by` int(3) DEFAULT NULL,
  `mod_date` datetime DEFAULT NULL,
  `mod_by` int(3) DEFAULT NULL,
  `active` tinyint(1) DEFAULT 1
) ENGINE=InnoDB DEFAULT CHARSET=utf8mb3 COLLATE=utf8mb3_general_ci;

--
-- Dumping data for table `lang`
--

INSERT INTO `lang` (`id`, `id_currency`, `id_countries`, `id_continents`, `short`, `name`, `domain`, `units_system`, `priority`, `add_date`, `add_by`, `mod_date`, `mod_by`, `active`) VALUES
(1, NULL, NULL, NULL, 'pl', 'Polski', NULL, 'metric', 0, '2015-06-23 13:08:59', 1, '2020-11-24 12:51:07', 1, 1);

-- --------------------------------------------------------

--
-- Struktura tabeli dla tabeli `menu`
--

CREATE TABLE `menu` (
  `id` int(4) NOT NULL,
  `id_lang` tinyint(2) DEFAULT NULL,
  `type` varchar(20) DEFAULT 'main',
  `add_date` datetime DEFAULT NULL,
  `add_by` int(3) DEFAULT NULL,
  `mod_date` datetime DEFAULT NULL,
  `mod_by` int(3) DEFAULT NULL,
  `active` tinyint(1) UNSIGNED DEFAULT 1
) ENGINE=InnoDB DEFAULT CHARSET=utf8mb3 COLLATE=utf8mb3_general_ci;

--
-- Dumping data for table `menu`
--

INSERT INTO `menu` (`id`, `id_lang`, `type`, `add_date`, `add_by`, `mod_date`, `mod_by`, `active`) VALUES
(1, 1, 'main', '2015-06-23 13:10:18', 1, NULL, NULL, 1),
(12, 18, 'main', '2021-09-13 07:10:30', 1, '2023-03-30 22:04:24', 1, 0),
(13, 19, 'main', '2022-08-18 14:44:45', 1, '2023-03-30 22:04:28', 1, 0);

-- --------------------------------------------------------

--
-- Struktura tabeli dla tabeli `menu_items`
--

CREATE TABLE `menu_items` (
  `id` int(4) NOT NULL,
  `id_menu` int(4) NOT NULL,
  `parent_id` int(4) NOT NULL,
  `controller` varchar(30) CHARACTER SET utf8mb3 COLLATE utf8mb3_unicode_ci DEFAULT 'pages',
  `action` varchar(20) CHARACTER SET utf8mb3 COLLATE utf8mb3_unicode_ci DEFAULT 'index',
  `params` varchar(50) DEFAULT NULL,
  `page_id` int(6) DEFAULT 0,
  `priority` float DEFAULT 0,
  `href` varchar(200) CHARACTER SET utf8mb3 COLLATE utf8mb3_unicode_ci DEFAULT NULL,
  `source` varchar(20) DEFAULT 'page',
  `window` varchar(20) CHARACTER SET utf8mb3 COLLATE utf8mb3_unicode_ci DEFAULT NULL,
  `class` varchar(30) CHARACTER SET utf8mb3 COLLATE utf8mb3_unicode_ci DEFAULT NULL,
  `photo` varchar(200) CHARACTER SET utf8mb3 COLLATE utf8mb3_unicode_ci DEFAULT NULL,
  `visible` tinyint(1) DEFAULT 1,
  `extra` varchar(120) DEFAULT NULL,
  `title` varchar(200) CHARACTER SET utf8mb3 COLLATE utf8mb3_unicode_ci DEFAULT NULL,
  `description` varchar(500) DEFAULT NULL,
  `niceurl` varchar(180) CHARACTER SET utf8mb3 COLLATE utf8mb3_unicode_ci DEFAULT NULL,
  `visits` int(10) UNSIGNED DEFAULT 0,
  `add_date` datetime DEFAULT NULL,
  `add_by` int(3) DEFAULT NULL,
  `mod_date` datetime DEFAULT NULL,
  `mod_by` int(3) DEFAULT NULL,
  `active` tinyint(1) UNSIGNED DEFAULT 1
) ENGINE=InnoDB DEFAULT CHARSET=utf8mb3 COLLATE=utf8mb3_general_ci;

--
-- Dumping data for table `menu_items`
--

INSERT INTO `menu_items` (`id`, `id_menu`, `parent_id`, `controller`, `action`, `params`, `page_id`, `priority`, `href`, `source`, `window`, `class`, `photo`, `visible`, `extra`, `title`, `description`, `niceurl`, `visits`, `add_date`, `add_by`, `mod_date`, `mod_by`, `active`) VALUES
(910, 13, 0, '', '', '', 50, 10, '', 'page', 'self', NULL, '', 1, '', 'Kontakt', '', 'kontakt-de', 0, '2022-08-18 15:04:44', 1, '2023-01-25 15:32:20', 1, 1),
(911, 13, 0, '', '', '', 53, 3, '', 'page', 'self', NULL, '', 0, '', 'buche', '', 'buche', 0, '2022-08-18 15:05:19', 1, '2023-01-25 15:39:23', 1, 1),
(923, 12, 0, '', '', '', 40, 0, '', 'page', 'self', NULL, '', 0, '', 'Privacy Policy', '', 'privacy-policy', 0, '2023-01-25 10:39:42', 1, NULL, NULL, 1),
(924, 12, 0, '', '', '', 39, 1, '', 'page', 'self', NULL, '', 0, '', 'Terms and Conditions', '', 'terms-and-conditions', 0, '2023-01-25 10:40:13', 1, '2023-01-25 10:40:19', 1, 1),
(925, 12, 0, '', '', '', 41, 2, '', 'page', 'self', NULL, '', 0, '', 'Reservation', '', 'reservation', 0, '2023-01-25 10:41:40', 1, '2023-01-25 14:37:10', 1, 1),
(926, 12, 0, 'rooms', 'index', '', 32, 5, '', 'action', 'self', NULL, '', 1, '', 'Houses', '', 'houses', 0, '2023-01-25 10:59:11', 1, '2023-01-25 15:53:33', 1, 1),
(927, 12, 0, '', '', '', 33, 6, '', 'page', 'self', NULL, '', 1, '', 'Attractions', '', 'attractions', 0, '2023-01-25 10:59:31', 1, NULL, NULL, 1),
(928, 12, 0, '', '', '', 34, 7, '', 'page', 'self', NULL, '', 1, '', 'Neighborhood', '', 'neighborhood', 0, '2023-01-25 10:59:48', 1, NULL, NULL, 1),
(929, 12, 0, '', '', '', 35, 8, '', 'page', 'self', NULL, '', 1, '', 'Gallery', '', 'gallery', 0, '2023-01-25 11:00:04', 1, NULL, NULL, 1),
(930, 12, 0, '', '', '', 36, 9, '', 'page', 'self', NULL, '', 1, '', 'Prices', '', 'prices', 0, '2023-01-25 11:00:27', 1, NULL, NULL, 1),
(931, 12, 0, '', '', '', 37, 10, '', 'page', 'self', NULL, '', 1, '', 'For companies', '', 'for-companies', 0, '2023-01-25 11:00:45', 1, NULL, NULL, 1),
(932, 12, 0, '', '', '', 38, 11, '', 'page', 'self', NULL, '', 1, '', 'Contact', '', 'contact', 0, '2023-01-25 11:00:59', 1, NULL, NULL, 1),
(933, 13, 0, '', '', '', 52, 1, '', 'page', 'self', NULL, '', 0, '', 'Vorschriften', '', 'vorschriften', 0, '2023-01-25 15:33:55', 1, NULL, NULL, 1),
(934, 13, 0, '', '', '', 51, 2, '', 'page', 'self', NULL, '', 0, '', 'Datenschutzrichtlinie', '', 'datenschutzrichtlinie', 0, '2023-01-25 15:34:28', 1, NULL, NULL, 1),
(935, 13, 0, 'rooms', 'index', '', 44, 4, '', 'action', 'self', NULL, '', 1, '', 'Ferienhäuser', '', 'ferienhuser', 0, '2023-01-25 15:35:11', 1, '2023-01-25 15:53:49', 1, 1),
(936, 13, 0, '', '', '', 45, 5, '', 'page', 'self', NULL, '', 1, '', 'Sehenswürdig', '', 'sehenswrdig', 0, '2023-01-25 15:35:40', 1, NULL, NULL, 1),
(937, 13, 0, '', '', '', 46, 6, '', 'page', 'self', NULL, '', 1, '', 'Umgebung', '', 'umgebung', 0, '2023-01-25 15:36:01', 1, NULL, NULL, 1),
(938, 13, 0, '', '', '', 47, 7, '', 'page', 'self', NULL, '', 1, '', 'Galerie', '', 'galerie', 0, '2023-01-25 15:36:20', 1, NULL, NULL, 1),
(939, 13, 0, '', '', '', 48, 8, '', 'page', 'self', NULL, '', 1, '', 'Preise', '', 'preise', 0, '2023-01-25 15:36:43', 1, NULL, NULL, 1),
(940, 13, 0, '', '', '', 49, 9, '', 'page', 'self', NULL, '', 1, '', 'Firmen', '', 'firmen', 0, '2023-01-25 15:37:08', 1, NULL, NULL, 1),
(946, 1, 0, '', '', '', 1, 1, '', 'page', 'self', NULL, '/img/images/norwida/StandardPlus6B/PF6_8042.jpg', 1, '', 'Norwida 17', '<img src=\"/public/images/logo_n17.svg\" alt=\"Norwida 17 Apartamenty\" />\r\n<p>ul. Norwida 17, Międzyzdroje 72-500</p>', 'norwida-17', 0, '2024-07-01 18:01:12', 1, '2024-07-02 10:14:31', 1, 1),
(947, 1, 0, '', '', '', 68, 2, '', 'page', 'self', NULL, '/img/images/vittoria/4ROOMLUXURYSPACEIIpoziomy/Rondo_Miedzyzdroje_2048px-158.jpg', 1, '', 'Villa Vittoria', '<img src=\"/public/images/logo_vv.svg\" alt=\"Villa Vittoria\" />\r\n<p>ul. Zwycięstwa 5, Międzyzdroje 72-415</p>', 'villa-vittoria', 0, '2024-07-02 10:07:26', 1, '2024-07-02 20:06:26', 1, 1),
(948, 1, 946, '', '', '', 63, 2, '', 'page', 'self', NULL, '', 1, '', 'O nas', '', 'o-nas-norwida', 0, '2024-07-02 10:30:06', 1, '2024-07-02 18:37:51', 1, 1),
(949, 1, 946, '', '', '', 64, 3, '', 'page', 'self', NULL, '', 1, '', 'Apartamenty', '', 'apartamenty-norwida', 0, '2024-07-02 10:30:23', 1, '2024-07-02 18:49:41', 1, 1),
(950, 1, 946, '', '', '', 65, 6, '', 'page', 'self', NULL, '', 1, '', 'Kontakt', '', 'kontakt-norwida', 0, '2024-07-02 10:30:50', 1, '2024-07-02 18:51:25', 1, 1),
(951, 1, 947, '', '', '', 69, 2, '', 'page', 'self', NULL, '', 1, '', 'O nas', '', 'o-nas-villavittoria', 0, '2024-07-02 13:55:47', 1, '2024-07-02 21:58:23', 1, 1),
(952, 1, 947, 'rooms', 'index', 'tag:villavittoria', 71, 3, '', 'page', 'self', NULL, '', 1, '', 'Apartamenty', '', 'apartamenty-villavittoria', 0, '2024-07-02 13:56:33', 1, '2024-07-02 22:02:03', 1, 1),
(953, 1, 947, '', '', '', 70, 6, '', 'page', 'self', NULL, '', 1, '', 'Kontakt', '', 'kontakt-villavittoria', 0, '2024-07-02 13:56:49', 1, '2024-07-02 21:58:35', 1, 1),
(954, 1, 946, '', '', '', 1, 1, '/norwida-17', 'href', 'self', NULL, '', 1, '', 'Home', '', 'home-norwida17', 0, '2024-07-02 14:50:18', 1, '2024-07-02 18:35:10', 1, 1),
(955, 1, 946, '', '', '', 66, 7, '', 'page', 'self', NULL, '', 1, '', 'Rezerwacja', '', 'rezerwacja-norwida', 0, '2024-07-02 19:56:27', 1, NULL, NULL, 1),
(956, 1, 947, '', '', '', 67, 7, '', 'page', 'self', NULL, '', 1, '', 'Rezerwacja', '', 'rezerwacja-villavittoria', 0, '2024-07-02 20:04:50', 1, '2024-07-02 20:06:03', 1, 1),
(957, 1, 947, '', '', '', 1, 1, '/villa-vittoria', 'href', 'self', NULL, '', 1, '', 'Home', '', 'home', 0, '2024-07-02 21:58:10', 1, '2024-07-03 21:19:21', 1, 1),
(958, 1, 947, 'attractions', 'index', '', 74, 5, '', 'page', 'self', NULL, '', 1, '', 'Atrakcje w pobliżu', '', 'atrakcje-w-poblizu-vittoria', 0, '2024-07-16 21:57:31', 1, '2024-07-18 23:50:07', 1, 1),
(959, 1, 946, 'attractions', 'index', '', 79, 4, '', 'page', 'self', NULL, '', 1, '', 'Atrakcje w pobliżu', '', 'atrakcje-w-poblizu-norwida-17', 0, '2024-07-16 22:14:49', 1, '2024-07-29 10:18:13', 1, 1),
(960, 1, 947, '', '', '', 75, 4, '', 'page', 'self', NULL, '', 1, '', 'Cafe Bistro Vittoria', '', 'cafe-bistro-vittoria', 0, '2024-07-21 15:44:36', 1, NULL, NULL, 1),
(961, 1, 946, '', '', '', 76, 5, '', 'page', 'self', NULL, '', 1, '', 'Cafe Bistro', '', 'cafe-bistro', 0, '2024-07-22 12:07:09', 1, NULL, NULL, 1),
(962, 1, 947, '', '', '', 78, 8, '', 'page', 'self', NULL, '', 0, '', 'dziękujemy za wiadomość', '', 'dziekujemy-za-wiadomosc-villa', 0, '2024-07-26 06:18:02', 1, '2024-07-26 06:26:57', 1, 1),
(963, 1, 946, '', '', '', 77, 8, '', 'page', 'self', NULL, '', 0, '', 'dziękujemy za wiadomość', '', 'dziekujemy-za-wiadomosc-norwid17', 0, '2024-07-26 06:18:44', 1, '2024-07-26 06:26:45', 1, 1);

-- --------------------------------------------------------

--
-- Struktura tabeli dla tabeli `news`
--

CREATE TABLE `news` (
  `id` int(6) NOT NULL,
  `photo` varchar(300) CHARACTER SET utf8mb3 COLLATE utf8mb3_unicode_ci DEFAULT NULL,
  `photo_min` varchar(300) DEFAULT NULL,
  `featured` tinyint(1) DEFAULT 0,
  `id_categories` int(2) DEFAULT NULL,
  `send_date` datetime DEFAULT NULL,
  `send_by` int(3) DEFAULT NULL,
  `promote_from` date DEFAULT NULL,
  `promote_to` date DEFAULT NULL,
  `add_date` datetime DEFAULT NULL,
  `add_by` int(3) DEFAULT NULL,
  `mod_date` datetime DEFAULT NULL,
  `mod_by` int(3) DEFAULT NULL,
  `active` tinyint(1) UNSIGNED DEFAULT 1
) ENGINE=InnoDB DEFAULT CHARSET=utf8mb3 COLLATE=utf8mb3_general_ci;

-- --------------------------------------------------------

--
-- Struktura tabeli dla tabeli `newsletter`
--

CREATE TABLE `newsletter` (
  `id` int(4) NOT NULL,
  `id_lang` tinyint(2) DEFAULT 1,
  `photo` varchar(200) CHARACTER SET utf8mb3 COLLATE utf8mb3_unicode_ci DEFAULT NULL,
  `title` varchar(200) CHARACTER SET utf8mb3 COLLATE utf8mb3_unicode_ci DEFAULT NULL,
  `description` text CHARACTER SET utf8mb3 COLLATE utf8mb3_unicode_ci DEFAULT NULL,
  `from_email` varchar(50) DEFAULT NULL,
  `from_name` varchar(50) DEFAULT NULL,
  `send_date` date DEFAULT NULL,
  `send_by` int(3) DEFAULT NULL,
  `add_date` datetime DEFAULT NULL,
  `add_by` int(3) DEFAULT NULL,
  `mod_date` datetime DEFAULT NULL,
  `mod_by` int(3) DEFAULT NULL,
  `active` tinyint(1) UNSIGNED DEFAULT 1
) ENGINE=InnoDB DEFAULT CHARSET=utf8mb3 COLLATE=utf8mb3_general_ci;

-- --------------------------------------------------------

--
-- Struktura tabeli dla tabeli `newsletter_subscribers`
--

CREATE TABLE `newsletter_subscribers` (
  `id` int(4) NOT NULL,
  `id_lang` tinyint(2) DEFAULT 1,
  `title` varchar(200) CHARACTER SET utf8mb3 COLLATE utf8mb3_unicode_ci DEFAULT NULL,
  `email` varchar(200) CHARACTER SET utf8mb3 COLLATE utf8mb3_unicode_ci DEFAULT NULL,
  `activate_date` datetime DEFAULT NULL,
  `activate_host` varchar(20) DEFAULT NULL,
  `register_host` varchar(20) DEFAULT NULL,
  `add_date` datetime DEFAULT NULL,
  `add_by` int(3) DEFAULT NULL,
  `mod_date` datetime DEFAULT NULL,
  `mod_by` int(3) DEFAULT NULL,
  `active` tinyint(1) UNSIGNED DEFAULT 0
) ENGINE=InnoDB DEFAULT CHARSET=utf8mb3 COLLATE=utf8mb3_general_ci;

-- --------------------------------------------------------

--
-- Struktura tabeli dla tabeli `news_desc`
--

CREATE TABLE `news_desc` (
  `id` int(8) NOT NULL,
  `id_news` int(6) DEFAULT 0,
  `id_lang` tinyint(2) DEFAULT NULL,
  `priority` float DEFAULT 0,
  `title` varchar(250) CHARACTER SET utf8mb3 COLLATE utf8mb3_unicode_ci DEFAULT NULL,
  `description` text DEFAULT NULL,
  `advert` varchar(300) DEFAULT NULL,
  `niceurl` varchar(250) DEFAULT NULL,
  `visits` int(12) NOT NULL DEFAULT 0,
  `add_date` datetime DEFAULT NULL,
  `add_by` int(3) DEFAULT NULL,
  `mod_date` datetime DEFAULT NULL,
  `mod_by` int(3) DEFAULT NULL
) ENGINE=InnoDB DEFAULT CHARSET=utf8mb3 COLLATE=utf8mb3_general_ci;

-- --------------------------------------------------------

--
-- Struktura tabeli dla tabeli `pages`
--

CREATE TABLE `pages` (
  `id` int(4) NOT NULL,
  `id_lang` tinyint(2) DEFAULT NULL,
  `photo` varchar(200) CHARACTER SET utf8mb3 COLLATE utf8mb3_unicode_ci DEFAULT NULL,
  `photo_min` varchar(200) DEFAULT NULL,
  `title` varchar(200) CHARACTER SET utf8mb3 COLLATE utf8mb3_unicode_ci DEFAULT NULL,
  `subtitle` varchar(200) DEFAULT NULL,
  `description` text CHARACTER SET utf8mb3 COLLATE utf8mb3_unicode_ci DEFAULT NULL,
  `niceurl` varchar(180) CHARACTER SET utf8mb3 COLLATE utf8mb3_unicode_ci DEFAULT NULL,
  `meta_title` varchar(180) CHARACTER SET utf8mb3 COLLATE utf8mb3_unicode_ci DEFAULT NULL,
  `meta_keywords` varchar(250) CHARACTER SET utf8mb3 COLLATE utf8mb3_unicode_ci DEFAULT NULL,
  `meta_tags` varchar(250) CHARACTER SET utf8mb3 COLLATE utf8mb3_unicode_ci DEFAULT NULL,
  `meta_description` varchar(200) CHARACTER SET utf8mb3 COLLATE utf8mb3_unicode_ci DEFAULT NULL,
  `template` varchar(20) DEFAULT 'default',
  `visits` int(10) UNSIGNED DEFAULT 0,
  `sections` varchar(300) DEFAULT NULL,
  `add_date` datetime DEFAULT NULL,
  `add_by` int(3) DEFAULT NULL,
  `mod_date` datetime DEFAULT NULL,
  `mod_by` int(3) DEFAULT NULL,
  `active` tinyint(1) UNSIGNED DEFAULT 1,
  `menuid` int(255) DEFAULT NULL
) ENGINE=InnoDB DEFAULT CHARSET=utf8mb3 COLLATE=utf8mb3_general_ci;

--
-- Dumping data for table `pages`
--

INSERT INTO `pages` (`id`, `id_lang`, `photo`, `photo_min`, `title`, `subtitle`, `description`, `niceurl`, `meta_title`, `meta_keywords`, `meta_tags`, `meta_description`, `template`, `visits`, `sections`, `add_date`, `add_by`, `mod_date`, `mod_by`, `active`, `menuid`) VALUES
(1, 1, '', NULL, 'Strona Główna Norwida', '', '<div class=\"row fullwidth collapse\" style=\"position: relative; left: 0px; top: 0px;\">\r\n					    <div class=\"col-xs-12\">\r\n					        <div class=\"box\" data-section=\"60\">Norwida: Slider</div>\r\n					    </div>\r\n					    \r\n					  \r\n				    </div><div class=\"row fullwidth collapse\" style=\"position: relative; left: 0px; top: 0px;\">\r\n					    <div class=\"col-xs-12\">\r\n					        <div class=\"box\" data-section=\"1\">Norwida Home: Tekst z ikonami</div>\r\n					    </div>\r\n					    \r\n					  \r\n				    </div><div class=\"row fullwidth collapse\" style=\"position: relative; left: 0px; top: 0px;\">\r\n					    <div class=\"col-xs-12\">\r\n					        <div class=\"box\" data-section=\"3\">Norwida Home: Apartamenty</div>\r\n					    </div>\r\n					    \r\n					  \r\n				    </div>\r\n					<div class=\"row fullwidth collapse mt60 mb60\" style=\"position: relative; left: 0px; top: 0px;\">\r\n					    <div class=\"col-xs-12\">\r\n					        <div class=\"box\" data-section=\"2\">Norwida Home: O nas</div>\r\n					    </div>\r\n					    \r\n					  \r\n				    </div><div class=\"row fullwidth collapse mb60\" style=\"position: relative; left: 0px; top: 0px;\">\r\n					    <div class=\"col-xs-12\">\r\n					        <div class=\"box\" data-section=\"16\">Norwida Home: Lokalizacja</div>\r\n					    </div>\r\n					    \r\n					  \r\n				    </div><div class=\"row fullwidth collapse\" style=\"position: relative; left: 0px; top: 0px;\">\r\n					    <div class=\"col-xs-12\">\r\n					        <div class=\"box\" data-section=\"4\">Norwida Home: Opinie</div>\r\n					    </div>\r\n					    \r\n					  \r\n				    </div><div class=\"row\" style=\"position: relative; left: 0px; top: 0px;\">\r\n					    <div class=\"col-xs-12\">\r\n					        <div class=\"box\" data-section=\"74\">Atrakcje: ogółem</div>\r\n					    </div>\r\n					    \r\n					  \r\n				    </div><div class=\"row fullwidth collapse\" style=\"position: relative; left: 0px; top: 0px;\">\r\n					    <div class=\"col-xs-12\">\r\n					        <div class=\"box\" data-section=\"46\">Norwida Home: Mapa</div>\r\n					    </div>\r\n					    \r\n					  \r\n				    </div>\r\n					<div class=\"row  fullwidth collapse\">\r\n					    <div class=\"col-xs-12\">\r\n					        <div class=\"box\" data-section=\"8\">Norwida: Footer</div>\r\n					    </div>\r\n					    \r\n					  \r\n				    </div>\r\n					', 'strona-glowna-norwida', '', NULL, NULL, '', 'default', 0, NULL, '2022-08-03 14:56:16', 1, '2024-07-02 23:38:28', 1, NULL, 946),
(63, 1, '/img/images/norwida/StandardPlus6B/PF6_8107.jpg', '/photo/page63/o-nas-norwida_min.jpg', 'O nas', 'Norwida', '<div class=\"row mt60\">\r\n					    <div class=\"col-xs-12\">\r\n					        <div class=\"box\" data-section=\"26\">Norwida O nas: Mozaika 1</div>\r\n					    </div>\r\n					    \r\n					  \r\n				    </div>\r\n					<div class=\"row mb60\">\r\n					    <div class=\"col-xs-12\">\r\n					        <div class=\"box\" data-section=\"27\">Norwida O nas: Mozaika 2</div>\r\n					    </div>\r\n					    \r\n					  \r\n				    </div>\r\n					<div class=\"row\">\r\n					    <div class=\"col-xs-12\">\r\n					        <div class=\"box\" data-section=\"3\">Norwida Home: Apartamenty</div>\r\n					    </div>\r\n					    \r\n					  \r\n				    </div>\r\n					<div class=\"row  fullwidth collapse\">\r\n					    <div class=\"col-xs-12\">\r\n					        <div class=\"box\" data-section=\"8\">Norwida: Footer</div>\r\n					    </div>\r\n					    \r\n					  \r\n				    </div>', 'o-nas-norwida', '', NULL, NULL, '', 'defaultimg', 0, NULL, '2024-07-02 18:37:44', 1, '2024-07-02 22:46:14', 1, NULL, 946),
(64, 1, '/img/images/norwida/Standard5B/DJI_0981.jpg', '/photo/page64/apartamenty-norwida_min.jpg', 'Apartamenty', 'Norwida', '<div class=\"row mt60 mb60\" style=\"position: relative; left: 0px; top: 0px;\">\r\n					    <div class=\"col-xs-12\">\r\n					        <div class=\"box\" data-section=\"61\">Norwida: Apartamenty wszystkie</div>\r\n					    </div>\r\n					    \r\n					  \r\n				    </div>\r\n					<div class=\"row  fullwidth collapse\" style=\"position: relative; left: 0px; top: 0px;\">\r\n					    <div class=\"col-xs-12\">\r\n					        <div class=\"box\" data-section=\"8\">Norwida: Footer</div>\r\n					    </div>\r\n					    \r\n					  \r\n				    </div>', 'apartamenty-norwida', '', NULL, NULL, '', 'defaultimg', 0, NULL, '2024-07-02 18:48:59', 1, '2024-07-02 22:44:59', 1, NULL, 946),
(65, 1, '/img/images/norwida/AdobeStock_212617058.jpg', '/photo/page65/kontakt-norwida_min.jpg', 'Kontakt', 'Norwida', '<div class=\"row\">\r\n					    <div class=\"col-xs-12\">\r\n					        <div class=\"box\" data-section=\"13\">Norwida: Kontakt</div>\r\n					    </div>\r\n					    \r\n					  \r\n				    </div>\r\n					<div class=\"row  fullwidth collapse\">\r\n					    <div class=\"col-xs-12\">\r\n					        <div class=\"box\" data-section=\"8\">Norwida: Footer</div>\r\n					    </div>\r\n					    \r\n					  \r\n				    </div>', 'kontakt-norwida', '', NULL, NULL, '', 'defaultimg', 0, NULL, '2024-07-02 18:51:17', 1, '2024-07-02 22:45:36', 1, NULL, 946),
(66, 1, '/img/images/448908722_771902005110662_6458811135216105851_n.jpg', '/photo/page66/rezerwacja-norwida_min.jpg', 'Rezerwacja', 'Norwida', '<div class=\"row  fullwidth collapse\" style=\"position: relative; left: 0px; top: 0px;\">\r\n					    <div class=\"col-xs-12\">\r\n					        <div class=\"box\" data-section=\"8\">Norwida: Footer</div>\r\n					    </div>\r\n					    \r\n					  \r\n				    </div>\r\n					', 'rezerwacja-norwida', '', NULL, NULL, '', 'booking', 0, NULL, '2024-07-02 19:56:05', 1, '2024-07-02 22:51:51', 1, NULL, 946),
(67, 1, '/img/images/vittoria/3ROOMSUPERIORbezbalkonu/Rondo_Miedzyzdroje_maksymalnarozdzielczosc-118.jpg', '/photo/page67/rezerwacja-villa-vittoria_min.jpg', 'Rezerwacja', 'Villa Vittoria', '\r\n					<div class=\"row  fullwidth collapse\" style=\"position: relative; left: 0px; top: 0px;\">\r\n					    <div class=\"col-xs-12\">\r\n					        <div class=\"box\" data-section=\"71\">Vittoria: Footer</div>\r\n					    </div>\r\n					    \r\n					  \r\n				    </div>', 'rezerwacja-villa-vittoria', '', NULL, NULL, '', 'booking', 0, NULL, '2024-07-02 20:04:26', 1, '2024-07-02 22:42:12', 1, NULL, 947),
(68, 1, '', NULL, 'Strona Główna Vittoria', '', '<div class=\"row fullwidth collapse\" style=\"position: relative; left: 0px; top: 0px;\">\r\n					    <div class=\"col-xs-12\">\r\n					        <div class=\"box\" data-section=\"73\">Vittoria: Slider</div>\r\n					    </div>\r\n					    \r\n					  \r\n				    </div><div class=\"row fullwidth collapse\" style=\"position: relative; left: 0px; top: 0px;\">\r\n					    <div class=\"col-xs-12\">\r\n					        <div class=\"box\" data-section=\"67\">Vittoria Home: Tekst z ikonami</div>\r\n					    </div>\r\n					    \r\n					  \r\n				    </div><div class=\"row fullwidth collapse\" style=\"position: relative; left: 0px; top: 0px;\">\r\n					    <div class=\"col-xs-12\">\r\n					        <div class=\"box\" data-section=\"62\">Vittoria Home: Apartamenty</div>\r\n					    </div>\r\n					    \r\n					  \r\n				    </div>\r\n					<div class=\"row fullwidth collapse mt60 mb60\" style=\"position: relative; left: 0px; top: 0px;\">\r\n					    <div class=\"col-xs-12\">\r\n					        <div class=\"box\" data-section=\"65\">Vittoria Home: O nas</div>\r\n					    </div>\r\n					    \r\n					  \r\n				    </div><div class=\"row fullwidth collapse mb60\" style=\"position: relative; left: 0px; top: 0px;\">\r\n					    <div class=\"col-xs-12\">\r\n					        <div class=\"box\" data-section=\"63\">Vittoria Home: Lokalizacja</div>\r\n					    </div>\r\n					    \r\n					  \r\n				    </div><div class=\"row fullwidth collapse\" style=\"position: relative; left: 0px; top: 0px;\">\r\n					    <div class=\"col-xs-12\">\r\n					        <div class=\"box\" data-section=\"66\">Vittoria Home: Opinie</div>\r\n					    </div>\r\n					    \r\n					  \r\n				    </div><div class=\"row fullwidth collapse\" style=\"position: relative; left: 0px; top: 0px;\">\r\n					    <div class=\"col-xs-12\">\r\n					        <div class=\"box\" data-section=\"64\">Vittoria Home: Mapa</div>\r\n					    </div>\r\n					    \r\n					  \r\n				    </div>\r\n					<div class=\"row  fullwidth collapse\">\r\n					    <div class=\"col-xs-12\">\r\n					        <div class=\"box\" data-section=\"71\">Vittoria: Footer</div>\r\n					    </div>\r\n					    \r\n					  \r\n				    </div>', 'strona-glowna-vittoria', '', NULL, NULL, '', 'default', 0, NULL, '2024-07-02 20:06:18', 1, '2024-07-02 22:53:21', 1, NULL, 947),
(69, 1, '/img/images/vittoria/3ROOMSUPERIORbezbalkonu/Rondo_Miedzyzdroje_maksymalnarozdzielczosc-122.jpg', '/photo/page69/o-nas-vittoria_min.jpg', 'O nas', 'Vittoria', '<div class=\"row mt60\">\r\n					    <div class=\"col-xs-12\">\r\n					        <div class=\"box\" data-section=\"68\">Vittoria O nas: Mozaika 1</div>\r\n					    </div>\r\n					    \r\n					  \r\n				    </div>\r\n					<div class=\"row mb60\">\r\n					    <div class=\"col-xs-12\">\r\n					        <div class=\"box\" data-section=\"69\">Vittoria O nas: Mozaika 2</div>\r\n					    </div>\r\n					    \r\n					  \r\n				    </div>\r\n					<div class=\"row\">\r\n					    <div class=\"col-xs-12\">\r\n					        <div class=\"box\" data-section=\"62\">Vittoria Home: Apartamenty</div>\r\n					    </div>\r\n					    \r\n					  \r\n				    </div>\r\n					<div class=\"row  fullwidth collapse\">\r\n					    <div class=\"col-xs-12\">\r\n					        <div class=\"box\" data-section=\"71\">Vittoria: Footer</div>\r\n					    </div>\r\n					    \r\n					  \r\n				    </div>', 'o-nas-vittoria', '', NULL, NULL, '', 'defaultimg', 0, NULL, '2024-07-02 21:50:10', 1, '2024-07-02 22:42:45', 1, NULL, 947),
(70, 1, '/img/images/vittoria/3ROOMSUPERIORbezbalkonu/Rondo_Miedzyzdroje_2048px-236.jpg', '/photo/page70/kontakt-vittoria_min.jpg', 'Kontakt', 'Vittoria', '<div class=\"row\">\r\n					    <div class=\"col-xs-12\">\r\n					        <div class=\"box\" data-section=\"72\">Vittoria: Kontakt</div>\r\n					    </div>\r\n					    \r\n					  \r\n				    </div>\r\n					<div class=\"row  fullwidth collapse\" style=\"position: relative; left: 0px; top: 0px;\">\r\n					    <div class=\"col-xs-12\">\r\n					        <div class=\"box\" data-section=\"71\">Vittoria: Footer</div>\r\n					    </div>\r\n					    \r\n					  \r\n				    </div>', 'kontakt-vittoria', '', NULL, NULL, '', 'defaultimg', 0, NULL, '2024-07-02 21:50:49', 1, '2024-07-02 22:44:23', 1, NULL, 947),
(71, 1, '/img/images/vittoria/3ROOMSUPERIORbezbalkonu/Rondo_Miedzyzdroje_2048px-233.jpg', '/photo/page71/apartamenty-vittoria_min.jpg', 'Apartamenty', 'Vittoria', '<div class=\"row mt60 mb60\" style=\"position: relative; left: 0px; top: 0px;\">\r\n					    <div class=\"col-xs-12\">\r\n					        <div class=\"box\" data-section=\"70\">Vittoria: Apartamenty wszystkie</div>\r\n					    </div>\r\n					    \r\n					  \r\n				    </div>\r\n					<div class=\"row  fullwidth collapse\" style=\"position: relative; left: 0px; top: 0px;\">\r\n					    <div class=\"col-xs-12\">\r\n					        <div class=\"box\" data-section=\"71\">Vittoria: Footer</div>\r\n					    </div>\r\n					    \r\n					  \r\n				    </div>', 'apartamenty-vittoria', '', NULL, NULL, '', 'defaultimg', 0, NULL, '2024-07-02 21:51:09', 1, '2024-07-02 22:45:13', 1, NULL, 947),
(72, 1, '/img/images/norwida/Standard5B/DJI_0981.jpg', '/photo/page72/apartamenty-norwida-norwida_min.jpg', 'Apartamenty Norwida', 'Norwida', '\r\n					<div class=\"row  fullwidth collapse\" style=\"position: relative; left: 0px; top: 0px;\">\r\n					    <div class=\"col-xs-12\">\r\n					        <div class=\"box\" data-section=\"8\">Norwida: Footer</div>\r\n					    </div>\r\n					    \r\n					  \r\n				    </div>', 'apartamenty-norwida-norwida', '', NULL, NULL, '', 'defaultimg', 0, NULL, '2024-07-02 23:29:45', 1, '2024-07-02 23:29:45', 1, NULL, 946),
(73, 1, '/img/images/vittoria/3ROOMSUPERIORbezbalkonu/Rondo_Miedzyzdroje_2048px-233.jpg', '/photo/page73/apartamenty-vittoria-vittoria_min.jpg', 'Apartamenty Vittoria', 'Vittoria', '\r\n					<div class=\"row  fullwidth collapse\" style=\"position: relative; left: 0px; top: 0px;\">\r\n					    <div class=\"col-xs-12\">\r\n					        <div class=\"box\" data-section=\"71\">Vittoria: Footer</div>\r\n					    </div>\r\n					    \r\n					  \r\n				    </div>', 'apartamenty-vittoria-vittoria', '', NULL, NULL, '', 'defaultimg', 0, NULL, '2024-07-02 23:29:54', 1, '2024-07-02 23:29:54', 1, NULL, 947),
(74, 1, '/img/images/vittoria/4ROOMLUXURYSPACEIIpoziomy/Rondo_Miedzyzdroje_2048px-236.jpg', '/photo/page74/atrakcje-w-poblizu-villa-vittoria_min.jpg', 'Atrakcje w pobliżu', 'Villa Vittoria', '<div class=\"row\" style=\"position: relative; left: 0px; top: 0px;\">\r\n					    <div class=\"col-xs-12\">\r\n					        <div class=\"box\" data-section=\"74\">Atrakcje: ogółem</div>\r\n					    </div>\r\n					    \r\n					  \r\n				    </div><div class=\"row fullwidth collapse\">\r\n					    <div class=\"col-xs-12\">\r\n					        <div class=\"box\" data-section=\"71\">Vittoria: Footer</div>\r\n					    </div>\r\n					    \r\n					  \r\n				    </div>\r\n					', 'atrakcje-w-poblizu-villa-vittoria', '', NULL, NULL, '', 'defaultimg', 0, NULL, '2024-07-16 21:59:03', 1, '2024-07-21 15:46:42', 1, NULL, 947),
(75, 1, '/img/images/vittoria/STUDIOZBALKONEM/Rondo_Miedzyzdroje_2048px-34.jpg', '/photo/page75/cafe-bistro-vittoria-oferujemy-sniadania-i-kolacje-w-formie-bufetu_min.jpg', 'Cafe Bistro Vittoria', 'Oferujemy śniadania i kolacje w formie bufetu', '<div class=\"row  fullwidth collapse\" style=\"position: relative; left: 0px; top: 0px;\">\r\n					    <div class=\"col-xs-12\">\r\n					        <div class=\"box\" data-section=\"75\">Cafe: starttitle</div>\r\n					    </div>\r\n					    \r\n					  \r\n				    </div><div class=\"row\" style=\"position: relative; left: 0px; top: 0px;\">\r\n					    <div class=\"col-xs-12\">\r\n					        <div class=\"box\" data-section=\"76\">Cafe: tekst1</div>\r\n					    </div>\r\n					    \r\n					  \r\n				    </div><div class=\"row padv40\" style=\"position: relative; left: 0px; top: 0px;\">\r\n					    <div class=\"col-xs-12\">\r\n					        <div class=\"box\" data-section=\"77\">Cafe: Galeria</div>\r\n					    </div>\r\n					    \r\n					  \r\n				    </div><div class=\"row  fullwidth collapse\" style=\"position: relative; left: 0px; top: 0px;\">\r\n					    <div class=\"col-xs-12\">\r\n					        <div class=\"box\" data-section=\"71\">Vittoria: Footer</div>\r\n					    </div>\r\n					    \r\n					  \r\n				    </div>', 'cafe-bistro-vittoria-oferujemy-sniadania-i-kolacje-w-formie-bufetu', '', NULL, NULL, '', 'defaultimg', 0, NULL, '2024-07-21 15:43:39', 1, '2024-07-21 16:03:34', 1, NULL, 947),
(76, 1, '/img/images/vittoria/STUDIOZBALKONEM/Rondo_Miedzyzdroje_2048px-34.jpg', '/photo/page76/cafe-bistro-oferujemy-sniadania-i-kolacje-w-formie-bufetu_min.jpg', 'Cafe Bistro', 'Oferujemy śniadania i kolacje w formie bufetu', '<div class=\"row  fullwidth collapse\" style=\"position: relative; left: 0px; top: 0px;\">\r\n					    <div class=\"col-xs-12\">\r\n					        <div class=\"box\" data-section=\"75\">Cafe: starttitle</div>\r\n					    </div>\r\n					    \r\n					  \r\n				    </div><div class=\"row\" style=\"position: relative; left: 0px; top: 0px;\">\r\n					    <div class=\"col-xs-12\">\r\n					        <div class=\"box\" data-section=\"76\">Cafe: tekst1</div>\r\n					    </div>\r\n					    \r\n					  \r\n				    </div><div class=\"row padv40\" style=\"position: relative; left: 0px; top: 0px;\">\r\n					    <div class=\"col-xs-12\">\r\n					        <div class=\"box\" data-section=\"77\">Cafe: Galeria</div>\r\n					    </div>\r\n					    \r\n					  \r\n				    </div><div class=\"row  fullwidth collapse\" style=\"position: relative; left: 0px; top: 0px;\">\r\n					    <div class=\"col-xs-12\">\r\n					        <div class=\"box\" data-section=\"8\">Norwida: Footer</div>\r\n					    </div>\r\n					    \r\n					  \r\n				    </div>', 'cafe-bistro-oferujemy-sniadania-i-kolacje-w-formie-bufetu', '', NULL, NULL, '', 'defaultimg', 0, NULL, '2024-07-22 12:06:49', 1, '2024-07-22 12:07:49', 1, NULL, 946),
(77, 1, '/img/images/norwida/AdobeStock_212617058.jpg', '/photo/page77/dziekujemy-za-wiadomosc-norwida_min.jpg', 'Dziękujemy za wiadomość', 'Norwida', '<div class=\"row  fullwidth collapse\" style=\"padding-bottom: 80px;\">\r\n					    <div class=\"col-xs-12\">\r\n					        <div class=\"box\" data-section=\"78\">dziekujemy: tekst norwid</div>\r\n					    </div>\r\n					    \r\n					  \r\n				    </div>\r\n					<div class=\"row  fullwidth collapse\">\r\n					    <div class=\"col-xs-12\">\r\n					        <div class=\"box\" data-section=\"8\">Norwida: Footer</div>\r\n					    </div>\r\n					    \r\n					  \r\n				    </div>', 'dziekujemy-za-wiadomosc-norwida', '', NULL, NULL, '', 'defaultimg', 0, NULL, '2024-07-26 06:23:57', 1, '2024-07-26 06:32:26', 1, NULL, 946),
(78, 1, '/img/images/norwida/AdobeStock_627646381.jpg', '/photo/page78/dziekujemy-za-wiadomosc-villa-vittoria_min.jpg', 'Dziękujemy za wiadomość', 'Villa Vittoria', '<div class=\"row  fullwidth collapse\">\r\n					    <div class=\"col-xs-12\">\r\n					        <div class=\"box\" data-section=\"79\">dziekujemy: tekst vittoria</div>\r\n					    </div>\r\n					    \r\n					  \r\n				    </div>\r\n					<div class=\"row  fullwidth collapse\">\r\n					    <div class=\"col-xs-12\">\r\n					        <div class=\"box\" data-section=\"71\">Vittoria: Footer</div>\r\n					    </div>\r\n					    \r\n					  \r\n				    </div>', 'dziekujemy-za-wiadomosc-villa-vittoria', '', NULL, NULL, '', 'defaultimg', 0, NULL, '2024-07-26 06:25:00', 1, '2024-07-26 06:31:36', 1, NULL, 947),
(79, 1, '/img/images/norwida/AdobeStock_212617058.jpg', '/photo/page79/atrakcje-w-poblizu-norwida-17_min.jpg', 'Atrakcje w pobliżu', 'Norwida 17', '<div class=\"row\">\r\n					    <div class=\"col-xs-12\">\r\n					        <div class=\"box\" data-section=\"80\">Atrakcje w pobliżu: Norwida</div>\r\n					    </div>\r\n					    \r\n					  \r\n				    </div>\r\n					<div class=\"row fullwidth collapse\">\r\n					    <div class=\"col-xs-12\">\r\n					        <div class=\"box\" data-section=\"8\">Norwida: Footer</div>\r\n					    </div>\r\n					    \r\n					  \r\n				    </div>', 'atrakcje-w-poblizu-norwida-17', '', NULL, NULL, '', 'defaultimg', 0, NULL, '2024-07-29 10:15:19', 1, '2024-07-29 10:32:49', 1, NULL, 946);

-- --------------------------------------------------------

--
-- Struktura tabeli dla tabeli `parameters`
--

CREATE TABLE `parameters` (
  `id` int(4) NOT NULL,
  `identifier` varchar(30) CHARACTER SET utf8mb3 COLLATE utf8mb3_unicode_ci DEFAULT NULL,
  `comment` varchar(50) DEFAULT NULL,
  `add_date` datetime DEFAULT NULL,
  `add_by` int(3) DEFAULT NULL,
  `mod_date` datetime DEFAULT NULL,
  `mod_by` int(3) DEFAULT NULL,
  `active` tinyint(1) UNSIGNED DEFAULT 1
) ENGINE=InnoDB DEFAULT CHARSET=utf8mb3 COLLATE=utf8mb3_general_ci;



-- --------------------------------------------------------

--
-- Struktura tabeli dla tabeli `parameters_desc`
--

CREATE TABLE `parameters_desc` (
  `id` int(4) NOT NULL,
  `id_parameters` int(4) DEFAULT 0,
  `id_lang` tinyint(2) DEFAULT NULL,
  `value` text CHARACTER SET utf8mb3 COLLATE utf8mb3_unicode_ci DEFAULT NULL,
  `add_date` datetime DEFAULT NULL,
  `add_by` int(3) DEFAULT NULL,
  `mod_date` datetime DEFAULT NULL,
  `mod_by` int(3) DEFAULT NULL
) ENGINE=InnoDB DEFAULT CHARSET=utf8mb3 COLLATE=utf8mb3_general_ci;

--
-- Dumping data for table `parameters_desc`
--

INSERT INTO `parameters_desc` (`id`, `id_parameters`, `id_lang`, `value`, `add_date`, `add_by`, `mod_date`, `mod_by`) VALUES
(3489, 129, 1, '', '2019-02-15 13:45:46', 1, '2024-07-29 10:34:59', NULL),
(3490, 129, 2, '138', '2019-02-15 13:45:46', 1, NULL, NULL),
(3491, 129, 3, '148', '2019-02-15 13:45:46', 1, NULL, NULL),
(3492, 129, 6, '', '2019-02-15 13:45:46', 1, '2021-06-08 13:02:03', NULL),
(3714, 55, 1, '', '2019-05-17 10:01:00', 5, '2024-07-29 10:34:59', NULL),
(3715, 55, 6, '', '2019-05-17 10:01:00', 5, '2021-06-08 13:02:03', NULL),
(3742, 126, 1, '', '2019-05-17 10:02:32', 5, '2024-07-29 10:34:59', NULL),
(3743, 126, 6, '', '2019-05-17 10:02:32', 5, '2021-06-08 13:02:03', NULL),
(3744, 125, 1, '', '2019-05-17 10:02:36', 5, '2024-07-29 10:34:59', NULL),
(3745, 125, 6, '', '2019-05-17 10:02:36', 5, '2021-06-08 13:02:03', NULL),
(3746, 124, 1, '', '2019-05-17 10:02:42', 5, '2024-07-29 10:34:59', NULL),
(3747, 124, 6, '', '2019-05-17 10:02:42', 5, '2021-06-08 13:02:03', NULL),
(4034, 144, 1, '', '2019-08-06 13:54:39', 1, '2024-07-29 10:34:59', NULL),
(4035, 144, 6, '', '2019-08-06 13:54:39', 1, '2021-06-08 13:02:03', NULL),
(4048, 148, 1, 'apartamenty', '2019-08-21 14:34:16', 1, NULL, NULL),
(4049, 148, 6, '', '2019-08-21 14:34:16', 1, NULL, NULL),
(4064, 150, 1, 'Apartamenty Rynek znajdują się w samym centrum Ustronia na ul. Andrzeja Brody 3 c, 100 m od Rynku. Goście cenią sobie tutaj ciszę i spok&oacute;j, ponieważ budynek położony jest w spokojnej uliczce. Rewelacyjna lokalizacja zapewnia szybki dostęp do restauracji, kawiarni, sklep&oacute;w i szlak&oacute;w turystycznych. Apartamenty Rynek to r&oacute;wnież idealna baza wypadowa na pobliskie stoki narciarskie, od Czantorii dzielą nas 3 km. Do dyspozycji Gości oddajemy 5 apartament&oacute;w w tej lokalizacji, dla maksymalnie 20 os&oacute;b. Każdy apartament posiada w pełni wyposażony aneks kuchenny, pościel, ręczniki, mydło, płyn i gąbkę do naczyń, tabletki do zmywarki. W zależności od apartamentu mamy boczny lub bezpośredni widok na g&oacute;rę R&oacute;wnicę i Lipowski Groń. W 5 piętrowym budynku znajduje się winda oraz pomieszczenie gospodarcze. Miejsce parkingowe dla każdego apartamentu znajduje się przed budynkiem. Każdy nasz gość w dniu zameldowania otrzymuje Kartę Rabatową Dream Apart, dzięki niej może skorzystać z atrakcyjnych zniżek u naszych partner&oacute;w (restauracje, cukiernie, wyciągi, salony SPA i wiele innych).', '2019-09-17 14:40:34', 1, NULL, NULL),
(4065, 150, 6, '', '2019-09-17 14:40:34', 1, NULL, NULL),
(4068, 151, 1, '<h3>Szczyrk noclegi w przytulnych apartamentach</h3>\r\n\r\n<p>Noclegi w g&oacute;rach &ndash; Szczyrk i okolice Interesują Cię tanie noclegi w Szczyrku? Chcesz poszusować na nartach, odpocząć od natłoku obowiązk&oacute;w i naładować akumulatory? Dream Apart zapewni Ci najwyższy poziom świadczonych usług oraz komfortowe noclegi. Szczyrk i okolice zachwycą Cię malowniczymi krajobrazami, a nasze apartamenty pozwolą zrelaksować się w miłej atmosferze. Znajdziesz u nas przestronne pokoje z widokiem na g&oacute;ry, kuchnie wyposażone w niezbędne sprzęty AGD, domki z kominkiem, tarasem i ogrodem, a także inne obiekty w miejscowości Szczyrk. Noclegi z wyżywieniem zagwarantują Ci maksymalną wygodę!</p>\r\n\r\n<h3>Noclegi Szczyrk &ndash; postaw na komfort w atrakcyjnej cenie</h3>\r\n\r\n<p>Malowniczo położona miejscowość zachęca do przyjazdu miłośnik&oacute;w turystyki g&oacute;rskiej zar&oacute;wno w okresie zimowym, jak i letnim. Zainteresowany? Koniecznie sprawdź, jakie atrakcje przygotował dla Ciebie Szczyrk. Wakacje, wczasy, a może weekendowy wypad? Niezależnie od tego, co planujesz, Dream Apart spełni Twoje oczekiwania pod każdym względem! Kompleksowa baza apartament&oacute;w dla par, rodzin z dziećmi oraz większych grup!</p>\r\n', '2019-09-17 14:51:24', 1, NULL, NULL),
(4069, 151, 6, '', '2019-09-17 14:51:24', 1, NULL, NULL),
(4086, 152, 1, '<h2>Ustroń noclegi w luksusowych apartamentach</h2>\r\n\r\n<h3>Najlepsze noclegi w Ustroniu i okolicy</h3>\r\n\r\n<p>Nocleg w g&oacute;rach nie musi oznaczać ciasnego pokoju hotelowego z małym, niewygodnym ł&oacute;żkiem i minimalnymi udogodnieniami. Jesteś zmęczony pakowaniem, zastanawianiem się, czy masz ze sobą wszystko, co potrzebne będzie na wczasach w g&oacute;rach? Zacznij w końcu wypoczywać po swojemu i zarezerwuj nocleg w Ustroniu z prawdziwego zdarzenia. Wakacje w Ustroniu, bez względu na to, czy letnie, czy zimowe, to Tw&oacute;j czas z najbliższymi. Nie trać go na tanie noclegi, kt&oacute;re niewiele oferują w zamian. Nasze noclegi w Ustroniu sprawią, że poczujesz się jak u siebie. Wybierz przestronne, nowoczesne noclegi w centrum Ustronia lub w okolicy dla 4-6 os&oacute;b, dzięki kt&oacute;rym spędzisz sw&oacute;j urlop wygodnie i bez potrzeby rezygnowania z takich udogodnień, jak pościel, w pełni wyposażona kuchnia, duża łazienka, pralka, miejsce parkingowe, Wi-Fi czy telewizor.</p>\r\n\r\n<h3>Noclegi w g&oacute;rach? Ustroń!</h3>\r\n\r\n<p>Znajdź swoje wymarzone miejsce na wypoczynek z dala od miejskiego zgiełku. To stąd blisko na Czantorię i R&oacute;wnicę, to właśnie w Ustroniu znajdziesz stoki narciarskie i inne atrakcje, w tym r&oacute;wnież dla dzieci. Ustroń to idealne miejsce na wczasy! Nasz noclegi w Ustroniu i okolicach zapewnią Ci komfort i bezpieczeństwo dla Ciebie i Twojej rodziny czy grupy przyjaci&oacute;ł. Z nocleg&oacute;w Dream Apart blisko i do centrum, i na szlaki spacerowe, kt&oacute;rymi dotrzesz do najważniejszych punkt&oacute;w na mapie Beskidu Śląskiego. Ciesz się pięknymi widokami z okna, spędź popołudnie na tarasie &ndash; zacznij spędzać wczasy według planu i bez żadnych utrudnień psujących urlop.</p>\r\n', '2019-09-17 15:33:49', 1, NULL, NULL),
(4087, 152, 6, '', '2019-09-17 15:33:49', 1, NULL, NULL),
(4088, 149, 1, '<h3>Apartamenty Szaron</h3>\r\n\r\n<p>To&nbsp;kompleks 5 apartament&oacute;w dla maks 19 os&oacute;b, położonych zaledwie 240 m od Rzeki Wisły, 1,2 km od Rynku w Ustroniu, 280 m od sklepu spożywczego Euro, 1 km od basen&oacute;w w Park Poniwiec, 1,9 km od stacji narciarskiej na Czantorii. Każdy apartament posiada w pełni wyposażony aneks kuchenny, pościel, ręczniki, mydło, płyn i gąbkę do naczyń, tabletki do zmywarki. Apartamenty znajdują się nad księgarnią Szaron. Miejsce parkingowe przed budynkiem. Każdy nasz gość w dniu zameldowania otrzymuje Kartę Rabatową Dream Apart, dzięki niej może skorzystać z atrakcyjnych zniżek u naszych partner&oacute;w (restauracje, cukiernie, wyciągi, salony SPA i wiele innych).</p>\r\n', '2019-09-17 15:37:21', 1, NULL, NULL),
(4089, 149, 6, '', '2019-09-17 15:37:21', 1, NULL, NULL),
(4090, 154, 1, 'ul. Marii Konopnickiej 17B, 43-450 Ustroń', '2019-09-20 10:43:11', 1, NULL, NULL),
(4091, 154, 6, '', '2019-09-20 10:43:11', 1, NULL, NULL),
(4092, 155, 1, '&nbsp;ul. Marii Konopnickiej 17B, 43-450 Ustroń', '2019-09-20 10:43:31', 1, NULL, NULL),
(4093, 155, 6, '', '2019-09-20 10:43:31', 1, NULL, NULL),
(4094, 156, 1, '&nbsp;ul. Szkolna 21, 43-370 Szczyrk', '2019-09-20 10:44:00', 1, NULL, NULL),
(4095, 156, 6, '', '2019-09-20 10:44:00', 1, NULL, NULL),
(4096, 157, 1, '8355', '2019-09-20 11:37:53', 1, NULL, NULL),
(4097, 157, 6, '', '2019-09-20 11:37:53', 1, NULL, NULL),
(4098, 158, 1, '5982', '2019-09-20 11:38:26', 1, NULL, NULL),
(4099, 158, 6, '', '2019-09-20 11:38:26', 1, NULL, NULL),
(4100, 159, 1, '8354', '2019-09-20 11:38:54', 1, NULL, NULL),
(4101, 159, 6, '', '2019-09-20 11:38:54', 1, NULL, NULL),
(4104, 160, 1, '<h1>Szczyrk</h1>\r\n<span>Siła Energii</span>', '2019-09-26 11:46:44', 1, NULL, NULL),
(4105, 160, 6, '', '2019-09-26 11:46:44', 1, NULL, NULL),
(4106, 161, 1, '<h1>\r\n  Ustroń\r\n</h1>\r\n<span>\r\n  Góry Radości\r\n</span>', '2019-09-26 11:47:33', 1, NULL, NULL),
(4107, 161, 6, '', '2019-09-26 11:47:33', 1, NULL, NULL),
(4108, 162, 1, '<h1>\r\n  Wisła\r\n</h1>\r\n<span>Podróż Do Źródeł</span>', '2019-09-26 11:48:14', 1, NULL, NULL),
(4109, 162, 6, '', '2019-09-26 11:48:14', 1, NULL, NULL),
(4112, 153, 1, '<p><strong>Jest coraz bardziej znaną miejscowością uzdrowiskowo &ndash; wypoczynkową. Jego leczniczy charakter oraz panujący tu klimat g&oacute;rskiego miasteczka sprawią, że będziesz tu częstym gościem. Wśr&oacute;d licznych atrakcji turystycznych wymienić należy m.in. Kolej Linową Czantoria, Leśny Park Niespodzianek czy kompleks R&oacute;wnica. Jeśli jesteś miłośnikiem pieszych wędr&oacute;wek, wycieczek rowerowych lub zimowego szaleństwa na stokach narciarskich &ndash; nie będziesz się tutaj nudził.</strong></p>\r\n', '2019-09-26 11:49:31', 1, NULL, NULL),
(4113, 153, 6, '', '2019-09-26 11:49:31', 1, NULL, NULL),
(4114, 163, 1, '<p><strong>Nowa Zimowa Stolica Polski, Szczyrk Mountain Resort, Wyciąg na Skrzyczne COS oraz Beskid Sport Arena to razem ponad 40 km tras zjazdowych oraz 5 nowoczesnych wyciąg&oacute;w krzesełkowych oraz jedna 10 osobowa gondola. Fani zimowego szaleństwa mają tutaj wszystko czego potrzeba, aby przeżyć niezapomnianą, zimową przygodę. Jednak Szczyrk to nie tylko zima. Latem można docenić liczne szlaki spacerowe, g&oacute;rskie oraz rowerowe, w tym nowoczesne trasy zjazdowe enduro.&nbsp;</strong></p>\r\n', '2019-09-26 11:49:40', 1, NULL, NULL),
(4115, 163, 6, '', '2019-09-26 11:49:40', 1, NULL, NULL),
(4116, 164, 1, '<p><strong>Zwana także &bdquo;Perłą Beskid&oacute;w&rdquo;, to niezwykle malownicza miejscowość turystyczno-wypoczynkowa położona blisko granicy z Republikami Czeską i Słowacką, otoczona szczytami g&oacute;rskimi, z kt&oacute;rych najwyższym jest Barania G&oacute;ra (1220 m n.p.m.). To stąd bierze początek kr&oacute;lowa polskich rzek &ndash; Wisła. Aktywnie wypoczywający w Wiśle, mają do dyspozycji ponad 100 km szlak&oacute;w pieszych i rowerowych. W sezonie zimowym można tu skorzystać z ponad 20 wyciąg&oacute;w narciarskich, w tym sześciu kanapowych oraz tras biegowych na Kubalonce</strong></p>\r\n', '2019-09-26 11:50:19', 1, NULL, NULL),
(4117, 164, 6, '', '2019-09-26 11:50:19', 1, NULL, NULL),
(4118, 165, 1, '10', '2019-09-27 12:14:10', 1, NULL, NULL),
(4119, 165, 6, '', '2019-09-27 12:14:10', 1, NULL, NULL),
(4140, 167, 1, '<h2>Skorzystaj z promocji</h2>\r\n\r\n<h3>Zapisz się do naszego newslettera i bądź na bieżąco!</h3>\r\n', '2020-01-15 15:10:45', 1, NULL, NULL),
(4141, 167, 6, '', '2020-01-15 15:10:45', 1, NULL, NULL),
(4174, 166, 1, '<h3>Ważne informacje</h3>\r\n\r\n<p><i class=\"fal fa-clock\">&nbsp;</i> Przyjazd od: 17:00<br />\r\n<i class=\"fal fa-clock\">&nbsp;</i> Wyjazd do: 10:00<br />\r\n<br />\r\n1. <strong>P&oacute;ł godziny przed przyjazdem</strong> prosimy o kontakt telefoniczny w sprawie przekazania kluczy do apartamentu.<br />\r\n<br />\r\n2. W okresie zimowym zalecane są <strong>łańcuchy śniegowe</strong> na koła samochodu.<br />\r\n<br />\r\n3. Instrukcja obsługi sejf&oacute;w na klucze https://youtu.be/evd_F_bg1GA<br />\r\n<br />\r\n4. Prezentacja firmy https://apart-invest.pl/img/files/Prezentacja.pdf<br />\r\n<br />\r\n5. Dokonanie <strong>gwarantowanej</strong> rezerwacji na <strong>2 noce</strong> i mniej, niezależne czy dokonanej w trybie ONLINE czy telefonicznie, wymaga <strong>wpłaty zadatku</strong> w wysokości <strong>100% należności za pobyt + opłata serwisowa + opłata miejscowa</strong>, na konto podane na stronie www.apart-invest.pl. <strong>Potwierdzenie należy przesłać na adres kontakt@apart-invest.pl.</strong></p>\r\n\r\n<h3>Płatności</h3>\r\n\r\n<p>Wykorzystujemy w pełni bezpieczny system rezerwacji z płatnościami online i natychmiastowym potwierdzeniem rezerwacji.</p>\r\n\r\n<div class=\"payment\"><img alt=\"platnosci\" src=\"/img/images/pay/1.svg\" style=\"height: 40px;\" /> <img alt=\"platnosci\" src=\"/img/images/pay/2.svg\" style=\"height: 40px;\" /> <img alt=\"platnosci\" src=\"/img/images/pay/3.svg\" style=\"height: 40px;\" /></div>\r\n\r\n<h3><br />\r\nPolityka względem dzieci</h3>\r\n\r\n<p>Dzieci w wieku do lat 3&nbsp;nocują bezpłatnie, jeżeli śpią na ł&oacute;żku dla rodzic&oacute;w. Dzieci powyżej 4&nbsp;roku traktowane są jako pełnopłatne.</p>\r\n\r\n<h3>Polityka względem zwierząt</h3>\r\n\r\n<p>W niekt&oacute;rych apartamentach akceptowany jest pobyt z pupilami za dodatkową opłatą.</p>\r\n', '2020-01-28 14:03:51', 8, NULL, NULL),
(4175, 166, 6, '', '2020-01-28 14:03:51', 8, NULL, NULL),
(4324, 170, 1, '', '2020-06-17 13:38:20', 1, '2024-07-29 10:34:59', NULL),
(4325, 170, 6, '', '2020-06-17 13:38:20', 1, '2021-06-08 13:02:03', NULL),
(4502, 133, 1, 'Oświadczam, iż zapoznałem/am się z treścią zasad ochrony danych osobowych na stronie <a href=\"/polityka-prywatności\">polityki prywatności</a>.', '2020-07-31 12:26:40', 1, '2024-07-29 10:34:59', NULL),
(4503, 133, 6, '', '2020-07-31 12:26:40', 1, '2021-06-08 13:02:03', NULL),
(4504, 133, 7, 'Я даю согласие на обработку моих персональных данных в контактных целях. Предоставление данных является добровольным. Основой для обработки данных является мое согласие. Я имею право отозвать свое согласие в любое время. Персональные данные будут обрабатываться до тех пор, пока согласие не будет отменено. Я имею право попросить администратора получить доступ к моим личным данным, исправить их, удалить или ограничить обработку, а также подать жалобу в орган надзора.\r\n', '2020-07-31 12:26:40', 1, '2020-09-08 11:52:36', NULL),
(4505, 133, 8, '', '2020-07-31 12:26:40', 1, '2020-09-08 11:52:36', NULL),
(4526, 129, 7, '', '2020-08-24 00:00:00', NULL, '2020-09-08 11:52:36', NULL),
(4527, 55, 7, '', '2020-08-24 00:00:00', NULL, '2020-09-08 11:52:36', NULL),
(4528, 126, 7, '', '2020-08-24 00:00:00', NULL, '2020-09-08 11:52:36', NULL),
(4529, 125, 7, '', '2020-08-24 00:00:00', NULL, '2020-09-08 11:52:36', NULL),
(4530, 124, 7, '', '2020-08-24 00:00:00', NULL, '2020-09-08 11:52:36', NULL),
(4534, 144, 7, '', '2020-08-24 00:00:00', NULL, '2020-09-08 11:52:36', NULL),
(4547, 170, 7, '', '2020-08-24 00:00:00', NULL, '2020-09-08 11:52:36', NULL),
(4548, 129, 8, '', '2020-08-24 00:00:00', NULL, '2020-09-08 11:52:36', NULL),
(4549, 55, 8, '', '2020-08-24 00:00:00', NULL, '2020-09-08 11:52:36', NULL),
(4550, 126, 8, '', '2020-08-24 00:00:00', NULL, '2020-09-08 11:52:36', NULL),
(4551, 125, 8, '', '2020-08-24 00:00:00', NULL, '2020-09-08 11:52:36', NULL),
(4552, 124, 8, '', '2020-08-24 00:00:00', NULL, '2020-09-08 11:52:36', NULL),
(4556, 144, 8, '', '2020-08-24 00:00:00', NULL, '2020-09-08 11:52:36', NULL),
(4569, 170, 8, '', '2020-08-24 00:00:00', NULL, '2020-09-08 11:52:36', NULL),
(4598, 140, 1, '', '2020-08-27 12:58:56', 1, '2024-07-29 10:34:59', NULL),
(4599, 140, 6, '', '2020-08-27 12:58:56', 1, '2021-06-08 13:02:03', NULL),
(4600, 140, 7, 'noreply@dwmagnolia.pl', '2020-08-27 12:58:56', 1, '2020-09-08 11:52:36', NULL),
(4601, 140, 8, 'noreply@dwmagnolia.pl', '2020-08-27 12:58:56', 1, '2020-09-08 11:52:36', NULL),
(4602, 138, 1, '', '2020-08-27 12:59:19', 1, '2024-07-29 10:34:59', NULL),
(4603, 138, 6, '', '2020-08-27 12:59:19', 1, '2021-06-08 13:02:03', NULL),
(4604, 138, 7, 'tmbQB0UDe', '2020-08-27 12:59:19', 1, '2020-09-08 11:52:36', NULL),
(4605, 138, 8, 'tmbQB0UDe', '2020-08-27 12:59:19', 1, '2020-09-08 11:52:36', NULL),
(4606, 141, 1, '', '2020-08-27 12:59:48', 1, '2024-07-29 10:34:59', NULL),
(4607, 141, 6, '', '2020-08-27 12:59:48', 1, '2021-06-08 13:02:03', NULL),
(4608, 141, 7, '587', '2020-08-27 12:59:48', 1, '2020-09-08 11:52:36', NULL),
(4609, 141, 8, '587', '2020-08-27 12:59:48', 1, '2020-09-08 11:52:36', NULL),
(4610, 139, 1, '', '2020-08-27 13:00:04', 1, '2024-07-29 10:34:59', NULL),
(4611, 139, 6, '', '2020-08-27 13:00:04', 1, '2021-06-08 13:02:03', NULL),
(4612, 139, 7, 'mail.dwmagnolia.pl', '2020-08-27 13:00:04', 1, '2020-09-08 11:52:36', NULL),
(4613, 139, 8, 'mail.dwmagnolia.pl', '2020-08-27 13:00:04', 1, '2020-09-08 11:52:36', NULL),
(4614, 132, 1, '6LdCiBgqAAAAAJnXV3lSFXJ-qKlSw9Ly9bW6UWHW', '2020-08-27 13:05:52', 1, '2024-07-29 10:34:59', NULL),
(4615, 132, 6, '6Lf9r74aAAAAAPFVyWNyfrdc_bUL0U8swxhyxTeE', '2020-08-27 13:05:52', 1, '2021-06-08 13:02:03', NULL),
(4616, 132, 7, '6Lfr-sMZAAAAANwY9aip0I4qnpnZUe9NiwaQkSac', '2020-08-27 13:05:52', 1, '2020-09-08 11:52:36', NULL),
(4617, 132, 8, '6Lfr-sMZAAAAANwY9aip0I4qnpnZUe9NiwaQkSac', '2020-08-27 13:05:52', 1, '2020-09-08 11:52:36', NULL),
(4622, 131, 1, '6LdCiBgqAAAAAHtHMSENiAoiJm2sVmRJB4dtRvwl', '2020-08-27 13:06:09', 1, '2024-07-29 10:34:59', NULL),
(4623, 131, 6, '6Lf9r74aAAAAAFbpGF8NG6XK9CqCWOVu96RkZ7sC', '2020-08-27 13:06:09', 1, '2021-06-08 13:02:03', NULL),
(4624, 131, 7, '6Lfr-sMZAAAAAP0ud3AHXFobS3lLtuAyZQ1H433a', '2020-08-27 13:06:09', 1, '2020-09-08 11:52:36', NULL),
(4625, 131, 8, '6Lfr-sMZAAAAAP0ud3AHXFobS3lLtuAyZQ1H433a', '2020-08-27 13:06:09', 1, '2020-09-08 11:52:36', NULL),
(4630, 89, 1, '', '2020-08-28 10:46:20', 1, '2024-07-29 10:34:59', NULL),
(4631, 89, 6, '', '2020-08-28 10:46:20', 1, '2021-06-08 13:02:03', NULL),
(4632, 89, 7, '<div class=\"columns bottoms\">\r\n<h3>Центральное бронирование</h3>\r\n\r\n<p><a href=\"tel:+48757816278\"><i class=\"fal fa-phone-alt\"> </i> +48 75 78 16 278</a></p>\r\n\r\n<p><a href=\"mailto:recepcja@dwmagnolia.pl\"><i class=\"fal fa-envelope\"> </i> recepcja@dwmagnolia.pl</a></p>\r\n\r\n\r\n\r\n<p><a href=\"#\"><i class=\"fab fa-instagram\"> </i> Instagram</a></p>\r\n</div>\r\n\r\n<div class=\"medium-6 columns\">\r\n<h3>Magnolia I</h3>\r\n\r\n<p><a href=\"tel:+48757816278\"><i class=\"fal fa-phone-alt\"> </i> +48 75 78 16 278</a></p>\r\n\r\n<p><i class=\"fal fa-map-marker-alt\"> </i> ul. Zdrojowa 9</p>\r\n<p><a href=\"https://www.facebook.com/Magnolia.I/\"><i class=\"fab fa-facebook-square\"> </i> Facebook</a></p>\r\n<p><a href=\"https://www.google.com/maps/dir//Magnolia+medical+%26+spa,+Zdrojowa+9,+59-850+%C5%9Awierad%C3%B3w-Zdr%C3%B3j/@50.9086043,15.3327527,18.54z/data=!4m9!4m8!1m0!1m5!1m1!1s0x470ed39c2c871a05:0x1bd0e3bca94d100c!2m2!1d15.332203!2d50.908892!3e0\" target=\"_blank\"><i class=\"fal fa-globe-europe\"> </i> Смотрите направления</a></p>\r\n</div>\r\n\r\n<div class=\"medium-6 columns\">\r\n<h3>Magnolia II</h3>\r\n\r\n<p><a href=\"tel:+48757817851\"><i class=\"fal fa-phone-alt\"> </i> +48 75 78 17 851</a></p>\r\n\r\n<p><i class=\"fal fa-map-marker-alt\"> </i> ul.Stokowa 3</p>\r\n<p><a href=\"https://www.facebook.com/Magnolia.II/\"><i class=\"fab fa-facebook-square\"> </i> Facebook</a></p>\r\n<p><a href=\"https://www.google.com/maps/dir//Magnolia+II,+Stokowa+3,+59-850+%C5%9Awierad%C3%B3w-Zdr%C3%B3j/@50.9051444,15.340165,17z/data=!4m9!4m8!1m0!1m5!1m1!1s0x470ed39657193157:0x62874782849d6fbb!2m2!1d15.342359!2d50.905141!3e0\" target=\"_blank\"><i class=\"fal fa-globe-europe\"> </i> Смотрите направления</a></p>\r\n</div>\r\n<br />\r\n ', '2020-08-28 10:46:20', 1, '2020-09-08 11:52:36', NULL),
(4633, 89, 8, '<div class=\"columns bottoms\">\r\n<h3>Zentrale Buchung</h3>\r\n\r\n<p><a href=\"tel:+48757816278\"><i class=\"fal fa-phone-alt\"> </i> +48 75 78 16 278</a></p>\r\n\r\n<p><a href=\"mailto:recepcja@dwmagnolia.pl\"><i class=\"fal fa-envelope\"> </i> recepcja@dwmagnolia.pl</a></p>\r\n\r\n\r\n\r\n<p><a href=\"#\"><i class=\"fab fa-instagram\"> </i> Instagram</a></p>\r\n</div>\r\n\r\n<div class=\"medium-6 columns\">\r\n<h3>Magnolia I</h3>\r\n\r\n<p><a href=\"tel:+48757816278\"><i class=\"fal fa-phone-alt\"> </i> +48 75 78 16 278</a></p>\r\n\r\n<p><i class=\"fal fa-map-marker-alt\"> </i> ul. Zdrojowa 9</p>\r\n<p><a href=\"https://www.facebook.com/Magnolia.I/\"><i class=\"fab fa-facebook-square\"> </i> Facebook</a></p>\r\n<p><a href=\"https://www.google.com/maps/dir//Magnolia+medical+%26+spa,+Zdrojowa+9,+59-850+%C5%9Awierad%C3%B3w-Zdr%C3%B3j/@50.9086043,15.3327527,18.54z/data=!4m9!4m8!1m0!1m5!1m1!1s0x470ed39c2c871a05:0x1bd0e3bca94d100c!2m2!1d15.332203!2d50.908892!3e0\" target=\"_blank\"><i class=\"fal fa-globe-europe\"> </i> Überprüfen Sie den Ort</a></p>\r\n</div>\r\n\r\n<div class=\"medium-6 columns\">\r\n<h3>Magnolia II</h3>\r\n\r\n<p><a href=\"tel:+48757817851\"><i class=\"fal fa-phone-alt\"> </i> +48 75 78 17 851</a></p>\r\n\r\n<p><i class=\"fal fa-map-marker-alt\"> </i> ul.Stokowa 3</p>\r\n<p><a href=\"https://www.facebook.com/Magnolia.II/\"><i class=\"fab fa-facebook-square\"> </i> Facebook</a></p>\r\n<p><a href=\"https://www.google.com/maps/dir//Magnolia+II,+Stokowa+3,+59-850+%C5%9Awierad%C3%B3w-Zdr%C3%B3j/@50.9051444,15.340165,17z/data=!4m9!4m8!1m0!1m5!1m1!1s0x470ed39657193157:0x62874782849d6fbb!2m2!1d15.342359!2d50.905141!3e0\" target=\"_blank\"><i class=\"fal fa-globe-europe\"> </i> Überprüfen Sie den Ort</a></p>\r\n</div>\r\n<br />\r\n ', '2020-08-28 10:46:20', 1, '2020-09-08 11:52:36', NULL),
(4638, 173, 1, '', '2020-09-11 09:46:35', 1, '2024-07-29 10:34:59', NULL),
(4639, 173, 6, '', '2020-09-11 09:46:35', 1, '2021-06-08 13:02:03', NULL),
(4692, 137, 1, '', '2020-10-30 10:58:20', 1, '2024-07-29 10:34:59', NULL),
(4693, 137, 6, '', '2020-10-30 10:58:20', 1, '2021-06-08 13:02:03', NULL),
(4694, 137, 10, '', '2020-10-30 10:58:20', 1, '2021-02-08 17:46:06', NULL),
(4695, 137, 11, '', '2020-10-30 10:58:20', 1, '2021-04-30 11:34:39', NULL),
(4696, 137, 12, '289', '2020-10-30 10:58:20', 1, '2020-11-24 11:41:47', NULL),
(4712, 117, 1, '7578', '2020-11-10 13:18:25', 1, '2024-07-29 10:34:59', NULL),
(4713, 117, 6, '', '2020-11-10 13:18:25', 1, '2021-06-08 13:02:03', NULL),
(4714, 117, 10, '', '2020-11-10 13:18:25', 1, '2021-02-08 17:46:06', NULL),
(4715, 117, 11, '', '2020-11-10 13:18:25', 1, '2021-04-30 11:34:39', NULL),
(4716, 117, 12, '', '2020-11-10 13:18:25', 1, '2020-11-24 11:41:47', NULL),
(4802, 129, 10, '', '2020-11-16 10:37:35', NULL, '2021-02-08 17:46:06', NULL),
(4803, 55, 10, '', '2020-11-16 10:37:35', NULL, '2021-02-08 17:46:06', NULL),
(4804, 126, 10, '', '2020-11-16 10:37:35', NULL, '2021-02-08 17:46:06', NULL),
(4805, 125, 10, '', '2020-11-16 10:37:35', NULL, '2021-02-08 17:46:06', NULL),
(4806, 124, 10, '', '2020-11-16 10:37:35', NULL, '2021-02-08 17:46:06', NULL),
(4808, 144, 10, '', '2020-11-16 10:37:35', NULL, '2021-02-08 17:46:06', NULL),
(4813, 170, 10, '', '2020-11-16 10:37:35', NULL, '2021-02-08 17:46:06', NULL),
(4816, 133, 10, '', '2020-11-16 10:37:35', NULL, '2021-02-08 17:46:06', NULL),
(4822, 140, 10, '', '2020-11-16 10:37:35', NULL, '2021-02-08 17:46:06', NULL),
(4823, 138, 10, '', '2020-11-16 10:37:35', NULL, '2021-02-08 17:46:06', NULL),
(4824, 141, 10, '', '2020-11-16 10:37:35', NULL, '2021-02-08 17:46:06', NULL),
(4825, 139, 10, '', '2020-11-16 10:37:35', NULL, '2021-02-08 17:46:06', NULL),
(4826, 132, 10, '', '2020-11-16 10:37:35', NULL, '2021-02-08 17:46:06', NULL),
(4827, 131, 10, '', '2020-11-16 10:37:35', NULL, '2021-02-08 17:46:06', NULL),
(4828, 89, 10, '', '2020-11-16 10:37:35', NULL, '2021-02-08 17:46:06', NULL),
(4830, 173, 10, '', '2020-11-16 10:37:35', NULL, '2021-02-08 17:46:06', NULL),
(4834, 129, 11, '', '2020-11-16 10:37:36', NULL, '2021-04-30 11:34:39', NULL),
(4835, 55, 11, '', '2020-11-16 10:37:36', NULL, '2021-04-30 11:34:39', NULL),
(4836, 126, 11, '', '2020-11-16 10:37:36', NULL, '2021-04-30 11:34:39', NULL),
(4837, 125, 11, '', '2020-11-16 10:37:36', NULL, '2021-04-30 11:34:39', NULL),
(4838, 124, 11, '', '2020-11-16 10:37:36', NULL, '2021-04-30 11:34:39', NULL),
(4840, 144, 11, '', '2020-11-16 10:37:36', NULL, '2021-04-30 11:34:39', NULL),
(4845, 170, 11, '', '2020-11-16 10:37:36', NULL, '2021-04-30 11:34:39', NULL),
(4848, 133, 11, '', '2020-11-16 10:37:36', NULL, '2021-04-30 11:34:39', NULL),
(4854, 140, 11, '', '2020-11-16 10:37:36', NULL, '2021-04-30 11:34:39', NULL),
(4855, 138, 11, '', '2020-11-16 10:37:36', NULL, '2021-04-30 11:34:39', NULL),
(4856, 141, 11, '', '2020-11-16 10:37:36', NULL, '2021-04-30 11:34:39', NULL),
(4857, 139, 11, '', '2020-11-16 10:37:36', NULL, '2021-04-30 11:34:39', NULL),
(4858, 132, 11, '6Lf9r74aAAAAAPFVyWNyfrdc_bUL0U8swxhyxTeE', '2020-11-16 10:37:36', NULL, '2021-04-30 11:34:39', NULL),
(4859, 131, 11, '6Lf9r74aAAAAAFbpGF8NG6XK9CqCWOVu96RkZ7sC', '2020-11-16 10:37:36', NULL, '2021-04-30 11:34:39', NULL),
(4860, 89, 11, '', '2020-11-16 10:37:36', NULL, '2021-04-30 11:34:39', NULL),
(4862, 173, 11, '', '2020-11-16 10:37:36', NULL, '2021-04-30 11:34:39', NULL),
(4866, 129, 12, '', '2020-11-16 10:37:36', NULL, '2020-11-24 11:41:47', NULL),
(4867, 55, 12, '', '2020-11-16 10:37:36', NULL, '2020-11-24 11:41:47', NULL),
(4868, 126, 12, '', '2020-11-16 10:37:36', NULL, '2020-11-24 11:41:47', NULL),
(4869, 125, 12, '', '2020-11-16 10:37:36', NULL, '2020-11-24 11:41:47', NULL),
(4870, 124, 12, '', '2020-11-16 10:37:36', NULL, '2020-11-24 11:41:47', NULL),
(4872, 144, 12, '', '2020-11-16 10:37:36', NULL, '2020-11-24 11:41:47', NULL),
(4877, 170, 12, '', '2020-11-16 10:37:36', NULL, '2020-11-24 11:41:47', NULL),
(4880, 133, 12, '', '2020-11-16 10:37:36', NULL, '2020-11-24 11:41:47', NULL),
(4886, 140, 12, '', '2020-11-16 10:37:36', NULL, '2020-11-24 11:41:47', NULL),
(4887, 138, 12, '', '2020-11-16 10:37:36', NULL, '2020-11-24 11:41:47', NULL),
(4888, 141, 12, '', '2020-11-16 10:37:36', NULL, '2020-11-24 11:41:47', NULL),
(4889, 139, 12, '', '2020-11-16 10:37:36', NULL, '2020-11-24 11:41:47', NULL),
(4890, 132, 12, '', '2020-11-16 10:37:36', NULL, '2020-11-24 11:41:47', NULL),
(4891, 131, 12, '', '2020-11-16 10:37:36', NULL, '2020-11-24 11:41:47', NULL),
(4892, 89, 12, '', '2020-11-16 10:37:36', NULL, '2020-11-24 11:41:47', NULL),
(4894, 173, 12, '', '2020-11-16 10:37:36', NULL, '2020-11-24 11:41:47', NULL),
(4898, 179, 1, '', '2020-11-17 14:11:57', 1, '2024-07-29 10:34:59', NULL),
(4899, 179, 6, '', '2020-11-17 14:11:57', 1, '2021-06-08 13:02:03', NULL),
(4900, 179, 10, '', '2020-11-17 14:11:57', 1, '2021-02-08 17:46:06', NULL),
(4901, 179, 11, '', '2020-11-17 14:11:57', 1, '2021-04-30 11:34:39', NULL),
(4902, 179, 12, '<h1>Кімнати та будинки біля моря</h1>\r\n', '2020-11-17 14:11:57', 1, '2020-11-24 11:41:47', NULL),
(4903, 180, 1, '', '2020-11-17 14:46:26', 1, '2024-07-29 10:34:59', NULL),
(4904, 180, 6, '', '2020-11-17 14:46:26', 1, '2021-06-08 13:02:03', NULL),
(4905, 180, 10, '', '2020-11-17 14:46:26', 1, '2021-02-08 17:46:06', NULL),
(4906, 180, 11, '', '2020-11-17 14:46:26', 1, '2021-04-30 11:34:39', NULL),
(4907, 180, 12, '<ul>\r\n	<li>Найбільший вибір пропозицій</li>\r\n	<li>Негайне підтвердження резервування</li>\r\n	<li>Повна безпека транзакції</li>\r\n</ul>\r\n', '2020-11-17 14:46:26', 1, '2020-11-24 11:41:47', NULL),
(4948, 181, 1, '8', '2020-11-24 12:36:22', 1, '2024-07-29 10:34:59', NULL),
(4949, 181, 6, '305', '2020-11-24 12:36:22', 1, '2021-06-08 13:02:03', NULL),
(4950, 181, 10, '', '2020-11-24 12:36:22', 1, '2021-02-08 17:46:06', NULL),
(4951, 181, 11, '305', '2020-11-24 12:36:22', 1, '2021-04-30 11:34:39', NULL),
(5004, 174, 1, '0', '2021-01-20 13:25:47', 1, '2024-07-29 10:34:59', NULL),
(5005, 174, 6, '0', '2021-01-20 13:25:47', 1, '2021-06-08 13:02:03', NULL),
(5006, 174, 10, '0', '2021-01-20 13:25:47', 1, '2021-02-08 17:46:06', NULL),
(5007, 174, 11, '', '2021-01-20 13:25:47', 1, '2021-04-30 11:34:39', NULL),
(5020, 127, 1, '442', '2021-03-19 07:26:02', 10, '2024-07-29 10:34:59', NULL),
(5021, 127, 6, '', '2021-03-19 07:26:02', 10, '2021-06-08 13:02:03', NULL),
(5022, 127, 11, '', '2021-03-19 07:26:02', 10, '2021-04-30 11:34:39', NULL),
(5026, 189, 1, '7578', '2021-04-30 07:50:34', 1, '2024-07-29 10:34:59', NULL),
(5027, 189, 6, '', '2021-04-30 07:50:34', 1, '2021-06-08 13:02:03', NULL),
(5028, 189, 11, '', '2021-04-30 07:50:34', 1, '2021-04-30 11:34:39', NULL),
(5029, 175, 1, ' +48698902120', '2021-05-10 08:31:37', 1, '2024-07-29 10:34:59', NULL),
(5030, 175, 6, '', '2021-05-10 08:31:37', 1, '2021-06-08 13:02:03', NULL),
(5031, 175, 11, '+48504067665', '2021-05-10 08:31:37', 1, NULL, NULL),
(5044, 134, 1, 'rezerwacja-norwida', '2021-05-17 11:17:46', 1, '2024-07-29 10:34:59', NULL),
(5045, 134, 6, 'reservation', '2021-05-17 11:17:46', 1, '2021-06-08 13:02:03', NULL),
(5046, 134, 11, 'reservierung', '2021-05-17 11:17:46', 1, NULL, NULL),
(5080, 92, 1, '4730d5ebd80beec05553cae793783b0a', '2021-06-14 07:42:41', 1, '2024-07-29 10:34:59', NULL),
(5081, 92, 13, '', '2021-06-14 07:42:41', 1, '2021-07-24 10:17:49', NULL),
(5082, 92, 14, '7fa0c5cc8edf0ccb4ebfc375e21893b1', '2021-06-14 07:42:41', 1, '2021-07-06 14:35:09', NULL),
(5083, 91, 1, 'e3bb4961e07f312b39879d8a666008f3', '2021-06-14 07:42:57', 1, '2024-07-29 10:34:59', NULL),
(5084, 91, 13, '', '2021-06-14 07:42:57', 1, '2021-07-24 10:17:49', NULL),
(5085, 91, 14, '6284598b1ab6e8a313928e44afc83da7', '2021-06-14 07:42:57', 1, '2021-07-06 14:35:09', NULL),
(5089, 188, 1, '2902', '2021-06-18 12:04:34', 1, '2024-07-29 10:34:59', NULL),
(5090, 188, 13, '', '2021-06-18 12:04:34', 1, '2021-07-24 10:17:49', NULL),
(5091, 188, 14, '', '2021-06-18 12:04:34', 1, '2021-07-06 14:35:09', NULL),
(5095, 2, 1, 'Norwida 17 | Villa Vittoria', '2021-06-30 11:05:52', 1, '2024-07-29 10:34:59', NULL),
(5096, 2, 13, '', '2021-06-30 11:05:52', 1, '2021-07-24 10:17:49', NULL),
(5097, 2, 14, '', '2021-06-30 11:05:52', 1, '2021-07-06 14:35:09', NULL),
(5101, 129, 13, '', '2021-07-06 13:21:24', NULL, '2021-07-24 10:17:49', NULL),
(5102, 55, 13, '', '2021-07-06 13:21:24', NULL, '2021-07-24 10:17:49', NULL),
(5103, 126, 13, '', '2021-07-06 13:21:24', NULL, '2021-07-24 10:17:49', NULL),
(5104, 125, 13, '', '2021-07-06 13:21:24', NULL, '2021-07-24 10:17:49', NULL),
(5105, 124, 13, '', '2021-07-06 13:21:24', NULL, '2021-07-24 10:17:49', NULL),
(5106, 144, 13, '', '2021-07-06 13:21:24', NULL, '2021-07-24 10:17:49', NULL),
(5108, 170, 13, '', '2021-07-06 13:21:24', NULL, '2021-07-24 10:17:49', NULL),
(5110, 133, 13, '', '2021-07-06 13:21:24', NULL, '2021-07-24 10:17:49', NULL),
(5113, 140, 13, '', '2021-07-06 13:21:24', NULL, '2021-07-24 10:17:49', NULL),
(5114, 138, 13, '', '2021-07-06 13:21:24', NULL, '2021-07-24 10:17:49', NULL),
(5115, 141, 13, '', '2021-07-06 13:21:24', NULL, '2021-07-24 10:17:49', NULL),
(5116, 139, 13, '', '2021-07-06 13:21:24', NULL, '2021-07-24 10:17:49', NULL),
(5117, 132, 13, '', '2021-07-06 13:21:24', NULL, '2021-07-24 10:17:49', NULL),
(5118, 131, 13, '', '2021-07-06 13:21:24', NULL, '2021-07-24 10:17:49', NULL),
(5119, 89, 13, '', '2021-07-06 13:21:24', NULL, '2021-07-24 10:17:49', NULL),
(5120, 173, 13, '', '2021-07-06 13:21:24', NULL, '2021-07-24 10:17:49', NULL),
(5122, 137, 13, '', '2021-07-06 13:21:24', NULL, '2021-07-24 10:17:49', NULL),
(5124, 117, 13, '', '2021-07-06 13:21:24', NULL, '2021-07-24 10:17:49', NULL),
(5126, 179, 13, '', '2021-07-06 13:21:24', NULL, '2021-07-24 10:17:49', NULL),
(5127, 180, 13, '', '2021-07-06 13:21:24', NULL, '2021-07-24 10:17:49', NULL),
(5128, 181, 13, '', '2021-07-06 13:21:24', NULL, '2021-07-24 10:17:49', NULL),
(5133, 174, 13, '', '2021-07-06 13:21:24', NULL, '2021-07-24 10:17:49', NULL),
(5135, 127, 13, '', '2021-07-06 13:21:24', NULL, '2021-07-24 10:17:49', NULL),
(5137, 189, 13, '', '2021-07-06 13:21:24', NULL, '2021-07-24 10:17:49', NULL),
(5138, 175, 13, '', '2021-07-06 13:21:24', NULL, '2021-07-24 10:17:49', NULL),
(5142, 134, 13, '', '2021-07-06 13:21:24', NULL, '2021-07-24 10:17:49', NULL),
(5144, 129, 14, '', '2021-07-06 13:21:24', NULL, '2021-07-06 14:35:09', NULL),
(5145, 55, 14, '', '2021-07-06 13:21:24', NULL, '2021-07-06 14:35:09', NULL),
(5146, 126, 14, '', '2021-07-06 13:21:24', NULL, '2021-07-06 14:35:09', NULL),
(5147, 125, 14, '', '2021-07-06 13:21:24', NULL, '2021-07-06 14:35:09', NULL),
(5148, 124, 14, '', '2021-07-06 13:21:24', NULL, '2021-07-06 14:35:09', NULL),
(5149, 144, 14, '', '2021-07-06 13:21:24', NULL, '2021-07-06 14:35:09', NULL),
(5151, 170, 14, '', '2021-07-06 13:21:24', NULL, '2021-07-06 14:35:09', NULL),
(5153, 133, 14, '', '2021-07-06 13:21:24', NULL, '2021-07-06 14:35:09', NULL),
(5156, 140, 14, '', '2021-07-06 13:21:24', NULL, '2021-07-06 14:35:09', NULL),
(5157, 138, 14, '', '2021-07-06 13:21:24', NULL, '2021-07-06 14:35:09', NULL),
(5158, 141, 14, '', '2021-07-06 13:21:24', NULL, '2021-07-06 14:35:09', NULL),
(5159, 139, 14, '', '2021-07-06 13:21:24', NULL, '2021-07-06 14:35:09', NULL),
(5160, 132, 14, '', '2021-07-06 13:21:24', NULL, '2021-07-06 14:35:09', NULL),
(5161, 131, 14, '', '2021-07-06 13:21:24', NULL, '2021-07-06 14:35:09', NULL),
(5162, 89, 14, '', '2021-07-06 13:21:24', NULL, '2021-07-06 14:35:09', NULL),
(5163, 173, 14, '', '2021-07-06 13:21:24', NULL, '2021-07-06 14:35:09', NULL),
(5165, 137, 14, '', '2021-07-06 13:21:24', NULL, '2021-07-06 14:35:09', NULL),
(5167, 117, 14, '', '2021-07-06 13:21:24', NULL, '2021-07-06 14:35:09', NULL),
(5169, 179, 14, '', '2021-07-06 13:21:24', NULL, '2021-07-06 14:35:09', NULL),
(5170, 180, 14, '', '2021-07-06 13:21:24', NULL, '2021-07-06 14:35:09', NULL),
(5171, 181, 14, '', '2021-07-06 13:21:24', NULL, '2021-07-06 14:35:09', NULL),
(5176, 174, 14, '', '2021-07-06 13:21:24', NULL, '2021-07-06 14:35:09', NULL),
(5178, 127, 14, '', '2021-07-06 13:21:24', NULL, '2021-07-06 14:35:09', NULL),
(5180, 189, 14, '', '2021-07-06 13:21:24', NULL, '2021-07-06 14:35:09', NULL),
(5181, 175, 14, '', '2021-07-06 13:21:24', NULL, '2021-07-06 14:35:09', NULL),
(5185, 134, 14, '', '2021-07-06 13:21:24', NULL, '2021-07-06 14:35:09', NULL),
(5192, 182, 1, '', '2021-07-15 13:00:30', 1, '2024-07-29 10:34:59', NULL),
(5193, 182, 13, '', '2021-07-15 13:00:30', 1, '2021-07-24 10:17:49', NULL),
(5196, 128, 1, '0', '2021-07-19 08:25:47', 1, '2024-07-29 10:34:59', NULL),
(5197, 128, 13, '', '2021-07-19 08:25:47', 1, '2021-07-24 10:17:49', NULL),
(5202, 6, 1, 'Norwida 17 | Villa Vittoria', '2021-07-24 08:21:39', 1, '2024-07-29 10:34:59', NULL),
(5203, 194, 1, '', '2021-07-29 07:42:24', 1, '2024-07-29 10:34:59', NULL),
(5204, 23, 1, '', '2021-08-25 07:03:41', 1, '2024-07-29 10:34:59', NULL),
(5205, 4, 1, 'Apartaemnty Międzyzdroje - Norwida 17 | Villa Vittoria - Idealne apartamenty na urlop nad morzem', '2021-08-25 07:04:35', 1, '2024-07-29 10:34:59', NULL),
(5209, 143, 1, '', '2021-08-26 07:26:01', 1, '2024-07-29 10:34:59', NULL),
(5210, 104, 1, '', '2021-08-27 09:21:09', 1, '2024-07-29 10:34:59', NULL),
(5211, 190, 1, '', '2021-08-27 09:24:33', 1, '2024-07-29 10:34:59', NULL),
(5212, 129, 17, '', '2021-09-13 09:58:12', NULL, '2022-03-13 12:52:40', NULL),
(5213, 55, 17, '', '2021-09-13 09:58:12', NULL, '2022-03-13 12:52:40', NULL),
(5214, 126, 17, '', '2021-09-13 09:58:12', NULL, '2022-03-13 12:52:40', NULL),
(5215, 125, 17, '', '2021-09-13 09:58:12', NULL, '2022-03-13 12:52:40', NULL),
(5216, 124, 17, '', '2021-09-13 09:58:12', NULL, '2022-03-13 12:52:40', NULL),
(5217, 144, 17, '', '2021-09-13 09:58:12', NULL, '2022-03-13 12:52:40', NULL),
(5218, 170, 17, '', '2021-09-13 09:58:12', NULL, '2022-03-13 12:52:40', NULL),
(5220, 133, 17, '', '2021-09-13 09:58:12', NULL, '2022-03-13 12:52:40', NULL),
(5222, 140, 17, '', '2021-09-13 09:58:12', NULL, '2022-03-13 12:52:40', NULL),
(5223, 138, 17, '', '2021-09-13 09:58:12', NULL, '2022-03-13 12:52:40', NULL),
(5224, 141, 17, '', '2021-09-13 09:58:12', NULL, '2022-03-13 12:52:40', NULL),
(5225, 139, 17, '', '2021-09-13 09:58:12', NULL, '2022-03-13 12:52:40', NULL),
(5226, 132, 17, '', '2021-09-13 09:58:12', NULL, '2022-03-13 12:52:40', NULL),
(5227, 131, 17, '', '2021-09-13 09:58:12', NULL, '2022-03-13 12:52:40', NULL),
(5228, 89, 17, '', '2021-09-13 09:58:12', NULL, '2022-03-13 12:52:40', NULL),
(5229, 173, 17, '', '2021-09-13 09:58:12', NULL, '2022-03-13 12:52:40', NULL),
(5230, 137, 17, '', '2021-09-13 09:58:12', NULL, '2022-03-13 12:52:40', NULL),
(5232, 117, 17, '', '2021-09-13 09:58:12', NULL, '2022-03-13 12:52:40', NULL),
(5233, 179, 17, '', '2021-09-13 09:58:12', NULL, '2022-03-13 12:52:40', NULL),
(5234, 180, 17, '', '2021-09-13 09:58:12', NULL, '2022-03-13 12:52:40', NULL),
(5235, 181, 17, '305', '2021-09-13 09:58:12', NULL, '2022-03-13 12:52:40', NULL),
(5238, 174, 17, '', '2021-09-13 09:58:12', NULL, '2022-03-13 12:52:40', NULL),
(5239, 127, 17, '', '2021-09-13 09:58:12', NULL, '2022-03-13 12:52:40', NULL),
(5240, 189, 17, '', '2021-09-13 09:58:12', NULL, '2022-03-13 12:52:40', NULL),
(5241, 175, 17, '', '2021-09-13 09:58:12', NULL, '2022-03-13 12:52:40', NULL),
(5243, 134, 17, 'reservation', '2021-09-13 09:58:12', NULL, '2022-03-13 12:52:40', NULL),
(5244, 92, 17, 'a40c3d74e87dac3623043ebd85c55e87', '2021-09-13 09:58:12', NULL, '2022-03-13 12:52:40', NULL),
(5245, 91, 17, 'c06763f2f000b0d0d84efe8bbd8041e2', '2021-09-13 09:58:12', NULL, '2022-03-13 12:52:40', NULL),
(5246, 188, 17, '', '2021-09-13 09:58:12', NULL, '2022-03-13 12:52:40', NULL),
(5247, 2, 17, 'Apartamenty Bałtyckie - Apartamenty Ustka - Apartamenty nad morzem dla Rodziny', '2021-09-13 09:58:12', NULL, '2022-03-13 12:52:40', NULL),
(5248, 182, 17, '', '2021-09-13 09:58:12', NULL, '2022-03-13 12:52:40', NULL),
(5249, 128, 17, '', '2021-09-13 09:58:12', NULL, '2022-03-13 12:52:40', NULL),
(5250, 6, 17, 'Apartamenty Bałtyckie', '2021-09-13 09:58:12', NULL, '2022-03-13 12:52:40', NULL),
(5251, 194, 17, '', '2021-09-13 09:58:12', NULL, '2022-03-13 12:52:40', NULL),
(5252, 23, 17, '', '2021-09-13 09:58:12', NULL, '2022-03-13 12:52:40', NULL),
(5253, 4, 17, '', '2021-09-13 09:58:12', NULL, '2022-03-13 12:52:40', NULL),
(5256, 143, 17, '', '2021-09-13 09:58:12', NULL, '2022-03-13 12:52:40', NULL),
(5257, 104, 17, '', '2021-09-13 09:58:12', NULL, '2022-03-13 12:52:40', NULL),
(5258, 190, 17, '', '2021-09-13 09:58:12', NULL, '2022-03-13 12:52:40', NULL),
(5263, 196, 1, '', '2021-09-28 09:48:21', 1, '2024-07-29 10:34:59', NULL),
(5264, 196, 17, '', '2021-09-28 09:48:21', 1, '2022-03-13 12:52:40', NULL),
(5273, 135, 1, '', '2022-03-12 14:48:25', 1, '2024-07-29 10:34:59', NULL),
(5274, 135, 17, '', '2022-03-12 14:48:25', 1, '2022-03-13 12:52:40', NULL),
(5275, 142, 1, '', '2022-03-13 10:49:09', 1, '2024-07-29 10:34:59', NULL),
(5276, 142, 17, '', '2022-03-13 10:49:09', 1, '2022-03-13 12:52:40', NULL),
(5278, 129, 18, '', '2022-04-06 19:43:27', NULL, '2023-07-03 16:33:44', NULL),
(5279, 55, 18, '', '2022-04-06 19:43:27', NULL, '2023-07-03 16:33:44', NULL),
(5280, 126, 18, '', '2022-04-06 19:43:27', NULL, '2023-07-03 16:33:44', NULL),
(5281, 125, 18, '', '2022-04-06 19:43:27', NULL, '2023-07-03 16:33:44', NULL),
(5282, 124, 18, '', '2022-04-06 19:43:27', NULL, '2023-07-03 16:33:44', NULL),
(5283, 144, 18, '', '2022-04-06 19:43:27', NULL, '2023-07-03 16:33:44', NULL),
(5284, 170, 18, '', '2022-04-06 19:43:27', NULL, '2023-07-03 16:33:44', NULL),
(5286, 133, 18, 'I declare that I have read the data protection rules on the <a href=\"/regulations\">regulations page</a>.', '2022-04-06 19:43:27', NULL, '2023-07-03 16:33:44', NULL),
(5288, 140, 18, '', '2022-04-06 19:43:27', NULL, '2023-07-03 16:33:44', NULL),
(5289, 138, 18, '', '2022-04-06 19:43:27', NULL, '2023-07-03 16:33:44', NULL),
(5290, 141, 18, '', '2022-04-06 19:43:27', NULL, '2023-07-03 16:33:44', NULL),
(5291, 139, 18, '', '2022-04-06 19:43:27', NULL, '2023-07-03 16:33:44', NULL),
(5292, 132, 18, '', '2022-04-06 19:43:27', NULL, '2023-07-03 16:33:44', NULL),
(5293, 131, 18, '', '2022-04-06 19:43:27', NULL, '2023-07-03 16:33:44', NULL),
(5294, 89, 18, '', '2022-04-06 19:43:27', NULL, '2023-07-03 16:33:44', NULL),
(5295, 173, 18, '', '2022-04-06 19:43:27', NULL, '2023-07-03 16:33:44', NULL),
(5296, 137, 18, '', '2022-04-06 19:43:27', NULL, '2023-07-03 16:33:44', NULL),
(5298, 117, 18, '5710', '2022-04-06 19:43:27', NULL, '2023-07-03 16:33:44', NULL),
(5299, 179, 18, '', '2022-04-06 19:43:27', NULL, '2023-07-03 16:33:44', NULL),
(5300, 180, 18, '', '2022-04-06 19:43:27', NULL, '2023-07-03 16:33:44', NULL),
(5301, 181, 18, '8', '2022-04-06 19:43:27', NULL, '2023-07-03 16:33:44', NULL),
(5304, 174, 18, '0', '2022-04-06 19:43:27', NULL, '2023-07-03 16:33:44', NULL),
(5305, 127, 18, '442', '2022-04-06 19:43:27', NULL, '2023-07-03 16:33:44', NULL),
(5306, 189, 18, '5710', '2022-04-06 19:43:27', NULL, '2023-07-03 16:33:44', NULL),
(5307, 175, 18, '', '2022-04-06 19:43:27', NULL, '2023-07-03 16:33:44', NULL),
(5308, 134, 18, 'reservation', '2022-04-06 19:43:27', NULL, '2023-07-03 16:33:44', NULL),
(5309, 92, 18, '0baa68696b3f89e37ac128d2e5205e6c', '2022-04-06 19:43:27', NULL, '2023-07-03 16:33:44', NULL),
(5310, 91, 18, '2ce9a536e08dd04337a2f4de0be89821', '2022-04-06 19:43:27', NULL, '2023-07-03 16:33:44', NULL),
(5311, 188, 18, '3332', '2022-04-06 19:43:27', NULL, '2023-07-03 16:33:45', NULL),
(5312, 2, 18, 'Space Apart', '2022-04-06 19:43:27', NULL, '2023-07-03 16:33:45', NULL),
(5313, 182, 18, '', '2022-04-06 19:43:27', NULL, '2023-07-03 16:33:45', NULL),
(5314, 128, 18, '0', '2022-04-06 19:43:27', NULL, '2023-07-03 16:33:45', NULL),
(5315, 6, 18, 'Space Apart', '2022-04-06 19:43:27', NULL, '2023-07-03 16:33:45', NULL),
(5316, 194, 18, '', '2022-04-06 19:43:27', NULL, '2023-07-03 16:33:45', NULL),
(5317, 23, 18, '', '2022-04-06 19:43:27', NULL, '2023-07-03 16:33:45', NULL),
(5318, 4, 18, 'Apartamenty i noclegi Jelenia Góra, Szklarska Poręba, Karpacz', '2022-04-06 19:43:27', NULL, '2023-07-03 16:33:45', NULL),
(5319, 143, 18, '', '2022-04-06 19:43:27', NULL, '2023-07-03 16:33:45', NULL),
(5320, 104, 18, '', '2022-04-06 19:43:27', NULL, '2023-07-03 16:33:45', NULL),
(5321, 190, 18, '', '2022-04-06 19:43:27', NULL, '2023-07-03 16:33:45', NULL),
(5322, 196, 18, '', '2022-04-06 19:43:27', NULL, '2023-07-03 16:33:45', NULL),
(5324, 135, 18, ' +48698902120', '2022-04-06 19:43:27', NULL, '2023-07-03 16:33:45', NULL),
(5325, 142, 18, '', '2022-04-06 19:43:27', NULL, '2023-07-03 16:33:45', NULL),
(5329, 197, 1, '', '2022-04-12 16:41:09', 1, '2024-07-29 10:34:59', NULL),
(5330, 197, 18, '', '2022-04-12 16:41:09', 1, '2023-07-03 16:33:45', NULL),
(5331, 198, 1, '561', '2022-04-13 21:51:08', 1, '2024-07-29 10:34:59', NULL),
(5332, 198, 18, '', '2022-04-13 21:51:08', 1, '2023-07-03 16:33:45', NULL),
(5333, 199, 1, '', '2022-08-03 12:48:36', 1, '2024-07-29 10:34:59', NULL),
(5334, 199, 18, '', '2022-08-03 12:48:36', 1, '2023-07-03 16:33:45', NULL),
(5335, 95, 1, '1', '2022-08-03 15:01:38', 1, '2024-07-29 10:34:59', NULL),
(5336, 95, 18, '51', '2022-08-03 15:01:38', 1, '2023-07-03 16:33:45', NULL),
(5337, 130, 1, '57', '2022-08-04 11:05:31', 1, '2024-07-29 10:34:59', NULL),
(5338, 130, 18, '32', '2022-08-04 11:05:31', 1, '2023-07-03 16:33:45', NULL),
(5339, 147, 1, '5', '2022-08-04 11:19:49', 1, '2024-07-29 10:34:59', NULL),
(5340, 147, 18, '', '2022-08-04 11:19:49', 1, '2023-07-03 16:33:45', NULL),
(5341, 129, 19, '', '2022-08-18 15:16:12', NULL, '2023-07-03 16:33:45', NULL),
(5342, 55, 19, '', '2022-08-18 15:16:12', NULL, '2023-07-03 16:33:45', NULL),
(5343, 126, 19, '', '2022-08-18 15:16:12', NULL, '2023-07-03 16:33:45', NULL),
(5344, 125, 19, '', '2022-08-18 15:16:12', NULL, '2023-07-03 16:33:45', NULL),
(5345, 124, 19, '', '2022-08-18 15:16:12', NULL, '2023-07-03 16:33:45', NULL),
(5346, 144, 19, '', '2022-08-18 15:16:12', NULL, '2023-07-03 16:33:45', NULL),
(5347, 170, 19, '', '2022-08-18 15:16:12', NULL, '2023-07-03 16:33:45', NULL),
(5348, 133, 19, 'Ich erkläre, dass ich die Datenschutzbestimmungen auf der Seite <a href=\"/information\">information</a> gelesen habe.', '2022-08-18 15:16:12', NULL, '2023-07-03 16:33:45', NULL),
(5349, 140, 19, '', '2022-08-18 15:16:12', NULL, '2023-07-03 16:33:45', NULL),
(5350, 138, 19, '', '2022-08-18 15:16:12', NULL, '2023-07-03 16:33:45', NULL),
(5351, 141, 19, '', '2022-08-18 15:16:12', NULL, '2023-07-03 16:33:45', NULL),
(5352, 139, 19, '', '2022-08-18 15:16:12', NULL, '2023-07-03 16:33:45', NULL),
(5353, 132, 19, '', '2022-08-18 15:16:12', NULL, '2023-07-03 16:33:45', NULL),
(5354, 131, 19, '', '2022-08-18 15:16:12', NULL, '2023-07-03 16:33:45', NULL),
(5355, 89, 19, '', '2022-08-18 15:16:12', NULL, '2023-07-03 16:33:45', NULL),
(5356, 173, 19, '', '2022-08-18 15:16:12', NULL, '2023-07-03 16:33:45', NULL),
(5357, 137, 19, '', '2022-08-18 15:16:12', NULL, '2023-07-03 16:33:45', NULL),
(5358, 117, 19, '', '2022-08-18 15:16:12', NULL, '2023-07-03 16:33:45', NULL),
(5359, 179, 19, '', '2022-08-18 15:16:12', NULL, '2023-07-03 16:33:45', NULL),
(5360, 180, 19, '', '2022-08-18 15:16:12', NULL, '2023-07-03 16:33:45', NULL),
(5361, 181, 19, '8', '2022-08-18 15:16:12', NULL, '2023-07-03 16:33:45', NULL),
(5364, 174, 19, '0', '2022-08-18 15:16:12', NULL, '2023-07-03 16:33:45', NULL),
(5365, 127, 19, '442', '2022-08-18 15:16:12', NULL, '2023-07-03 16:33:45', NULL),
(5366, 189, 19, '', '2022-08-18 15:16:12', NULL, '2023-07-03 16:33:45', NULL),
(5367, 175, 19, '', '2022-08-18 15:16:12', NULL, '2023-07-03 16:33:45', NULL),
(5368, 134, 19, 'buche', '2022-08-18 15:16:12', NULL, '2023-07-03 16:33:45', NULL),
(5369, 92, 19, '9608feda291b492ca5e08470aa660372', '2022-08-18 15:16:12', NULL, '2023-07-03 16:33:45', NULL),
(5370, 91, 19, 'a61d0a46f4245e0ee8f3882906e5c802', '2022-08-18 15:16:12', NULL, '2023-07-03 16:33:45', NULL),
(5371, 188, 19, '2829', '2022-08-18 15:16:12', NULL, '2023-07-03 16:33:45', NULL),
(5372, 2, 19, 'Baltic Family', '2022-08-18 15:16:12', NULL, '2023-07-03 16:33:45', NULL),
(5373, 182, 19, '', '2022-08-18 15:16:12', NULL, '2023-07-03 16:33:45', NULL),
(5374, 128, 19, '0', '2022-08-18 15:16:12', NULL, '2023-07-03 16:33:45', NULL),
(5375, 6, 19, 'Baltic Family', '2022-08-18 15:16:12', NULL, '2023-07-03 16:33:45', NULL),
(5376, 194, 19, '', '2022-08-18 15:16:12', NULL, '2023-07-03 16:33:45', NULL),
(5377, 23, 19, '', '2022-08-18 15:16:12', NULL, '2023-07-03 16:33:45', NULL),
(5378, 4, 19, 'Baltic Family', '2022-08-18 15:16:12', NULL, '2023-07-03 16:33:45', NULL),
(5379, 143, 19, '', '2022-08-18 15:16:12', NULL, '2023-07-03 16:33:45', NULL),
(5380, 104, 19, '', '2022-08-18 15:16:12', NULL, '2023-07-03 16:33:45', NULL),
(5381, 190, 19, '', '2022-08-18 15:16:12', NULL, '2023-07-03 16:33:45', NULL),
(5382, 196, 19, '', '2022-08-18 15:16:12', NULL, '2023-07-03 16:33:45', NULL),
(5384, 135, 19, '', '2022-08-18 15:16:12', NULL, '2023-07-03 16:33:45', NULL),
(5385, 142, 19, '', '2022-08-18 15:16:12', NULL, '2023-07-03 16:33:45', NULL),
(5387, 197, 19, '', '2022-08-18 15:16:12', NULL, '2023-07-03 16:33:45', NULL),
(5388, 198, 19, '', '2022-08-18 15:16:12', NULL, '2023-07-03 16:33:45', NULL),
(5389, 199, 19, '', '2022-08-18 15:16:12', NULL, '2023-07-03 16:33:45', NULL),
(5390, 95, 19, '43', '2022-08-18 15:16:12', NULL, '2023-07-03 16:33:45', NULL),
(5391, 130, 19, '44', '2022-08-18 15:16:12', NULL, '2023-07-03 16:33:45', NULL),
(5392, 147, 19, '', '2022-08-18 15:16:12', NULL, '2023-07-03 16:33:45', NULL),
(5399, 195, 1, '/public/images/logocolor.svg', '2022-11-09 19:15:30', 1, '2024-07-29 10:34:59', NULL),
(5400, 195, 18, '/public/images/logocolor.svg', '2022-11-09 19:15:30', 1, '2023-07-03 16:33:45', NULL),
(5401, 195, 19, '/public/images/logotypbf.svg', '2022-11-09 19:15:30', 1, '2023-07-03 16:33:45', NULL),
(5402, 191, 1, '/public/images/logo_n17.svg', '2024-07-02 15:12:12', 1, '2024-07-29 10:34:59', NULL),
(5403, 20, 1, '53.9280184538561', '2024-07-02 18:23:21', 1, '2024-07-29 10:34:59', NULL),
(5404, 21, 1, '14.45373315951639', '2024-07-02 18:23:48', 1, '2024-07-29 10:34:59', NULL),
(5405, 200, 1, '53.92972684932679', '2024-07-02 18:25:48', 1, '2024-07-29 10:34:59', NULL),
(5406, 201, 1, '14.451968728835295', '2024-07-02 18:25:58', 1, '2024-07-29 10:34:59', NULL),
(5407, 202, 1, 'https://maps.app.goo.gl/NDLewgqGZ9vwA4qd9', '2024-07-02 18:30:40', 1, '2024-07-29 10:34:59', NULL),
(5408, 203, 1, 'https://maps.app.goo.gl/qj3Thee4Md3DJzfd9', '2024-07-02 18:31:01', 1, '2024-07-29 10:34:59', NULL),
(5409, 204, 1, '4730d5ebd80beec05553cae793783b0a', '2024-07-02 20:00:46', 1, '2024-07-29 10:34:59', NULL),
(5410, 205, 1, '2902', '2024-07-02 20:02:13', 1, '2024-07-29 10:34:59', NULL),
(5411, 206, 1, '67f961ff5594c3f17bda701f2a0e59be', '2024-07-02 20:02:59', 1, '2024-07-29 10:34:59', NULL),
(5412, 207, 1, '3994', '2024-07-02 20:03:17', 1, '2024-07-29 10:34:59', NULL),
(5413, 208, 1, '/public/images/logo_vv.svg', '2024-07-02 20:07:49', 1, '2024-07-29 10:34:59', NULL),
(5414, 209, 1, 'e3bb4961e07f312b39879d8a666008f3', '2024-07-02 21:17:06', 1, '2024-07-29 10:34:59', NULL),
(5415, 210, 1, 'b52302231a63b652a85ba454c336073b', '2024-07-02 21:17:28', 1, '2024-07-29 10:34:59', NULL),
(5416, 211, 1, '8', '2024-07-02 22:13:09', 1, '2024-07-29 10:34:59', NULL),
(5417, 212, 1, '71', '2024-07-02 22:13:43', 1, '2024-07-29 10:34:59', NULL),
(5418, 213, 1, '72', '2024-07-02 23:13:21', 1, '2024-07-29 10:34:59', NULL),
(5419, 214, 1, '73', '2024-07-02 23:13:43', 1, '2024-07-29 10:34:59', NULL),
(5422, 216, 1, 'rezerwacja@norwida17.pl', '2024-07-26 06:42:47', 1, '2024-07-29 10:35:00', NULL),
(5423, 217, 1, 'rezerwacja@villavittoria.pl', '2024-07-26 06:43:24', 1, '2024-07-29 10:35:00', NULL),
(5424, 218, 1, '+48 784 084 216', '2024-07-26 07:26:45', 1, '2024-07-29 10:35:00', NULL),
(5425, 219, 1, '+48 784 084 231', '2024-07-26 07:27:35', 1, '2024-07-29 10:35:00', NULL),
(5426, 220, 1, 'rezerwacja-villavittoria', '2024-07-29 09:21:26', 1, '2024-07-29 10:35:00', NULL),
(5427, 215, 1, '79', '2024-07-29 10:25:44', 1, '2024-07-29 10:35:00', NULL),
(5428, 221, 1, '74', '2024-07-29 10:26:06', 1, '2024-07-29 10:35:00', NULL);

-- --------------------------------------------------------

--
-- Struktura tabeli dla tabeli `portfolio`
--

CREATE TABLE `portfolio` (
  `id` int(4) NOT NULL,
  `id_lang` tinyint(2) DEFAULT NULL,
  `photo` varchar(200) CHARACTER SET utf8mb3 COLLATE utf8mb3_unicode_ci DEFAULT NULL,
  `title` varchar(200) CHARACTER SET utf8mb3 COLLATE utf8mb3_unicode_ci DEFAULT NULL,
  `property` varchar(200) DEFAULT NULL,
  `location` varchar(200) DEFAULT NULL,
  `status` varchar(100) DEFAULT NULL,
  `advert` varchar(300) DEFAULT NULL,
  `description` text CHARACTER SET utf8mb3 COLLATE utf8mb3_unicode_ci DEFAULT NULL,
  `reference` text DEFAULT NULL,
  `reference_author` varchar(200) DEFAULT NULL,
  `niceurl` varchar(180) CHARACTER SET utf8mb3 COLLATE utf8mb3_unicode_ci DEFAULT NULL,
  `meta_title` varchar(180) CHARACTER SET utf8mb3 COLLATE utf8mb3_unicode_ci DEFAULT NULL,
  `meta_keywords` varchar(250) CHARACTER SET utf8mb3 COLLATE utf8mb3_unicode_ci DEFAULT NULL,
  `meta_tags` varchar(250) CHARACTER SET utf8mb3 COLLATE utf8mb3_unicode_ci DEFAULT NULL,
  `meta_description` varchar(200) CHARACTER SET utf8mb3 COLLATE utf8mb3_unicode_ci DEFAULT NULL,
  `visits` int(10) UNSIGNED DEFAULT 0,
  `street` varchar(50) DEFAULT NULL,
  `nip` varchar(20) DEFAULT NULL,
  `company` varchar(250) DEFAULT NULL,
  `city` varchar(30) DEFAULT NULL,
  `zip` varchar(10) DEFAULT NULL,
  `phone` varchar(15) DEFAULT NULL,
  `www` varchar(120) DEFAULT NULL,
  `email` varchar(20) DEFAULT NULL,
  `date` varchar(20) DEFAULT NULL,
  `server_date` varchar(20) DEFAULT NULL,
  `server_price` int(11) DEFAULT 0,
  `type` varchar(20) DEFAULT NULL,
  `person` varchar(40) DEFAULT NULL,
  `add_date` datetime DEFAULT NULL,
  `add_by` int(3) DEFAULT NULL,
  `mod_date` datetime DEFAULT NULL,
  `mod_by` int(3) DEFAULT NULL,
  `active` tinyint(1) UNSIGNED DEFAULT 1
) ENGINE=InnoDB DEFAULT CHARSET=utf8mb3 COLLATE=utf8mb3_general_ci;

-- --------------------------------------------------------

--
-- Struktura tabeli dla tabeli `redirect`
--

CREATE TABLE `redirect` (
  `id` int(6) NOT NULL,
  `source` varchar(200) DEFAULT NULL,
  `target` varchar(200) DEFAULT NULL,
  `code` varchar(10) NOT NULL DEFAULT '301',
  `add_by` int(11) DEFAULT NULL,
  `mod_by` int(11) DEFAULT NULL,
  `add_date` datetime DEFAULT NULL,
  `mod_date` datetime DEFAULT NULL
) ENGINE=MyISAM DEFAULT CHARSET=utf8mb3 COLLATE=utf8mb3_unicode_ci;

-- --------------------------------------------------------

--
-- Struktura tabeli dla tabeli `section`
--

CREATE TABLE `section` (
  `id` int(4) NOT NULL,
  `photo` varchar(200) CHARACTER SET utf8mb3 COLLATE utf8mb3_unicode_ci DEFAULT NULL,
  `photo1` varchar(300) DEFAULT NULL,
  `photo2` varchar(300) DEFAULT NULL,
  `photo_min` varchar(200) DEFAULT NULL,
  `name` varchar(200) DEFAULT NULL,
  `comment` text DEFAULT NULL,
  `template` varchar(200) DEFAULT 'default',
  `visits` int(10) UNSIGNED DEFAULT 0,
  `add_date` datetime DEFAULT NULL,
  `add_by` int(3) DEFAULT NULL,
  `mod_date` datetime DEFAULT NULL,
  `mod_by` int(3) DEFAULT NULL,
  `active` tinyint(1) UNSIGNED DEFAULT 1,
  `padding` text NOT NULL,
  `margin` text NOT NULL,
  `rooms_id` varchar(60) NOT NULL,
  `lor` int(11) DEFAULT NULL,
  `link` varchar(300) DEFAULT NULL,
  `video` varchar(300) NOT NULL
) ENGINE=InnoDB DEFAULT CHARSET=utf8mb3 COLLATE=utf8mb3_general_ci;

--
-- Dumping data for table `section`
--

INSERT INTO `section` (`id`, `photo`, `photo1`, `photo2`, `photo_min`, `name`, `comment`, `template`, `visits`, `add_date`, `add_by`, `mod_date`, `mod_by`, `active`, `padding`, `margin`, `rooms_id`, `lor`, `link`, `video`) VALUES
(1, '/img/images/norwida/AdobeStock_212617058.jpg', '', '', '/photo/page1/_min.jpg', 'Norwida Home: Tekst z ikonami', '', 'starttitle.phtml', 0, '2022-08-03 14:59:09', 1, '2025-01-30 08:49:01', 16, 1, '', '', '', 0, NULL, ''),
(2, '/img/images/norwida/StandardPlus6B/PF6_8146.jpg', '/img/images/norwida/Standard5/PF6_8828.jpg', '', '/photo/page2/_min.jpg', 'Norwida Home: O nas', '', 'textwithphoto.phtml', 0, '2022-08-03 15:00:54', 1, '2024-07-02 16:49:36', 1, 1, '', '', '', 0, NULL, ''),
(3, '', '', '', NULL, 'Norwida Home: Apartamenty', 'norwida', 'roomsslick.phtml', 0, '2022-08-03 16:33:19', 1, '2024-07-02 23:00:11', 1, 1, '', '', '', 0, NULL, ''),
(4, '/img/images/448908722_771902005110662_6458811135216105851_n.jpg', '', '', '/photo/page4/_min.jpg', 'Norwida Home: Opinie', '', 'reviews.phtml', 0, '2022-08-03 17:54:41', 1, '2024-07-02 18:01:53', 1, 1, '', '', '', 0, NULL, ''),
(8, '/img/images/norwida/AdobeStock_212617058.jpg', '/img/images/norwida/logo_n17.svg', '', '/photo/page8/_min.jpg', 'Norwida: Footer', 'https://panel.hotres.pl/v4_newsletter/sign/oid/2902/lang/pl', 'footer.phtml', 0, '2022-08-04 09:10:56', 1, '2024-07-02 18:19:01', 1, 1, '', '', '', 0, NULL, ''),
(13, '/img/images/norwida/logo_n17.svg', '', '', '/photo/page13/_min.jpg', 'Norwida: Kontakt', '', 'contactform.phtml', 0, '2022-08-04 12:05:28', 1, '2024-07-02 18:52:26', 1, 1, '', '', '', 0, NULL, ''),
(16, '/img/images/norwida/AdobeStock_627646381.jpg', '', '', '/photo/page16/_min.jpg', 'Norwida Home: Lokalizacja', '', 'textwithphoto.phtml', 0, '2022-10-29 11:16:27', 1, '2024-11-18 11:11:02', 16, 1, '', '', '', 1, NULL, ''),
(26, '/img/images/norwida/StandardPlus6B/DJI_0976.jpg', '/img/images/norwida/StandardPlus6B/PF6_8100.jpg', '/img/images/norwida/4b/130-PF6_8560.jpg', '/photo/page26/_min.jpg', 'Norwida O nas: Mozaika 1', '', 'text_mosaic.phtml', 0, '2023-01-24 17:57:20', 1, '2024-07-02 18:41:19', 1, 1, '', '', '', 0, NULL, ''),
(27, '/img/images/norwida/4b/131-PF6_8562.jpg', '/img/images/norwida/AdobeStock_702129077.jpg', '/img/images/norwida/AdobeStock_627646381.jpg', '/photo/page27/_min.jpg', 'Norwida O nas: Mozaika 2', '', 'text_mosaic.phtml', 0, '2023-01-24 17:59:32', 1, '2024-07-02 18:45:57', 1, 1, '', '', '', 1, NULL, ''),
(28, '/img/images/okolica/atrakcje-park-wodny.jpg', '/img/images/okolica/atrakcje-ogrody-hortulus.jpg', '', '/photo/page28/_min.jpg', 'Okolica: mozaika 3', '', 'text_mosaic.phtml', 0, '2023-01-24 18:05:31', 1, '2023-01-25 15:17:06', 1, 1, '', '', '', 0, NULL, ''),
(29, '/img/images/okolica/atrakcje-kitesurfing.jpg', '/img/images/okolica/atrakcje-rejsy-jachtem.jpg', '', '/photo/page29/_min.jpg', 'Okolica: mozaika 4', '', 'text_mosaic.phtml', 0, '2023-01-24 18:08:51', 1, '2023-01-25 15:18:00', 1, 1, '', '', '', 1, NULL, ''),
(38, '', '', '', NULL, 'KONTAKT: formularz + tekst', '', 'contactform.phtml', 0, '2023-01-24 22:43:54', 1, '2023-01-25 15:23:35', 1, 1, '', '', '', 0, NULL, ''),
(46, '', '', '', NULL, 'Norwida Home: Mapa', '', 'map.phtml', 0, '2023-03-02 22:07:44', 1, '2024-07-02 18:36:25', 1, 1, '', '', '', 0, NULL, ''),
(60, '', '', '', NULL, 'Norwida: Slider', '946', 'slider.phtml', 0, '2024-07-02 15:17:02', 1, '2024-07-02 15:24:43', 1, 1, '', '', '', 0, NULL, ''),
(61, '', '', '', NULL, 'Norwida: Apartamenty wszystkie', '', 'rooms.phtml', 0, '2024-07-02 18:49:28', 1, '2024-07-02 23:00:21', 1, 1, '', '', 'norwida', 0, NULL, ''),
(62, '', '', '', NULL, 'Vittoria Home: Apartamenty', 'villavittoria', 'roomsslick.phtml', 0, '2024-07-02 21:16:39', 1, '2024-07-02 23:00:45', 1, 1, '', '', '', 0, NULL, ''),
(63, '/img/images/vittoria/APARTAMENTz1sypialnia/Rondo_Miedzyzdroje_2048px-236.jpg', '', '', '/photo/page63/_min.jpg', 'Vittoria Home: Lokalizacja', '', 'textwithphoto.phtml', 0, '2024-07-02 21:19:07', 1, '2024-07-02 21:19:20', 1, 1, '', '', '', 1, NULL, ''),
(64, '', '', '', NULL, 'Vittoria Home: Mapa', '', 'map.phtml', 0, '2024-07-02 21:20:03', 1, NULL, NULL, 1, '', '', '', 0, NULL, ''),
(65, '/img/images/vittoria/APARTAMENTz1sypialnia/Rondo_Miedzyzdroje_2048px-233.jpg', '/img/images/vittoria/3ROOMSUPERIORbezbalkonu/Rondo_Miedzyzdroje_maksymalnarozdzielczosc-122.jpg', '', '/photo/section65/_min.jpg', 'Vittoria Home: O nas', '', 'textwithphoto.phtml', 0, '2024-07-02 21:29:06', 1, '2024-07-02 21:29:06', 1, 1, '', '', '', 0, NULL, ''),
(66, '/img/images/448908722_771902005110662_6458811135216105851_n.jpg', '', '', '/photo/section66/_min.jpg', 'Vittoria Home: Opinie', '', 'reviews.phtml', 0, '2024-07-02 21:29:55', 1, '2024-07-02 21:29:55', 1, 1, '', '', '', 0, NULL, ''),
(67, '/img/images/vittoria/3ROOMSUPERIORbezbalkonu/Rondo_Miedzyzdroje_2048px-233.jpg', '', '', '/photo/page67/_min.jpg', 'Vittoria Home: Tekst z ikonami', '', 'starttitle.phtml', 0, '2024-07-02 21:32:16', 1, '2024-11-26 09:41:55', 16, 1, '', '', '', 0, NULL, ''),
(68, '/img/images/vittoria/4ROOMLUXURYSPACEIIpoziomy/Rondo_Miedzyzdroje_2048px-236.jpg', '/img/images/vittoria/4ROOMLUXURYSPACEIIpoziomy/Rondo_Miedzyzdroje_2048px-72.jpg', '/img/images/vittoria/3ROOMSUPERIORzbalkonem/Rondo_Miedzyzdroje_2048px-154.jpg', '/photo/page68/_min.jpg', 'Vittoria O nas: Mozaika 1', '', 'text_mosaic.phtml', 0, '2024-07-02 21:34:48', 1, '2024-07-02 22:04:13', 1, 1, '', '', '', 0, NULL, ''),
(69, '/img/images/vittoria/APARTAMENTZ1SYPIALNIaIBALKONEM/Rondo_Miedzyzdroje_maksymalnarozdzielczosc-87.jpg', '/img/images/vittoria/APARTAMENTZ1SYPIALNIaIBALKONEM/Rondo_Miedzyzdroje_maksymalnarozdzielczosc-41.jpg', '/img/images/vittoria/APARTAMENTZ1SYPIALNIaIBALKONEM/Rondo_Miedzyzdroje_2048px-3.jpg', '/photo/page69/_min.jpg', 'Vittoria O nas: Mozaika 2', '', 'text_mosaic.phtml', 0, '2024-07-02 21:36:33', 1, '2024-07-02 22:03:52', 1, 1, '', '', '', 1, NULL, ''),
(70, '', '', '', NULL, 'Vittoria: Apartamenty wszystkie', '', 'rooms.phtml', 0, '2024-07-02 21:37:18', 1, '2024-07-02 23:00:30', 1, 1, '', '', 'villavittoria', 0, NULL, ''),
(71, '/img/images/vittoria/APARTAMENTZ1SYPIALNIaIBALKONEM/Rondo_Miedzyzdroje_2048px-236.jpg', '/img/images/norwida/logo_vv.svg', '', '/photo/page71/_min.jpg', 'Vittoria: Footer', 'https://panel.hotres.pl/v4_newsletter/sign/oid/3994/lang/pl', 'footer.phtml', 0, '2024-07-02 21:44:16', 1, '2024-07-02 22:09:38', 1, 1, '', '', '', 0, NULL, ''),
(72, '/img/images/norwida/logo_vv.svg', '', '', NULL, 'Vittoria: Kontakt', '', 'contactform.phtml', 0, '2024-07-02 21:46:25', 1, NULL, NULL, 1, '', '', '', 0, NULL, ''),
(73, '', '', '', NULL, 'Vittoria: Slider', '947', 'slider.phtml', 0, '2024-07-02 21:48:44', 1, NULL, NULL, 1, '', '', '', 0, NULL, ''),
(74, '', '', '', NULL, 'Atrakcje: ogółem', '947', 'attractions.phtml', 0, '2024-07-02 23:38:20', 1, '2024-07-18 23:56:59', 1, 1, '', '', '', 0, NULL, ''),
(75, '/img/images/vittoria/STUDIOZBALKONEM/Rondo_Miedzyzdroje_maksymalnarozdzielczosc-228.jpg', '', '', '/photo/page75/_min.jpg', 'Cafe: starttitle', '', 'starttitle.phtml', 0, '2024-07-21 15:51:35', 1, '2024-07-21 15:57:04', 1, 1, '', '', '', 0, NULL, ''),
(76, '/img/images/vittoria/STUDIOZBALKONEM/Rondo_Miedzyzdroje_2048px.jpg', '', '', '/photo/section76/_min.jpg', 'Cafe: tekst1', '', 'textwithphoto.phtml', 0, '2024-07-21 16:01:04', 1, '2024-07-21 16:01:04', 1, 1, '', '', '', 0, NULL, ''),
(77, '', '', '', NULL, 'Cafe: Galeria', '', 'gallery.phtml', 0, '2024-07-21 16:02:23', 1, '2024-07-21 16:03:27', 1, 1, '', '', '', 0, NULL, ''),
(78, '/img/images/norwida/AdobeStock_627646381.jpg', '', '', '/photo/section78/_min.jpg', 'dziekujemy: tekst norwid', '', 'starttitle.phtml', 0, '2024-07-26 06:22:49', 1, '2024-07-26 06:22:50', 1, 1, '', '', '', 0, NULL, ''),
(79, '/img/images/vittoria/APARTAMENTz1sypialnia/Rondo_Miedzyzdroje_2048px-233.jpg', '', '', '/photo/section79/_min.jpg', 'dziekujemy: tekst vittoria', '', 'starttitle.phtml', 0, '2024-07-26 06:26:25', 1, '2024-07-26 06:26:25', 1, 1, '', '', '', 0, NULL, ''),
(80, '', '', '', NULL, 'Atrakcje w pobliżu: Norwida', '946', 'attractions.phtml', 0, '2024-07-29 10:16:17', 1, NULL, NULL, 1, '', '', '', 0, NULL, '');

-- --------------------------------------------------------

--
-- Struktura tabeli dla tabeli `section_desc`
--

CREATE TABLE `section_desc` (
  `id` int(8) NOT NULL,
  `id_section` int(6) DEFAULT 0,
  `id_lang` tinyint(2) DEFAULT NULL,
  `title` varchar(250) CHARACTER SET utf8mb3 COLLATE utf8mb3_unicode_ci DEFAULT NULL,
  `description` text DEFAULT NULL,
  `custom` text DEFAULT NULL,
  `padding` text DEFAULT NULL,
  `rooms_id` int(11) DEFAULT NULL,
  `color` int(11) DEFAULT NULL,
  `margin` int(11) DEFAULT NULL,
  `customleft` text DEFAULT NULL,
  `customright` text DEFAULT NULL,
  `subtitle` varchar(300) DEFAULT NULL,
  `add_date` datetime DEFAULT NULL,
  `add_by` int(3) DEFAULT NULL,
  `mod_date` datetime DEFAULT NULL,
  `mod_by` int(3) DEFAULT NULL,
  `link` varchar(300) DEFAULT NULL
) ENGINE=InnoDB DEFAULT CHARSET=utf8mb3 COLLATE=utf8mb3_general_ci;

--
-- Dumping data for table `section_desc`
--

INSERT INTO `section_desc` (`id`, `id_section`, `id_lang`, `title`, `description`, `custom`, `padding`, `rooms_id`, `color`, `margin`, `customleft`, `customright`, `subtitle`, `add_date`, `add_by`, `mod_date`, `mod_by`, `link`) VALUES
(515, 28, 1, 'Park wodny Koszalin', '<p>Sześć basen&oacute;w w strefie rekreacyjnej (w tym trzy w strefie zewnętrznej), zjeżdżalnie, basen pływacki, basen do nauki pływania, basen rekreacyjny, basenik dla maluch&oacute;w i wiele więcej&hellip;</p>\r\n', '<p>Ponad 20-letnie ogrody w Dobrzycy z największym na świecie labiryntem grabowym oraz wieżą widokową.</p>\r\n', NULL, NULL, NULL, NULL, '', NULL, 'Ogrody Hortulus w Dobrzycy', '2023-01-25 15:17:06', 1, NULL, NULL, ''),
(516, 28, 18, 'Koszalin Water park', 'Six swimming pools in the recreation area (including three in the outdoor area), slides, swimming pool, swimming pool for learning to swim, recreational pool, children&rsquo;s pool and much more &hellip;', 'Over 20 years old gardens in Dobrzyca with the world&rsquo;s largest hornbeam maze and lookout tower.', NULL, NULL, NULL, NULL, '', NULL, 'Hortulus Gardens in Dobrzyca', '2023-01-25 15:17:06', 1, NULL, NULL, ''),
(517, 28, 19, 'Wasserpark Koszalin', 'In nur wenigen Minuten erreichen Sie den großen Wasserpark. Sechs Schwimmbäder im Erholungsgebiet (davon drei im Außenbereich), Rutschen und vieles mehr… Die kleinen Piraten werden es lieben.', 'Über 20 Jahre alte Gärten in Dobrzyca mit dem größten Labyrinth der Welt und einem Aussichtsturm.', NULL, NULL, NULL, NULL, '', NULL, 'Hortulus-Gärten in Dobrzyca', '2023-01-25 15:17:06', 1, NULL, NULL, ''),
(518, 29, 1, 'Centrum Sportów Wodnych Kite Mielno', '<p>Sporty wodne dla całej rodziny. Naucz się Kitesurfingu pod okiem profesjonalist&oacute;w.</p>\r\n', '<p>W okresie letnim można wybrać się na wycieczkę po jeziorze statkiem wycieczkowym &bdquo;Mila&rdquo; kt&oacute;ra cumuje przy pomoście Klubu Morskiego &bdquo;Tramp&rdquo; w Mielnie na ul. Chrobrego 32.</p>\r\n', NULL, NULL, NULL, NULL, '', NULL, 'Rejsy jachtem i statkiem', '2023-01-25 15:18:00', 1, NULL, NULL, ''),
(519, 29, 18, 'Kite Mielno Water Sports Center', 'Water sports for the whole family. Learn kitesurfing or windsurfing under the guidance of professionals.', 'In summer, you can go on a trip on the lake with the cruise ship &ldquo;Mila&rdquo;, which is moored at the pier of the &ldquo;Tramp&rdquo; Maritime Club in Mielno on ul. Chrobrego 32.', NULL, NULL, NULL, NULL, '', NULL, 'Yacht and ship cruises', '2023-01-25 15:18:00', 1, NULL, NULL, ''),
(520, 29, 19, 'Zentrum der Wassersporte Kite Mielno', 'In Mielno finden Sie Wassersportangebote für die ganze Familie. Hier können Sie Kitesurfen unter Anleitung von Profis lernen.', 'Im Sommer können Sie mit dem Kreuzfahrtschiff „Mila“ am Jamno-See einen Ausflug machen. Die Fahrten starten ab „Klub Morski Tramp“ Mielno an der Ul. Chrobrego 32..', NULL, NULL, NULL, NULL, '', NULL, 'YACHT- UND SCHIFFKREUZFAHRTEN', '2023-01-25 15:18:00', 1, NULL, NULL, ''),
(527, 38, 1, '', '<h2>Rezerwacje i pytania</h2>\r\n<a href=\"mailto:info@balticfamily.p\"><i class=\"icon-mail\">&nbsp;</i>info@balticfamily.pl</a> <a href=\"tel:+48500209202\"><i class=\"icon-phone\">&nbsp;</i> +48 500 209 202</a>', '', NULL, NULL, NULL, NULL, '', NULL, '', '2023-01-25 15:23:35', 1, NULL, NULL, ''),
(528, 38, 18, '', '<h2>Reservations and questions</h2>\r\n<a href=\"mailto:info@balticfamily.p\"><i class=\"icon-mail\">&nbsp;</i>info@balticfamily.pl</a> <a href=\"tel:+48500209202\"><i class=\"icon-phone\">&nbsp;</i> +48 500 209 202</a>', '', NULL, NULL, NULL, NULL, '', NULL, '', '2023-01-25 15:23:35', 1, NULL, NULL, ''),
(529, 38, 19, '', '<h2>RESERVIERUNGEN UND FRAGEN</h2>\r\n<a href=\"mailto:info@balticfamily.p\"><i class=\"icon-mail\">&nbsp;</i>info@balticfamily.pl</a> <a href=\"tel:+48500209202\"><i class=\"icon-phone\">&nbsp;</i> +48 500 209 202</a>', '', NULL, NULL, NULL, NULL, '', NULL, '', '2023-01-25 15:23:35', 1, NULL, NULL, ''),
(805, 60, 1, 'Test', '', '', NULL, NULL, NULL, NULL, '', NULL, '', '2024-07-02 15:24:43', 1, NULL, NULL, ''),
(815, 2, 1, 'Komfort i Nowoczesność oraz', 'Apartamenty Norwida 17 to synonim komfortu i nowoczesności. Oferujemy r&oacute;żne standardy apartament&oacute;w, dostosowane do potrzeb naszych gości &ndash; od par i rodzin po osoby podr&oacute;żujące służbowo. Każdy apartament jest przestronny, funkcjonalny i stylowo urządzony, zapewniając idealne warunki do wypoczynku i pracy.&nbsp;Nasze apartamenty są w pełni wyposażone we wszystko, co potrzebne do wygodnego pobytu. W każdej kuchni znajdą Państwo nowoczesny sprzęt AGD, zastawę stołową oraz wszelkie niezbędne akcesoria. Przestronne łazienki oferują wysoki standard wykończenia, a dodatkowe udogodnienia, takie jak pralki czy suszarki do włos&oacute;w, zapewnią pełną wygodę.', '', NULL, NULL, NULL, NULL, '', NULL, 'Pełne Wyposażenie', '2024-07-02 16:49:36', 1, NULL, NULL, '/o-nas-norwida'),
(818, 4, 1, 'Opinie', '', '', NULL, NULL, NULL, NULL, '', NULL, 'Poznaj opinie naszych gości', '2024-07-02 18:01:52', 1, NULL, NULL, ''),
(821, 8, 1, '', '<h3>Kontakt</h3>\r\n\r\n<ul>\r\n	<li><a href=\"tel:+48784084231\"><i class=\"icon-phone\">&nbsp;</i>+48 784 084 231</a></li>\r\n	<li><a href=\"mailto:\r\nrezerwacja@norwida17.pl\"><i class=\"icon-mail\">&nbsp;</i> rezerwacja@norwida17.pl</a></li>\r\n</ul>\r\n', '<h3>Ważne linki</h3>\r\n\r\n<ul>\r\n	<li><a href=\"/kontakt\">Kontakt</a></li>\r\n</ul>\r\n', NULL, NULL, NULL, NULL, '<h3>Social media</h3>\r\n\r\n<div class=\"socialfooter\"><a href=\"https://www.facebook.com/profile.php?id=100068726096602\" target=\"_blank\"><i class=\"icon-facebook\">&nbsp;</i></a></div>\r\n', NULL, '', '2024-07-02 18:19:01', 1, NULL, NULL, ''),
(826, 46, 1, 'Zobacz jak dojechać', '', '', NULL, NULL, NULL, NULL, '', NULL, 'Apartamenty Norwida', '2024-07-02 18:36:25', 1, NULL, NULL, ''),
(829, 26, 1, 'Witamy w Apartamentach Norwida 17', '<p>Cieszymy się, że możemy powitać Państwa w Apartamentach Norwida 17 &ndash; miejscu, gdzie nowoczesność spotyka się z komfortem. Nasze apartamenty zostały zaprojektowane z myślą o zapewnieniu Państwu najwyższego standardu pobytu, niezależnie od celu wizyty. Znajdujemy się w dogodnej lokalizacji, kt&oacute;ra umożliwia łatwy dostęp do gł&oacute;wnych atrakcji miasta, a jednocześnie oferuje ciszę i spok&oacute;j potrzebne do relaksu.</p>\r\n', '<p>Naszą misją jest zapewnienie gościom wyjątkowego doświadczenia podczas pobytu w naszych apartamentach. Dbamy o każdy szczeg&oacute;ł, aby Państwa pobyt był niezapomniany. Nasze nowocześnie urządzone apartamenty są wyposażone we wszystkie niezbędne udogodnienia, a nasz zesp&oacute;ł jest zawsze gotowy, aby służyć pomocą i spełniać Państwa potrzeby.</p>\r\n', NULL, NULL, NULL, NULL, '', NULL, 'Nasza Misja', '2024-07-02 18:41:19', 1, NULL, NULL, ''),
(831, 27, 1, 'Komfort i Nowoczesność', '<p>Apartamenty Norwida 17 to synonim komfortu i nowoczesności. Oferujemy r&oacute;żne standardy apartament&oacute;w, dostosowane do potrzeb naszych gości &ndash; od par i rodzin po osoby podr&oacute;żujące służbowo. Każdy apartament jest przestronny, funkcjonalny i stylowo urządzony, zapewniając idealne warunki do wypoczynku i pracy.</p>\r\n', '<p>Rozumiemy, jak ważne są zwierzęta domowe dla naszych gości. Dlatego też Apartamenty Norwida 17 są miejscem przyjaznym dla zwierząt. Zapewniamy komfortowy pobyt nie tylko dla Państwa, ale r&oacute;wnież dla Waszych czworonożnych przyjaci&oacute;ł. Pobyt zwierząt wiąże się z dodatkową opłatą, ale oferujemy wszelkie udogodnienia, aby Państwa zwierzęta czuły się jak w domu.</p>\r\n', NULL, NULL, NULL, NULL, '', NULL, 'Przyjazne dla Zwierząt', '2024-07-02 18:45:57', 1, NULL, NULL, ''),
(833, 13, 1, 'Space Apart', '\r\n\r\n<strong>Telefon kontaktowy:</strong>\r\n<ul>\r\n	<li><a href=\"tel:+48784084231\"><i class=\"icon-phone\">&nbsp;</i>+48 784 084 231</a></li>\r\n	<li><a href=\"mailto:\r\nrezerwacja@norwida17.pl\"><i class=\"icon-mail\">&nbsp;</i> rezerwacja@norwida17.pl</a></li>\r\n</ul>\r\n', '', NULL, NULL, NULL, NULL, '', NULL, 'Apartamenty w sercu Karkonoszy', '2024-07-02 18:52:26', 1, NULL, NULL, ''),
(836, 63, 1, 'Zlokalizowane są w sercu miast', 'Apartamenty Vittoria zlokalizowane są w sercu miasta, co pozwala na łatwy dostęp do najważniejszych punkt&oacute;w turystycznych, restauracji oraz centr&oacute;w biznesowych. Niezależnie od celu wizyty, nasza lokalizacja zapewnia dogodny dojazd oraz szeroki wachlarz możliwości spędzania wolnego czasu.&nbsp;Serdecznie zapraszamy do zapoznania się z naszą ofertą i rezerwacji pobytu w Apartamentach Vittoria.<br />\r\n<br />\r\nGwarantujemy najwyższy standard obsługi oraz komfort, kt&oacute;ry sprawi, że Państwa pobyt będzie wyjątkowy i niezapomniany.', '', NULL, NULL, NULL, NULL, '', NULL, '850m od morza!', '2024-07-02 21:19:20', 1, NULL, NULL, ''),
(837, 64, 1, 'Zobacz jak dojechać', '', '', NULL, NULL, NULL, NULL, '', NULL, 'Apartamenty Vittoria', '2024-07-02 21:20:03', 1, NULL, NULL, ''),
(838, 65, 1, 'Komfort i Nowoczesność oraz', '<p>Międzyzdroje to miejsce, które warto odwiedzić o każdej porze roku. Fantastyczny Woliński Park Narodowy, trasy rowerowe i inne atrakcje okolicy pozwalają na odpoczynek przez cały rok. Villa Vittoria i Norwida 17 to nowoczesne apartamenty o niebanalnej, nowoczesnej architekturze. Położone w centrum Międzyzdrojów, zaledwie 800m od morza. Właścicielem o0biektów jest rodzinna firma działająca na rynku od ponad 30 lat. Apartamenty w Villa Vittoria są klimatyzowane. Umiejscowione tu jest również Cafe Bistro Vittoria oferujące śniadania, kolacje, wyjątkowe autorskie ciastka i własnej produkcji lody. W Villa Vittoria mieści się również jest również gabinet masażu, który oferuje fantastyczne masaże wykonywane przez rodowite balijki.</p>', '', NULL, NULL, NULL, NULL, '', NULL, 'Pełne Wyposażenie', '2024-07-02 21:29:06', 1, NULL, NULL, '/o-nas-vittoria'),
(839, 66, 1, 'Opinie', '', '', NULL, NULL, NULL, NULL, '', NULL, 'Poznaj opinie naszych gości', '2024-07-02 21:29:55', 1, NULL, NULL, ''),
(845, 72, 1, '', '<strong>Telefon kontaktowy:</strong>\r\n<ul>\r\n	<li><a href=\"tel:+48784084216\"><i class=\"icon-phone\">&nbsp;</i>+48 784 084 216</a></li>\r\n	<li><a href=\"mailto:\r\nrezerwacja@villavittoria.pl\"><i class=\"icon-mail\">&nbsp;</i> rezerwacja@villavittoria.pl</a></li>\r\n</ul>\r\n', '', NULL, NULL, NULL, NULL, '', NULL, '', '2024-07-02 21:46:25', 1, NULL, NULL, ''),
(847, 73, 1, 'Test', '', '', NULL, NULL, NULL, NULL, '', NULL, '', '2024-07-02 21:48:44', 1, NULL, NULL, ''),
(851, 69, 1, 'Komfort i Nowoczesność', '<p>Apartamenty w Villa Vittoria to synonim komfortu i nowoczesności. Oferujemy r&oacute;żne standardy apartament&oacute;w, dostosowane do potrzeb naszych gości &ndash; od par i rodzin po osoby podr&oacute;żujące służbowo. Każdy apartament jest przestronny, funkcjonalny i stylowo urządzony, zapewniając idealne warunki do wypoczynku i pracy.</p>\r\n', '<p>Rozumiemy, jak ważne są zwierzęta domowe dla naszych gości. Dlatego też Apartamenty w Villa Vittoria są miejscem przyjaznym dla zwierząt. Zapewniamy komfortowy pobyt nie tylko dla Państwa, ale r&oacute;wnież dla Waszych czworonożnych przyjaci&oacute;ł. Pobyt zwierząt wiąże się z dodatkową opłatą, ale oferujemy wszelkie udogodnienia, aby Państwa zwierzęta czuły się jak w domu.</p>\r\n', NULL, NULL, NULL, NULL, '', NULL, 'Przyjazne dla Zwierząt', '2024-07-02 22:03:52', 1, NULL, NULL, ''),
(852, 68, 1, 'Witamy w Apartamentach Vittoria', '<p>Cieszymy się, że możemy powitać Państwa w Apartamentach w Villi Vittoria &ndash; miejscu, gdzie nowoczesność spotyka się z komfortem. Nasze apartamenty zostały zaprojektowane z myślą o zapewnieniu Państwu najwyższego standardu pobytu, niezależnie od celu wizyty. Znajdujemy się w dogodnej lokalizacji, kt&oacute;ra umożliwia łatwy dostęp do gł&oacute;wnych atrakcji miasta, a jednocześnie oferuje ciszę i spok&oacute;j potrzebne do relaksu.</p>\r\n', '<p>Naszą misją jest zapewnienie gościom wyjątkowego doświadczenia podczas pobytu w naszych apartamentach. Dbamy o każdy szczeg&oacute;ł, aby Państwa pobyt był niezapomniany. Nasze nowocześnie urządzone apartamenty są wyposażone we wszystkie niezbędne udogodnienia, a nasz zesp&oacute;ł jest zawsze gotowy, aby służyć pomocą i spełniać Państwa potrzeby.</p>\r\n', NULL, NULL, NULL, NULL, '', NULL, 'Nasza Misja', '2024-07-02 22:04:12', 1, NULL, NULL, ''),
(854, 71, 1, '', '<h3>Kontakt</h3>\r\n\r\n<ul>\r\n	<li><a href=\"tel:+48784084216\"><i class=\"icon-phone\">&nbsp;</i>+48 784 084 216</a></li>\r\n	<li><a href=\"mailto:\r\nrezerwacja@villavittoria.pl\"><i class=\"icon-mail\">&nbsp;</i> rezerwacja@villavittoria.pl</a></li>\r\n</ul>\r\n', '<h3>Ważne linki</h3>\r\n\r\n<ul>\r\n	<li><a href=\"/kontakt\">Kontakt</a></li>\r\n</ul>\r\n', NULL, NULL, NULL, NULL, '<h3>Social media</h3>\r\n\r\n<div class=\"socialfooter\"><a href=\"https://www.facebook.com/profile.php?id=100068726096602\" target=\"_blank\"><i class=\"icon-facebook\">&nbsp;</i></a></div>\r\n', NULL, '', '2024-07-02 22:09:38', 1, NULL, NULL, ''),
(856, 3, 1, 'Nasze apartamenty', '', '', NULL, NULL, NULL, NULL, '', NULL, 'Świetne apartamenty nad morzem', '2024-07-02 23:00:11', 1, NULL, NULL, ''),
(857, 61, 1, 'Wybierz apartament', '', '', NULL, NULL, NULL, NULL, '', NULL, '', '2024-07-02 23:00:21', 1, NULL, NULL, ''),
(858, 70, 1, 'Wybierz apartament', '', '', NULL, NULL, NULL, NULL, '', NULL, '', '2024-07-02 23:00:30', 1, NULL, NULL, ''),
(859, 62, 1, 'Nasze apartamenty', '', '', NULL, NULL, NULL, NULL, '', NULL, 'Świetne apartamenty nad morzem', '2024-07-02 23:00:45', 1, NULL, NULL, ''),
(861, 74, 1, 'Zobacz atrakcje w pobliżu', '', '', NULL, NULL, NULL, NULL, '', NULL, '', '2024-07-18 23:56:59', 1, NULL, NULL, ''),
(866, 75, 1, 'Cafe Bistro Vittoria', '<p>W kawiarni skosztujecie Państwo wyjątkowych lod&oacute;w robionych przez nas z wysokiej klasy produkt&oacute;w prosto z Włoch.</p>\r\n\r\n<p>Śniadania w godzinach<br />\r\n<b>7:30 - 12:00</b><br />\r\nKawiarnia<br />\r\n<b>10:00 - 21:00</b> <br />Kolacje<br />\r\n<b>17:00 - 21:00</b></p>\r\n', '', NULL, NULL, NULL, NULL, '', NULL, 'Oferujemy śniadania i kolacje w formie bufetu', '2024-07-21 15:57:04', 1, NULL, NULL, ''),
(867, 76, 1, 'Cafe Bistro Vittoria', 'położona w sercu miasta, która zachwyca gości swoim wyjątkowym klimatem i wyśmienitą kuchnią. Wnętrze lokalu łączy elegancję z przytulnością, tworząc idealne miejsce na spotkania z przyjaciółmi, romantyczną kolację czy rodzinny obiad. Menu Cafe Bistro Vittoria oferuje szeroki wybór dań inspirowanych kuchnią śródziemnomorską, w tym świeże sałatki, aromatyczne makarony, soczyste mięsa i wykwintne desery. Wszystkie potrawy przygotowywane są z najwyższej jakości składników, co gwarantuje niezapomniane doznania kulinarne. Dodatkowym atutem restauracji jest Cafe Bistro Vittoria to miejsce, gdzie pasja do gotowania łączy się z serdeczną atmosferą, sprawiając, że każdy gość czuje się wyjątkowo.', '', NULL, NULL, NULL, NULL, '', NULL, 'to urokliwa restauracja', '2024-07-21 16:01:04', 1, NULL, NULL, ''),
(870, 77, 1, 'Galeria ', '', '', NULL, NULL, NULL, NULL, '', NULL, 'kliknij by powiększyć', '2024-07-21 16:03:27', 1, NULL, NULL, ''),
(871, 78, 1, 'Norwid17', 'Jeżeli Twoje pytanie nie może czekać, to zapraszamy do kontaktu bezposerednio przez podany niżej numer telefonu.\r\n<a href=\"tel:+48 784 084 231\">+48 784 084 231</a>', '', NULL, NULL, NULL, NULL, '', NULL, 'Dziękujemy za wiadomość', '2024-07-26 06:22:49', 1, NULL, NULL, ''),
(872, 79, 1, 'Dziękujemy za wiadomość', 'Jeżeli Twoje pytanie nie może czekać, to zapraszamy do kontaktu bezposerednio przez podany niżej numer telefonu.\r\n<a href=\"tel:+48 784 084 216\">+48 784 084 216</a>', '', NULL, NULL, NULL, NULL, '', NULL, 'Odpowiemy tak szybko jak to możliwe.', '2024-07-26 06:26:25', 1, NULL, NULL, ''),
(873, 80, 1, 'Zobacz atrakcje w pobliżu', '', '', NULL, NULL, NULL, NULL, '', NULL, '', '2024-07-29 10:16:17', 1, NULL, NULL, ''),
(874, 16, 1, 'Zlokalizowane są w sercu miasta', 'Apartamenty Norwida zlokalizowane są w sercu miasta, co pozwala na łatwy dostęp do najważniejszych punkt&oacute;w turystycznych, restauracji oraz centr&oacute;w biznesowych. Niezależnie od celu wizyty, nasza lokalizacja zapewnia dogodny dojazd oraz szeroki wachlarz możliwości spędzania wolnego czasu.&nbsp;Serdecznie zapraszamy do zapoznania się z naszą ofertą i rezerwacji pobytu w Apartamentach Norwida.<br />\r\n<br />\r\nGwarantujemy najwyższy standard obsługi oraz komfort, kt&oacute;ry sprawi, że Państwa pobyt będzie wyjątkowy i niezapomniany.', '', NULL, NULL, NULL, NULL, '', NULL, '850m od morza!', '2024-11-18 11:11:02', 16, NULL, NULL, ''),
(904, 67, 1, 'Witamy w', 'Cieszymy się, że możemy powitać Państwa w Apartamentach w Villi Vittoria &ndash; miejscu, gdzie nowoczesność spotyka się z komfortem. Nasze apartamenty zostały zaprojektowane z myślą o zapewnieniu Państwu najwyższego standardu pobytu, niezależnie od celu wizyty. Znajdujemy się w dogodnej lokalizacji, kt&oacute;ra umożliwia łatwy dostęp do gł&oacute;wnych atrakcji miasta, a jednocześnie oferuje ciszę i spok&oacute;j potrzebne do relaksu.  <script src=\"https://ajax.googleapis.com/ajax/libs/jquery/3.2.1/jquery.min.js\"> </script><script type=\"text/javascript\" src=\"https://panel.hotres.pl/public/api/hotres_v4.js\"></script>\r\n<div id=\"hotresContainer\">&nbsp;</div>\r\n<script>window.addEventListener(\'load\', (event) => {createHotres({\"oid\":3994,\"lang\":\"pl\",\"action\":\"tickets\",\"noscroll\":\"1\"});});</script>', '', NULL, NULL, NULL, NULL, '', NULL, 'Villa Vittoria', '2024-11-26 09:41:55', 16, NULL, NULL, ''),
(923, 1, 1, 'Witamy w', 'Cieszymy się, że możemy powitać Państwa w Apartamentach Norwida 17 &ndash; miejscu, gdzie nowoczesność spotyka się z komfortem. Nasze apartamenty zostały zaprojektowane z myślą o zapewnieniu Państwu najwyższego standardu pobytu, niezależnie od celu wizyty. Znajdujemy się w dogodnej lokalizacji, kt&oacute;ra umożliwia łatwy dostęp do gł&oacute;wnych atrakcji miasta, a jednocześnie oferuje ciszę i spok&oacute;j potrzebne do relaksu.<script src=\"https://ajax.googleapis.com/ajax/libs/jquery/3.2.1/jquery.min.js\"> </script><script type=\"text/javascript\" src=\"https://panel.hotres.pl/public/api/hotres_v4.js\"></script><div id=\"hotresContainer\"></div><script>window.addEventListener(\'load\', (event) => {createHotres({\"oid\":3994,\"lang\":\"pl\",\"action\":\"tickets\",\"noscroll\":\"1\"});});</script>', '', NULL, NULL, NULL, NULL, '', NULL, 'Apartamentach Norwida', '2025-01-30 08:49:01', 16, NULL, NULL, '');

-- --------------------------------------------------------

--
-- Struktura tabeli dla tabeli `session`
--

CREATE TABLE `session` (
  `id` char(32) NOT NULL DEFAULT '',
  `modified` int(11) DEFAULT NULL,
  `lifetime` int(11) DEFAULT NULL,
  `data` text DEFAULT NULL
) ENGINE=MyISAM DEFAULT CHARSET=utf8mb3 COLLATE=utf8mb3_unicode_ci;

-- --------------------------------------------------------

--
-- Struktura tabeli dla tabeli `sponsors`
--

CREATE TABLE `sponsors` (
  `id` int(6) NOT NULL,
  `name` varchar(200) DEFAULT NULL,
  `niceurl` varchar(200) DEFAULT NULL,
  `www` varchar(200) DEFAULT NULL,
  `photo` varchar(120) DEFAULT NULL,
  `active` tinyint(1) DEFAULT NULL,
  `add_date` datetime DEFAULT NULL,
  `mod_date` tinyint(2) DEFAULT NULL,
  `priority` int(3) DEFAULT NULL,
  `home_page_check` tinyint(1) DEFAULT 0,
  `mod_by` int(11) NOT NULL,
  `add_by` int(11) NOT NULL
) ENGINE=InnoDB DEFAULT CHARSET=utf8mb3 COLLATE=utf8mb3_unicode_ci;

--
-- Dumping data for table `sponsors`
--

INSERT INTO `sponsors` (`id`, `name`, `niceurl`, `www`, `photo`, `active`, `add_date`, `mod_date`, `priority`, `home_page_check`, `mod_by`, `add_by`) VALUES
(1, 'sdfasdf', 'sdfasdf', 'asdfas', NULL, 1, '2016-12-29 13:35:18', NULL, NULL, 0, 0, 1);

-- --------------------------------------------------------

--
-- Struktura tabeli dla tabeli `treatments`
--

CREATE TABLE `treatments` (
  `id` int(6) NOT NULL,
  `priority` float DEFAULT NULL,
  `photo` varchar(300) CHARACTER SET utf8mb3 COLLATE utf8mb3_unicode_ci DEFAULT NULL,
  `photo_min` varchar(300) DEFAULT NULL,
  `featured` tinyint(1) DEFAULT 0,
  `id_categories` int(2) DEFAULT NULL,
  `send_date` datetime DEFAULT NULL,
  `send_by` int(3) DEFAULT NULL,
  `promote_from` date DEFAULT NULL,
  `promote_to` date DEFAULT NULL,
  `add_date` datetime DEFAULT NULL,
  `add_by` int(3) DEFAULT NULL,
  `mod_date` datetime DEFAULT NULL,
  `mod_by` int(3) DEFAULT NULL,
  `active` tinyint(1) UNSIGNED DEFAULT 1
) ENGINE=InnoDB DEFAULT CHARSET=utf8mb3 COLLATE=utf8mb3_general_ci;

-- --------------------------------------------------------

--
-- Struktura tabeli dla tabeli `treatments_desc`
--

CREATE TABLE `treatments_desc` (
  `id` int(8) NOT NULL,
  `id_treatments` int(6) DEFAULT 0,
  `id_lang` tinyint(2) DEFAULT NULL,
  `title` varchar(250) CHARACTER SET utf8mb3 COLLATE utf8mb3_unicode_ci DEFAULT NULL,
  `treatprice` int(11) DEFAULT NULL,
  `shortdesc` varchar(255) DEFAULT NULL,
  `description` text DEFAULT NULL,
  `advert` varchar(300) DEFAULT NULL,
  `niceurl` varchar(250) DEFAULT NULL,
  `visits` int(12) NOT NULL DEFAULT 0,
  `add_date` datetime DEFAULT NULL,
  `add_by` int(3) DEFAULT NULL,
  `mod_date` datetime DEFAULT NULL,
  `mod_by` int(3) DEFAULT NULL
) ENGINE=InnoDB DEFAULT CHARSET=utf8mb3 COLLATE=utf8mb3_general_ci;

-- --------------------------------------------------------

--
-- Struktura tabeli dla tabeli `treatments_options`
--

CREATE TABLE `treatments_options` (
  `id_treatments` int(6) DEFAULT NULL,
  `id_dict_item` int(6) DEFAULT NULL,
  `add_date` datetime DEFAULT NULL,
  `add_by` int(3) DEFAULT NULL,
  `mod_date` datetime DEFAULT NULL,
  `mod_by` int(3) DEFAULT NULL
) ENGINE=InnoDB DEFAULT CHARSET=utf8mb3 COLLATE=utf8mb3_general_ci;

-- --------------------------------------------------------

--
-- Struktura tabeli dla tabeli `users_groups`
--

CREATE TABLE `users_groups` (
  `id` int(2) NOT NULL,
  `role` varchar(20) DEFAULT NULL,
  `name` varchar(20) DEFAULT NULL,
  `add_date` datetime DEFAULT NULL,
  `add_by` int(3) DEFAULT NULL,
  `mod_date` datetime DEFAULT NULL,
  `mod_by` int(3) DEFAULT NULL,
  `active` tinyint(1) DEFAULT 1
) ENGINE=InnoDB DEFAULT CHARSET=utf8mb3 COLLATE=utf8mb3_unicode_ci;

--
-- Dumping data for table `users_groups`
--

INSERT INTO `users_groups` (`id`, `role`, `name`, `add_date`, `add_by`, `mod_date`, `mod_by`, `active`) VALUES
(2, 'admin', 'Admin', NULL, NULL, NULL, NULL, 1),
(7, 'user', 'User', '2015-09-22 13:43:29', 1, NULL, NULL, 1);

-- --------------------------------------------------------

--
-- Struktura tabeli dla tabeli `users_groups_rights`
--

CREATE TABLE `users_groups_rights` (
  `id` int(6) NOT NULL,
  `id_users_groups` int(2) DEFAULT NULL,
  `controller` varchar(80) DEFAULT NULL,
  `actions` varchar(300) DEFAULT NULL,
  `add_date` datetime DEFAULT NULL,
  `add_by` int(3) DEFAULT NULL,
  `mod_date` datetime DEFAULT NULL,
  `mod_by` int(3) DEFAULT NULL,
  `active` tinyint(1) DEFAULT 1
) ENGINE=InnoDB DEFAULT CHARSET=utf8mb3 COLLATE=utf8mb3_unicode_ci;



-- --------------------------------------------------------

--
-- Struktura tabeli dla tabeli `weather`
--

CREATE TABLE `weather` (
  `id` int(8) NOT NULL,
  `date` date DEFAULT NULL,
  `temperature` varchar(10) DEFAULT NULL,
  `humidity` varchar(10) DEFAULT NULL,
  `high` varchar(10) DEFAULT NULL,
  `low` varchar(10) DEFAULT NULL,
  `day_icon` varchar(50) DEFAULT NULL,
  `night_icon` varchar(50) DEFAULT NULL,
  `conditions` varchar(60) DEFAULT NULL,
  `day_description` varchar(300) DEFAULT NULL,
  `night_description` varchar(300) DEFAULT NULL,
  `maxwind` int(2) DEFAULT NULL,
  `add_date` datetime DEFAULT NULL,
  `add_by` int(3) DEFAULT NULL,
  `mod_date` datetime DEFAULT NULL,
  `mod_by` int(3) DEFAULT NULL,
  `active` tinyint(1) UNSIGNED DEFAULT 1
) ENGINE=InnoDB DEFAULT CHARSET=utf8mb3 COLLATE=utf8mb3_unicode_ci;

--
-- Indeksy dla tabeli `apartments_desc`
--
ALTER TABLE `apartments_desc`
  ADD PRIMARY KEY (`id`);

--
-- Indeksy dla tabeli `attractions`
--
ALTER TABLE `attractions`
  ADD PRIMARY KEY (`id`),
  ADD KEY `id_location_dict_id_active_idx` (`active`,`id`);

--
-- Indeksy dla tabeli `attractions_desc`
--
ALTER TABLE `attractions_desc`
  ADD PRIMARY KEY (`id`);

--
-- Indeksy dla tabeli `banners`
--
ALTER TABLE `banners`
  ADD PRIMARY KEY (`id`);

--
-- Indeksy dla tabeli `banners_lang`
--
ALTER TABLE `banners_lang`
  ADD KEY `baner_lang_idx` (`id_banners`,`id_lang`);

--
-- Indeksy dla tabeli `banners_position`
--
ALTER TABLE `banners_position`
  ADD KEY `baner_position_idx` (`id_banners`,`id_position`);

--
-- Indeksy dla tabeli `banners_stat`
--
ALTER TABLE `banners_stat`
  ADD PRIMARY KEY (`id`);

--
-- Indeksy dla tabeli `carousel`
--
ALTER TABLE `carousel`
  ADD PRIMARY KEY (`id`);

--
-- Indeksy dla tabeli `categories`
--
ALTER TABLE `categories`
  ADD PRIMARY KEY (`id`);

--
-- Indeksy dla tabeli `categories_desc`
--
ALTER TABLE `categories_desc`
  ADD PRIMARY KEY (`id`);

--
-- Indeksy dla tabeli `conference`
--
ALTER TABLE `conference`
  ADD PRIMARY KEY (`id`);

--
-- Indeksy dla tabeli `conference_desc`
--
ALTER TABLE `conference_desc`
  ADD PRIMARY KEY (`id`);

--
-- Indeksy dla tabeli `dict`
--
ALTER TABLE `dict`
  ADD PRIMARY KEY (`id`);

--
-- Indeksy dla tabeli `dict_items`
--
ALTER TABLE `dict_items`
  ADD PRIMARY KEY (`id`);

--
-- Indeksy dla tabeli `dict_items_desc`
--
ALTER TABLE `dict_items_desc`
  ADD PRIMARY KEY (`id`);

--
-- Indeksy dla tabeli `events`
--
ALTER TABLE `events`
  ADD PRIMARY KEY (`id`);

--
-- Indeksy dla tabeli `events_desc`
--
ALTER TABLE `events_desc`
  ADD PRIMARY KEY (`id`);

--
-- Indeksy dla tabeli `files`
--
ALTER TABLE `files`
  ADD PRIMARY KEY (`id`);

--
-- Indeksy dla tabeli `gallery`
--
ALTER TABLE `gallery`
  ADD PRIMARY KEY (`id`);

--
-- Indeksy dla tabeli `gallery_desc`
--
ALTER TABLE `gallery_desc`
  ADD PRIMARY KEY (`id`);

--
-- Indeksy dla tabeli `job`
--
ALTER TABLE `job`
  ADD PRIMARY KEY (`id`);

--
-- Indeksy dla tabeli `job_desc`
--
ALTER TABLE `job_desc`
  ADD PRIMARY KEY (`id`);

--
-- Indeksy dla tabeli `lang`
--
ALTER TABLE `lang`
  ADD PRIMARY KEY (`id`),
  ADD UNIQUE KEY `add_date` (`add_date`);

--
-- Indeksy dla tabeli `menu`
--
ALTER TABLE `menu`
  ADD PRIMARY KEY (`id`);

--
-- Indeksy dla tabeli `menu_items`
--
ALTER TABLE `menu_items`
  ADD PRIMARY KEY (`id`),
  ADD UNIQUE KEY `nice_unq` (`niceurl`);

--
-- Indeksy dla tabeli `news`
--
ALTER TABLE `news`
  ADD PRIMARY KEY (`id`);

--
-- Indeksy dla tabeli `newsletter`
--
ALTER TABLE `newsletter`
  ADD PRIMARY KEY (`id`);

--
-- Indeksy dla tabeli `newsletter_subscribers`
--
ALTER TABLE `newsletter_subscribers`
  ADD PRIMARY KEY (`id`),
  ADD UNIQUE KEY `email_unq` (`email`);

--
-- Indeksy dla tabeli `news_desc`
--
ALTER TABLE `news_desc`
  ADD PRIMARY KEY (`id`);

--
-- Indeksy dla tabeli `pages`
--
ALTER TABLE `pages`
  ADD PRIMARY KEY (`id`);

--
-- Indeksy dla tabeli `parameters`
--
ALTER TABLE `parameters`
  ADD PRIMARY KEY (`id`);

--
-- Indeksy dla tabeli `parameters_desc`
--
ALTER TABLE `parameters_desc`
  ADD PRIMARY KEY (`id`);

--
-- Indeksy dla tabeli `portfolio`
--
ALTER TABLE `portfolio`
  ADD PRIMARY KEY (`id`);

--
-- Indeksy dla tabeli `redirect`
--
ALTER TABLE `redirect`
  ADD PRIMARY KEY (`id`),
  ADD KEY `source_idx` (`source`);

--
-- Indeksy dla tabeli `section`
--
ALTER TABLE `section`
  ADD PRIMARY KEY (`id`);

--
-- Indeksy dla tabeli `section_desc`
--
ALTER TABLE `section_desc`
  ADD PRIMARY KEY (`id`);

--
-- Indeksy dla tabeli `session`
--
ALTER TABLE `session`
  ADD PRIMARY KEY (`id`);

--
-- Indeksy dla tabeli `sponsors`
--
ALTER TABLE `sponsors`
  ADD PRIMARY KEY (`id`);

--
-- Indeksy dla tabeli `treatments`
--
ALTER TABLE `treatments`
  ADD PRIMARY KEY (`id`);

--
-- Indeksy dla tabeli `treatments_desc`
--
ALTER TABLE `treatments_desc`
  ADD PRIMARY KEY (`id`);

--
-- Indeksy dla tabeli `users_groups`
--
ALTER TABLE `users_groups`
  ADD PRIMARY KEY (`id`);

--
-- Indeksy dla tabeli `users_groups_rights`
--
ALTER TABLE `users_groups_rights`
  ADD PRIMARY KEY (`id`);

--
-- Indeksy dla tabeli `weather`
--
ALTER TABLE `weather`
  ADD PRIMARY KEY (`id`),
  ADD KEY `date_active_idx` (`date`,`active`);

--
-- AUTO_INCREMENT for table `apartments_desc`
--
ALTER TABLE `apartments_desc`
  MODIFY `id` int(8) NOT NULL AUTO_INCREMENT, AUTO_INCREMENT=228;

--
-- AUTO_INCREMENT for table `attractions`
--
ALTER TABLE `attractions`
  MODIFY `id` int(6) NOT NULL AUTO_INCREMENT, AUTO_INCREMENT=17;

--
-- AUTO_INCREMENT for table `attractions_desc`
--
ALTER TABLE `attractions_desc`
  MODIFY `id` int(6) NOT NULL AUTO_INCREMENT, AUTO_INCREMENT=160;

--
-- AUTO_INCREMENT for table `banners`
--
ALTER TABLE `banners`
  MODIFY `id` int(3) NOT NULL AUTO_INCREMENT;

--
-- AUTO_INCREMENT for table `banners_stat`
--
ALTER TABLE `banners_stat`
  MODIFY `id` int(8) NOT NULL AUTO_INCREMENT;

--
-- AUTO_INCREMENT for table `carousel`
--
ALTER TABLE `carousel`
  MODIFY `id` int(4) NOT NULL AUTO_INCREMENT, AUTO_INCREMENT=119;

--
-- AUTO_INCREMENT for table `categories`
--
ALTER TABLE `categories`
  MODIFY `id` int(4) NOT NULL AUTO_INCREMENT;

--
-- AUTO_INCREMENT for table `categories_desc`
--
ALTER TABLE `categories_desc`
  MODIFY `id` int(6) NOT NULL AUTO_INCREMENT;

--
-- AUTO_INCREMENT for table `conference`
--
ALTER TABLE `conference`
  MODIFY `id` int(6) NOT NULL AUTO_INCREMENT, AUTO_INCREMENT=7;

--
-- AUTO_INCREMENT for table `conference_desc`
--
ALTER TABLE `conference_desc`
  MODIFY `id` int(6) NOT NULL AUTO_INCREMENT, AUTO_INCREMENT=121;

--
-- AUTO_INCREMENT for table `dict`
--
ALTER TABLE `dict`
  MODIFY `id` int(4) NOT NULL AUTO_INCREMENT, AUTO_INCREMENT=12;

--
-- AUTO_INCREMENT for table `dict_items`
--
ALTER TABLE `dict_items`
  MODIFY `id` int(6) NOT NULL AUTO_INCREMENT, AUTO_INCREMENT=90;

--
-- AUTO_INCREMENT for table `dict_items_desc`
--
ALTER TABLE `dict_items_desc`
  MODIFY `id` int(8) NOT NULL AUTO_INCREMENT, AUTO_INCREMENT=1259;

--
-- AUTO_INCREMENT for table `events`
--
ALTER TABLE `events`
  MODIFY `id` int(6) NOT NULL AUTO_INCREMENT;

--
-- AUTO_INCREMENT for table `events_desc`
--
ALTER TABLE `events_desc`
  MODIFY `id` int(8) NOT NULL AUTO_INCREMENT;

--
-- AUTO_INCREMENT for table `files`
--
ALTER TABLE `files`
  MODIFY `id` int(12) NOT NULL AUTO_INCREMENT, AUTO_INCREMENT=691;

--
-- AUTO_INCREMENT for table `gallery`
--
ALTER TABLE `gallery`
  MODIFY `id` int(6) NOT NULL AUTO_INCREMENT, AUTO_INCREMENT=11;

--
-- AUTO_INCREMENT for table `gallery_desc`
--
ALTER TABLE `gallery_desc`
  MODIFY `id` int(8) NOT NULL AUTO_INCREMENT, AUTO_INCREMENT=56;

--
-- AUTO_INCREMENT for table `job`
--
ALTER TABLE `job`
  MODIFY `id` int(6) NOT NULL AUTO_INCREMENT, AUTO_INCREMENT=24;

--
-- AUTO_INCREMENT for table `job_desc`
--
ALTER TABLE `job_desc`
  MODIFY `id` int(8) NOT NULL AUTO_INCREMENT, AUTO_INCREMENT=314;

--
-- AUTO_INCREMENT for table `lang`
--
ALTER TABLE `lang`
  MODIFY `id` int(2) NOT NULL AUTO_INCREMENT, AUTO_INCREMENT=20;

--
-- AUTO_INCREMENT for table `menu`
--
ALTER TABLE `menu`
  MODIFY `id` int(4) NOT NULL AUTO_INCREMENT, AUTO_INCREMENT=14;

--
-- AUTO_INCREMENT for table `menu_items`
--
ALTER TABLE `menu_items`
  MODIFY `id` int(4) NOT NULL AUTO_INCREMENT, AUTO_INCREMENT=964;

--
-- AUTO_INCREMENT for table `news`
--
ALTER TABLE `news`
  MODIFY `id` int(6) NOT NULL AUTO_INCREMENT, AUTO_INCREMENT=87;

--
-- AUTO_INCREMENT for table `newsletter`
--
ALTER TABLE `newsletter`
  MODIFY `id` int(4) NOT NULL AUTO_INCREMENT;

--
-- AUTO_INCREMENT for table `newsletter_subscribers`
--
ALTER TABLE `newsletter_subscribers`
  MODIFY `id` int(4) NOT NULL AUTO_INCREMENT;

--
-- AUTO_INCREMENT for table `news_desc`
--
ALTER TABLE `news_desc`
  MODIFY `id` int(8) NOT NULL AUTO_INCREMENT, AUTO_INCREMENT=398;

--
-- AUTO_INCREMENT for table `pages`
--
ALTER TABLE `pages`
  MODIFY `id` int(4) NOT NULL AUTO_INCREMENT, AUTO_INCREMENT=80;

--
-- AUTO_INCREMENT for table `parameters`
--
ALTER TABLE `parameters`
  MODIFY `id` int(4) NOT NULL AUTO_INCREMENT, AUTO_INCREMENT=222;

--
-- AUTO_INCREMENT for table `parameters_desc`
--
ALTER TABLE `parameters_desc`
  MODIFY `id` int(4) NOT NULL AUTO_INCREMENT, AUTO_INCREMENT=5429;

--
-- AUTO_INCREMENT for table `portfolio`
--
ALTER TABLE `portfolio`
  MODIFY `id` int(4) NOT NULL AUTO_INCREMENT;

--
-- AUTO_INCREMENT for table `redirect`
--
ALTER TABLE `redirect`
  MODIFY `id` int(6) NOT NULL AUTO_INCREMENT, AUTO_INCREMENT=164;

--
-- AUTO_INCREMENT for table `section`
--
ALTER TABLE `section`
  MODIFY `id` int(4) NOT NULL AUTO_INCREMENT, AUTO_INCREMENT=83;

--
-- AUTO_INCREMENT for table `section_desc`
--
ALTER TABLE `section_desc`
  MODIFY `id` int(8) NOT NULL AUTO_INCREMENT, AUTO_INCREMENT=924;

--
-- AUTO_INCREMENT for table `sponsors`
--
ALTER TABLE `sponsors`
  MODIFY `id` int(6) NOT NULL AUTO_INCREMENT, AUTO_INCREMENT=2;

--
-- AUTO_INCREMENT for table `treatments`
--
ALTER TABLE `treatments`
  MODIFY `id` int(6) NOT NULL AUTO_INCREMENT, AUTO_INCREMENT=129;

--
-- AUTO_INCREMENT for table `treatments_desc`
--
ALTER TABLE `treatments_desc`
  MODIFY `id` int(8) NOT NULL AUTO_INCREMENT, AUTO_INCREMENT=1453;

--
-- AUTO_INCREMENT for table `users_groups`
--
ALTER TABLE `users_groups`
  MODIFY `id` int(2) NOT NULL AUTO_INCREMENT, AUTO_INCREMENT=8;

--
-- AUTO_INCREMENT for table `users_groups_rights`
--
ALTER TABLE `users_groups_rights`
  MODIFY `id` int(6) NOT NULL AUTO_INCREMENT, AUTO_INCREMENT=2653;

--
-- AUTO_INCREMENT for table `weather`
--
ALTER TABLE `weather`
  MODIFY `id` int(8) NOT NULL AUTO_INCREMENT;
COMMIT;

